{"id":5471,"date":"2025-09-09T14:33:17","date_gmt":"2025-09-09T12:33:17","guid":{"rendered":"https:\/\/www.teatrecondal.cat\/espacio-educativo-2\/"},"modified":"2025-09-09T14:33:17","modified_gmt":"2025-09-09T12:33:17","slug":"espacio-educativo-2","status":"publish","type":"page","link":"https:\/\/www.teatrecondal.cat\/es\/espacio-educativo-2\/","title":{"rendered":"Espacio Educativo"},"content":{"rendered":"\n<div class=\"wp-block-group page-header header-basic is-vertical is-layout-flex wp-container-core-group-is-layout-fe9cc265 wp-block-group-is-layout-flex\"><h2 style=\"text-transform:uppercase;\" class=\"wp-block-post-title has-xx-large-fluid-font-size\">Espacio Educativo<\/h2><\/div>\n\n<div class=\"wp-block-columns block-section is-layout-flex wp-container-core-columns-is-layout-28f84493 wp-block-columns-is-layout-flex\">\n<div class=\"wp-block-column is-layout-flow wp-block-column-is-layout-flow\">\n<div class=\"wp-block-group is-vertical is-layout-flex wp-container-core-group-is-layout-fe9cc265 wp-block-group-is-layout-flex\">\n<h2 class=\"wp-block-heading has-large-font-size\"><strong>ESCUELAS, \u00a1VENDA EL TEATRO, OS ACOMPA\u00d1AMOS!<\/strong><\/h2>\n<\/div>\n<\/div>\n\n\n\n<div class=\"wp-block-column is-layout-flow wp-block-column-is-layout-flow\">\n<p>La programaci\u00f3n para centros educativos para ni\u00f1os y j\u00f3venes de 0 a 12 a\u00f1os durante el curso 2025-2026 del Teatro Goya, Teatro Romea y Teatro Condal, se enmarca en la 22\u00aa edici\u00f3n del programa \u201cVive el Teatro con la escuela\u201d. Una programaci\u00f3n de espect\u00e1culos y actividades art\u00edsticas que buscan aportar valores pedag\u00f3gicos de cada propuesta con el objetivo de generar curiosidad y motivar el debate y la reflexi\u00f3n.<\/p>\n<\/div>\n\n\n\n<div class=\"wp-block-column is-layout-flow wp-block-column-is-layout-flow\">\n<p>Los 10 espect\u00e1culos y las 3 actividades programadas disponen de un dossier pedag\u00f3gico como gu\u00eda para preparar y disfrutar de la experiencia, al tiempo que introducen el mundo esc\u00e9nico y sus peculiaridades.<\/p>\n\n\n\n<p>Hablamos, pensamos, mir\u00e9monos, cuid\u00e9monos y seguimos trabajando por la igualdad de oportunidades en un mundo diverso y en constante cambio.<\/p>\n<\/div>\n<\/div>\n\n<div class=\"wp-block-group block-section is-layout-constrained wp-block-group-is-layout-constrained\">\n<h2 class=\"wp-block-heading has-large-font-size\"><strong>ESPECT\u00c1CULOS CON FUNCIONES ESCOLARES EN EL TEATRO GOYA. CURSO 2025-2026:<\/strong><\/h2>\n\n\n\n<div class=\"wp-block-columns block-section__content is-layout-flex wp-container-core-columns-is-layout-28f84493 wp-block-columns-is-layout-flex\">\n<div class=\"wp-block-column is-layout-flow wp-block-column-is-layout-flow\">\n<div class=\"wp-block-group is-layout-constrained wp-block-group-is-layout-constrained\">\n<div class=\"wp-block-group is-vertical is-layout-flex wp-container-core-group-is-layout-fe9cc265 wp-block-group-is-layout-flex\">\n<h4 class=\"wp-block-heading\" style=\"text-transform:uppercase\">Matam\u00e8gia<\/h4>\n\n\n\n<p>11 y 12 de noviembre de 2025<\/p>\n\n\n\n<h4 class=\"wp-block-heading\" style=\"text-transform:uppercase\">Almazuela<\/h4>\n\n\n\n<p>29 y 30 de abril de 2026<\/p>\n<\/div>\n<\/div>\n<\/div>\n\n\n\n<div class=\"wp-block-column is-layout-flow wp-block-column-is-layout-flow\">\n<p>Consulta la programaci\u00f3n escolar para infantil y primaria VIVE EL TEATRO CON LA ESCUELA (Teatro Romea, Teatro Goya y Teatro Condal): <a href=\"https:\/\/viuelteatre.com\/ca\/programacio-escolar\/\" target=\"_blank\" rel=\"noreferrer noopener\">https:\/\/vi<\/a><\/p>\n\n\n\n<p>Consulta la programaci\u00f3n escolar para secundaria COOLTIVADO (Teatro Condal, Teatro Goya, Teatro Romea y La Villarroel): \u00a0<br\/><a href=\"https:\/\/ad.focus.cat\/cooltivat\/\" target=\"_blank\" rel=\"noreferrer noopener\">https:\/\/ad.focus.<\/a><\/p>\n\n\n\n<p>Consultas y reservas: TLF 93 432 43 69 \/ Correo <a href=\"mailto:servicioeducativo@viuelteatre.com\" target=\"_blank\" rel=\"noreferrer noopener\">servicioeducativo@viuelteatre.com<\/a> \/\u00a0 <a href=\"blam rel=\" noreferrer=\"\" noopener=\"\">cooltivat@promentrada.com<\/a><\/p>\n<\/div>\n<\/div>\n<\/div>\n","protected":false},"excerpt":{"rendered":"<p>ESCUELAS, \u00a1VENDA EL TEATRO, OS ACOMPA\u00d1AMOS! La programaci\u00f3n para centros educativos para ni\u00f1os y j\u00f3venes de 0 a 12 a\u00f1os durante el curso 2025-2026 del Teatro Goya, Teatro Romea y Teatro Condal, se enmarca en la 22\u00aa edici\u00f3n del programa \u201cVive el Teatro con la escuela\u201d. Una programaci\u00f3n de espect\u00e1culos y actividades art\u00edsticas que buscan<a class=\"excerpt-read-more\" href=\"https:\/\/www.teatrecondal.cat\/es\/espacio-educativo-2\/\" title=\"ReadEspacio Educativo\"> &#8230; Leer m\u00e1s<\/a><\/p>\n","protected":false},"author":3,"featured_media":0,"parent":0,"menu_order":0,"comment_status":"closed","ping_status":"closed","template":"","meta":{"_acf_changed":false,"footnotes":""},"class_list":["post-5471","page","type-page","status-publish","hentry"],"acf":{"page_description":""},"yoast_head":"<!-- This site is optimized with the Yoast SEO plugin v27.5 - https:\/\/yoast.com\/product\/yoast-seo-wordpress\/ -->\n<title>Espacio Educativo - Teatre Condal<\/title>\n<meta name=\"robots\" content=\"index, follow, max-snippet:-1, max-image-preview:large, max-video-preview:-1\" \/>\n<link rel=\"canonical\" href=\"https:\/\/www.teatrecondal.cat\/es\/espacio-educativo-2\/\" \/>\n<meta name=\"twitter:label1\" content=\"Tiempo de lectura\" \/>\n\t<meta name=\"twitter:data1\" content=\"1 minuto\" \/>\n<script type=\"application\/ld+json\" class=\"yoast-schema-graph\">{\"@context\":\"https:\\\/\\\/schema.org\",\"@graph\":[{\"@type\":\"WebPage\",\"@id\":\"https:\\\/\\\/www.teatrecondal.cat\\\/es\\\/espacio-educativo-2\\\/\",\"url\":\"https:\\\/\\\/www.teatrecondal.cat\\\/es\\\/espacio-educativo-2\\\/\",\"name\":\"Espacio Educativo - Teatre Condal\",\"isPartOf\":{\"@id\":\"https:\\\/\\\/www.teatrecondal.cat\\\/es\\\/#website\"},\"datePublished\":\"2025-09-09T12:33:17+00:00\",\"breadcrumb\":{\"@id\":\"https:\\\/\\\/www.teatrecondal.cat\\\/es\\\/espacio-educativo-2\\\/#breadcrumb\"},\"inLanguage\":\"es\",\"potentialAction\":[{\"@type\":\"ReadAction\",\"target\":[\"https:\\\/\\\/www.teatrecondal.cat\\\/es\\\/espacio-educativo-2\\\/\"]}]},{\"@type\":\"BreadcrumbList\",\"@id\":\"https:\\\/\\\/www.teatrecondal.cat\\\/es\\\/espacio-educativo-2\\\/#breadcrumb\",\"itemListElement\":[{\"@type\":\"ListItem\",\"position\":1,\"name\":\"Inici\",\"item\":\"https:\\\/\\\/www.teatrecondal.cat\\\/es\\\/\"},{\"@type\":\"ListItem\",\"position\":2,\"name\":\"Espacio Educativo\"}]},{\"@type\":\"WebSite\",\"@id\":\"https:\\\/\\\/www.teatrecondal.cat\\\/es\\\/#website\",\"url\":\"https:\\\/\\\/www.teatrecondal.cat\\\/es\\\/\",\"name\":\"Teatre Condal\",\"description\":\"\",\"publisher\":{\"@id\":\"https:\\\/\\\/www.teatrecondal.cat\\\/es\\\/#organization\"},\"potentialAction\":[{\"@type\":\"SearchAction\",\"target\":{\"@type\":\"EntryPoint\",\"urlTemplate\":\"https:\\\/\\\/www.teatrecondal.cat\\\/es\\\/?s={search_term_string}\"},\"query-input\":{\"@type\":\"PropertyValueSpecification\",\"valueRequired\":true,\"valueName\":\"search_term_string\"}}],\"inLanguage\":\"es\"},{\"@type\":\"Organization\",\"@id\":\"https:\\\/\\\/www.teatrecondal.cat\\\/es\\\/#organization\",\"name\":\"Teatre Condal\",\"url\":\"https:\\\/\\\/www.teatrecondal.cat\\\/es\\\/\",\"logo\":{\"@type\":\"ImageObject\",\"inLanguage\":\"es\",\"@id\":\"https:\\\/\\\/www.teatrecondal.cat\\\/es\\\/#\\\/schema\\\/logo\\\/image\\\/\",\"url\":\"https:\\\/\\\/www.teatrecondal.cat\\\/wp-content\\\/uploads\\\/sites\\\/3\\\/2017\\\/09\\\/teatre-condal-logo.svg\",\"contentUrl\":\"https:\\\/\\\/www.teatrecondal.cat\\\/wp-content\\\/uploads\\\/sites\\\/3\\\/2017\\\/09\\\/teatre-condal-logo.svg\",\"width\":1,\"height\":1,\"caption\":\"Teatre Condal\"},\"image\":{\"@id\":\"https:\\\/\\\/www.teatrecondal.cat\\\/es\\\/#\\\/schema\\\/logo\\\/image\\\/\"},\"sameAs\":[\"http:\\\/\\\/www.facebook.com\\\/TeatreCondal\",\"https:\\\/\\\/x.com\\\/Teatre_Condal\",\"http:\\\/\\\/instagram.com\\\/teatre_condal\",\"http:\\\/\\\/www.youtube.com\\\/user\\\/TeatreCondal\"]}]}<\/script>\n<!-- \/ Yoast SEO plugin. -->","yoast_head_json":{"title":"Espacio Educativo - Teatre Condal","robots":{"index":"index","follow":"follow","max-snippet":"max-snippet:-1","max-image-preview":"max-image-preview:large","max-video-preview":"max-video-preview:-1"},"canonical":"https:\/\/www.teatrecondal.cat\/es\/espacio-educativo-2\/","twitter_misc":{"Tiempo de lectura":"1 minuto"},"schema":{"@context":"https:\/\/schema.org","@graph":[{"@type":"WebPage","@id":"https:\/\/www.teatrecondal.cat\/es\/espacio-educativo-2\/","url":"https:\/\/www.teatrecondal.cat\/es\/espacio-educativo-2\/","name":"Espacio Educativo - Teatre Condal","isPartOf":{"@id":"https:\/\/www.teatrecondal.cat\/es\/#website"},"datePublished":"2025-09-09T12:33:17+00:00","breadcrumb":{"@id":"https:\/\/www.teatrecondal.cat\/es\/espacio-educativo-2\/#breadcrumb"},"inLanguage":"es","potentialAction":[{"@type":"ReadAction","target":["https:\/\/www.teatrecondal.cat\/es\/espacio-educativo-2\/"]}]},{"@type":"BreadcrumbList","@id":"https:\/\/www.teatrecondal.cat\/es\/espacio-educativo-2\/#breadcrumb","itemListElement":[{"@type":"ListItem","position":1,"name":"Inici","item":"https:\/\/www.teatrecondal.cat\/es\/"},{"@type":"ListItem","position":2,"name":"Espacio Educativo"}]},{"@type":"WebSite","@id":"https:\/\/www.teatrecondal.cat\/es\/#website","url":"https:\/\/www.teatrecondal.cat\/es\/","name":"Teatre Condal","description":"","publisher":{"@id":"https:\/\/www.teatrecondal.cat\/es\/#organization"},"potentialAction":[{"@type":"SearchAction","target":{"@type":"EntryPoint","urlTemplate":"https:\/\/www.teatrecondal.cat\/es\/?s={search_term_string}"},"query-input":{"@type":"PropertyValueSpecification","valueRequired":true,"valueName":"search_term_string"}}],"inLanguage":"es"},{"@type":"Organization","@id":"https:\/\/www.teatrecondal.cat\/es\/#organization","name":"Teatre Condal","url":"https:\/\/www.teatrecondal.cat\/es\/","logo":{"@type":"ImageObject","inLanguage":"es","@id":"https:\/\/www.teatrecondal.cat\/es\/#\/schema\/logo\/image\/","url":"https:\/\/www.teatrecondal.cat\/wp-content\/uploads\/sites\/3\/2017\/09\/teatre-condal-logo.svg","contentUrl":"https:\/\/www.teatrecondal.cat\/wp-content\/uploads\/sites\/3\/2017\/09\/teatre-condal-logo.svg","width":1,"height":1,"caption":"Teatre Condal"},"image":{"@id":"https:\/\/www.teatrecondal.cat\/es\/#\/schema\/logo\/image\/"},"sameAs":["http:\/\/www.facebook.com\/TeatreCondal","https:\/\/x.com\/Teatre_Condal","http:\/\/instagram.com\/teatre_condal","http:\/\/www.youtube.com\/user\/TeatreCondal"]}]}},"_links":{"self":[{"href":"https:\/\/www.teatrecondal.cat\/es\/wp-json\/wp\/v2\/pages\/5471","targetHints":{"allow":["GET"]}}],"collection":[{"href":"https:\/\/www.teatrecondal.cat\/es\/wp-json\/wp\/v2\/pages"}],"about":[{"href":"https:\/\/www.teatrecondal.cat\/es\/wp-json\/wp\/v2\/types\/page"}],"author":[{"embeddable":true,"href":"https:\/\/www.teatrecondal.cat\/es\/wp-json\/wp\/v2\/users\/3"}],"replies":[{"embeddable":true,"href":"https:\/\/www.teatrecondal.cat\/es\/wp-json\/wp\/v2\/comments?post=5471"}],"version-history":[{"count":0,"href":"https:\/\/www.teatrecondal.cat\/es\/wp-json\/wp\/v2\/pages\/5471\/revisions"}],"wp:attachment":[{"href":"https:\/\/www.teatrecondal.cat\/es\/wp-json\/wp\/v2\/media?parent=5471"}],"curies":[{"name":"wp","href":"https:\/\/api.w.org\/{rel}","templated":true}]}}

<div class="wp-block-group page-header header-basic is-vertical is-layout-flex wp-container-core-group-is-layout-fe9cc265 wp-block-group-is-layout-flex"><h2 style="text-transform:uppercase;" class="wp-block-post-title has-xx-large-fluid-font-size">Espacio Educativo</h2></div>

<div class="wp-block-columns block-section is-layout-flex wp-container-core-columns-is-layout-28f84493 wp-block-columns-is-layout-flex">
<div class="wp-block-column is-layout-flow wp-block-column-is-layout-flow">
<div class="wp-block-group is-vertical is-layout-flex wp-container-core-group-is-layout-fe9cc265 wp-block-group-is-layout-flex">
<h2 class="wp-block-heading has-large-font-size"><strong>ESCUELAS, ¡VENDA EL TEATRO, OS ACOMPAÑAMOS!</strong></h2>
</div>
</div>



<div class="wp-block-column is-layout-flow wp-block-column-is-layout-flow">
<p>La programación para centros educativos para niños y jóvenes de 0 a 12 años durante el curso 2025-2026 del Teatro Goya, Teatro Romea y Teatro Condal, se enmarca en la 22ª edición del programa “Vive el Teatro con la escuela”. Una programación de espectáculos y actividades artísticas que buscan aportar valores pedagógicos de cada propuesta con el objetivo de generar curiosidad y motivar el debate y la reflexión.</p>
</div>



<div class="wp-block-column is-layout-flow wp-block-column-is-layout-flow">
<p>Los 10 espectáculos y las 3 actividades programadas disponen de un dossier pedagógico como guía para preparar y disfrutar de la experiencia, al tiempo que introducen el mundo escénico y sus peculiaridades.</p>



<p>Hablamos, pensamos, mirémonos, cuidémonos y seguimos trabajando por la igualdad de oportunidades en un mundo diverso y en constante cambio.</p>
</div>
</div>

<div class="wp-block-group block-section is-layout-constrained wp-block-group-is-layout-constrained">
<h2 class="wp-block-heading has-large-font-size"><strong>ESPECTÁCULOS CON FUNCIONES ESCOLARES EN EL TEATRO GOYA. CURSO 2025-2026:</strong></h2>



<div class="wp-block-columns block-section__content is-layout-flex wp-container-core-columns-is-layout-28f84493 wp-block-columns-is-layout-flex">
<div class="wp-block-column is-layout-flow wp-block-column-is-layout-flow">
<div class="wp-block-group is-layout-constrained wp-block-group-is-layout-constrained">
<div class="wp-block-group is-vertical is-layout-flex wp-container-core-group-is-layout-fe9cc265 wp-block-group-is-layout-flex">
<h4 class="wp-block-heading" style="text-transform:uppercase">Matamègia</h4>



<p>11 y 12 de noviembre de 2025</p>



<h4 class="wp-block-heading" style="text-transform:uppercase">Almazuela</h4>



<p>29 y 30 de abril de 2026</p>
</div>
</div>
</div>



<div class="wp-block-column is-layout-flow wp-block-column-is-layout-flow">
<p>Consulta la programación escolar para infantil y primaria VIVE EL TEATRO CON LA ESCUELA (Teatro Romea, Teatro Goya y Teatro Condal): <a href="https://viuelteatre.com/ca/programacio-escolar/" target="_blank" rel="noreferrer noopener">https://vi</a></p>



<p>Consulta la programación escolar para secundaria COOLTIVADO (Teatro Condal, Teatro Goya, Teatro Romea y La Villarroel):  <br/><a href="https://ad.focus.cat/cooltivat/" target="_blank" rel="noreferrer noopener">https://ad.focus.</a></p>



<p>Consultas y reservas: TLF 93 432 43 69 / Correo <a href="mailto:servicioeducativo@viuelteatre.com" target="_blank" rel="noreferrer noopener">servicioeducativo@viuelteatre.com</a> /  <a href="blam rel=" noreferrer="" noopener="">cooltivat@promentrada.com</a></p>
</div>
</div>
</div>

<p>ESCUELAS, ¡VENDA EL TEATRO, OS ACOMPAÑAMOS! La programación para centros educativos para niños y jóvenes de 0 a 12 años durante el curso 2025-2026 del Teatro Goya, Teatro Romea y Teatro Condal, se enmarca en la 22ª edición del programa “Vive el Teatro con la escuela”. Una programación de espectáculos y actividades artísticas que buscan<a class="excerpt-read-more" href="https://www.teatrecondal.cat/es/espacio-educativo-2/" title="ReadEspacio Educativo"> &#8230; Leer más</a></p>
