{"id":5760,"date":"2026-09-03T15:39:37","date_gmt":"2026-09-03T13:39:37","guid":{"rendered":"https:\/\/www.teatrecondal.cat\/ex\/las-13\/"},"modified":"2026-09-03T15:39:37","modified_gmt":"2026-09-03T13:39:37","slug":"las-13","status":"publish","type":"ex","link":"https:\/\/www.teatrecondal.cat\/es\/ex\/las-13\/","title":{"rendered":"LAS 13"},"content":{"rendered":"","protected":false},"excerpt":{"rendered":"","protected":false},"author":2,"featured_media":0,"comment_status":"closed","ping_status":"closed","template":"","class_list":["post-5760","ex","type-ex","status-publish","hentry","season-2026-27"],"acf":{"txt_synopsis":"<p class=\"ql-align-justify\" align=\"justify\"><strong>Las quisieron borrar de la historia. Es hora de recordarlas.<\/strong> <\/p><p class=\"ql-align-justify\" align=\"justify\"> <\/p><p class=\"ql-align-justify\" align=\"justify\">La desmemoria ha sido y sigue siendo la asignatura pendiente de Espa\u00f1a, con miles de fosas comunes todav\u00eda por abrir y legados de falsos h\u00e9roes aclamados con nombres de calles, grandes monumentos y estatuas. Todas ellas, las trece, son el punto de partida que inspira esta historia ficcionada para recordar a todas las milicianas que cogieron el fusil para luchar contra el fascismo y la opresi\u00f3n. un espect\u00e1culo a caballo entre el teatro documental y el musical que explora, con lenguaje multidisciplinar, la dureza de quienes vivieron aquellos a\u00f1os grises llenos de miseria, i que siempre han pedido perd\u00f3n porque: <em>esta guerra no tendr\u00edamos que haberla perdido.<\/em> <\/p><p class=\"ql-align-justify\" align=\"justify\"><em>\u201cQue nuestro nombre no se borre de la historia\u201d. <\/em>J\u00falia Conesa <\/p>","main_buy_link":"https:\/\/tickets.oneboxtds.com\/teatrecondal\/events\/58654?hl=es-ES","main_buy_links":"[\"https:\/\/tickets.oneboxtds.com\/teatrecondal\/events\/58654?hl=es-ES\"]","group_buy_link":"https:\/\/www.promentrada.com\/es\/programacion\/c\/2166-las-trece-grupos.html","show_language":"Espect\u00e1culo en Catal\u00e1n \/ Castellano","show_duration":"90","show_start_date":"20270419000000","show_end_date":"20270419000000","show_sort_date":"20270419000000","txt_custom_show_dates":"","show_disciplines":"6","show_ultimes_funcions":false,"hide_tarifes_especials":false,"show_properament":false,"txt_additional_info":"<p>Recomendado a partir de <strong>12 a\u00f1os<\/strong> <\/p>","txt_present":"","show_season":[100],"txt_season":"[\"2026\/27\"]","txt_cycle":"En Paral\u00b7lel","txt_claim":"<p><strong>Las quisieron borrar de la historia. Es hora de recordarlas.<\/strong> <\/p>","txt_cast_excerpt":"","txt_cast":"<p>Direcci\u00f3n, dramaturgia, espacio, y luces: <strong>Jaume Vi\u00f1as<\/strong> <\/p><p>Direcci\u00f3n musical y arreglos: <strong>Cisco Cruz<\/strong> <\/p><p> <\/p><p>Coreograf\u00eda: <strong>Beatriz Macias<\/strong> <\/p><p> <\/p><p>Vestuario: <strong>Laura Gran\u00e9 y Cia. Las Trece<\/strong> <\/p><p>Grabaci\u00f3n tema musical: <strong>Cisco Cruz, Uri Plana y Roger Argem\u00ed<\/strong> <\/p><p> <\/p><p>Int\u00e9rpretes: <\/p><p><strong>Ingrid Aceituno*<\/strong> Blanca Brisac <\/p><p><strong>Cl\u00e0udia Bargall\u00f3<\/strong> Luisa Rodr\u00edguez <\/p><p><strong>Martina Bigas<\/strong> Vict\u00f2ria Mu\u00f1oz <\/p><p><strong>Meritxell Boix<\/strong> Ana L\u00f3pez <br><strong>Laura Galera*<\/strong> Antonia Torre <br><strong>Laia G\u00f3mez*<\/strong> J\u00falia Conesa <br><strong>Laura Gran\u00e9<\/strong> Adelina Garc\u00eda <br><strong>Mar\u00eda Jim\u00e9nez<\/strong> Carmen Barrero <br><strong>Ares Lara<\/strong> Virtudes Gonz\u00e1lez <br><strong>Aina Machuca<\/strong> Elena Gil <br><strong>Jordi P\u00e9rez<\/strong> Sargento Pascal \/ Vicente <br><strong>Claudia Qui\u00f1ones<\/strong> Joaquina L\u00f3pez<br><strong>Ona Rocosa<\/strong> Martina Barroso<br><strong>H\u00e9ctor Valenzuela*   <\/strong>Esteban <br><strong>X\u00e8nia Vall-llosada<\/strong> Dionisia Manzanero <br><strong>Daniel Vel\u00e1zquez Pepe <br>Rita Vidal<\/strong> Pilar Bueno <\/p><p> <\/p><p> <\/p><p> <\/p><p> <\/p><p>Asesoramineto de movimiento: <strong>Beatriz Macias<\/strong> <\/p><p>Jefe t\u00e9cnico del teatro: <strong>Aleix Arbon\u00e8s<\/strong> <\/p><p>T\u00e9cnico del teatro: <strong>V\u00edctor Bartolom\u00e9<\/strong> <\/p><p> <\/p><p> <\/p><p>Marketing y comunicaci\u00f3n: <strong>Focus<\/strong> <\/p><p> <\/p><p>Administraci\u00f3n EM+P: <strong>Nadina Camp\u00e0s<\/strong> <\/p>","txt_reviews":"","hashtag":"Las13","have_promo":"","slogan":"","id_exhibicio":2430,"id_versio":1892,"id_local":3,"txt_seo_desc":" trece al teatre condal de barcelona","data_images":"[{\"localizer\":\"V4CARTELL\",\"url\":\"media\/ver\/cartell\/v4\/2026\/09\/0f199b04-cc0e-48d2-918c-c9109b71de70.jpg\",\"thumb_url\":\"media\/ver\/cartell\/v4\/2026\/09\/39ca1da5-44fc-4abe-bfdf-24c7744ee738.jpg\",\"title\":\"Las trece - Teatre Condal\",\"description\":\"<p>las&nbsp;trece&nbsp;al&nbsp;teatre&nbsp;condal<\/p>\",\"copyright\":\"\",\"order\":0},{\"localizer\":\"V4PORTADA\",\"url\":\"media\/ver\/port\/v4\/2026\/09\/32b349c7-a538-4144-9ad1-0ec7e090445a.jpg\",\"thumb_url\":\"media\/ver\/port\/v4\/2026\/09\/7bd9c914-d651-47b1-9837-9d8fdc8fc242.jpg\",\"title\":\"Las trece - Teatre Condal\",\"description\":\"<p>las&nbsp;trece&nbsp;al&nbsp;teatre&nbsp;condal<\/p>\",\"copyright\":\"\",\"order\":0},{\"localizer\":\"V4PORTADAWIDE\",\"url\":\"media\/ver\/port\/wide\/v4\/2026\/09\/d4de2b2d-2803-4359-a494-21ac62d40129.jpg\",\"thumb_url\":\"media\/ver\/port\/wide\/v4\/2026\/09\/e6d4f206-5638-40d4-afc2-cdd2c4e060d1.jpg\",\"title\":\"Las trece - Teatre Condal\",\"description\":\"<p>las&nbsp;trece&nbsp;al&nbsp;teatre&nbsp;condal<\/p>\",\"copyright\":\"\",\"order\":0},{\"localizer\":\"V4PORTADAWIDEMOBILE\",\"url\":\"media\/ver\/port\/wide\/mobile\/v4\/2026\/09\/ccf1e50f-338d-4bec-a058-697b3871a756.jpg\",\"thumb_url\":\"media\/ver\/port\/wide\/mobile\/v4\/2026\/09\/44853267-d925-4960-9e18-754c5b7f633e.jpg\",\"title\":\"Las trece - Teatre Condal\",\"description\":\"<p>las&nbsp;trece&nbsp;al&nbsp;teatre&nbsp;condal<\/p>\",\"copyright\":\"\",\"order\":0}]","material__texto_intro":"","data_material":null,"data_gallery":"","data_discounts":"[]","contract_is_open":false,"in_tour":false},"yoast_head":"<!-- This site is optimized with the Yoast SEO plugin v28.4 - https:\/\/yoast.com\/product\/yoast-seo-wordpress\/ -->\n<title>LAS 13 - Teatre Condal<\/title>\n<meta name=\"robots\" content=\"index, follow, max-snippet:-1, max-image-preview:large, max-video-preview:-1\" \/>\n<link rel=\"canonical\" href=\"https:\/\/www.teatrecondal.cat\/es\/ex\/las-13\/\" \/>\n<meta property=\"og:locale\" content=\"es_ES\" \/>\n<meta property=\"og:type\" content=\"article\" \/>\n<meta property=\"og:title\" content=\"LAS 13 - Teatre Condal\" \/>\n<meta property=\"og:url\" content=\"https:\/\/www.teatrecondal.cat\/es\/ex\/las-13\/\" \/>\n<meta property=\"og:site_name\" content=\"Teatre Condal\" \/>\n<meta property=\"article:publisher\" content=\"http:\/\/www.facebook.com\/TeatreCondal\" \/>\n<meta name=\"twitter:card\" content=\"summary_large_image\" \/>\n<meta name=\"twitter:site\" content=\"@Teatre_Condal\" \/>\n<script type=\"application\/ld+json\" class=\"yoast-schema-graph\">{\"@context\":\"https:\\\/\\\/schema.org\",\"@graph\":[{\"@type\":\"WebPage\",\"@id\":\"https:\\\/\\\/www.teatrecondal.cat\\\/es\\\/ex\\\/las-13\\\/\",\"url\":\"https:\\\/\\\/www.teatrecondal.cat\\\/es\\\/ex\\\/las-13\\\/\",\"name\":\"LAS 13 - Teatre Condal\",\"isPartOf\":{\"@id\":\"https:\\\/\\\/www.teatrecondal.cat\\\/es\\\/#website\"},\"datePublished\":\"2026-09-03T13:39:37+00:00\",\"breadcrumb\":{\"@id\":\"https:\\\/\\\/www.teatrecondal.cat\\\/es\\\/ex\\\/las-13\\\/#breadcrumb\"},\"inLanguage\":\"es\",\"potentialAction\":[{\"@type\":\"ReadAction\",\"target\":[\"https:\\\/\\\/www.teatrecondal.cat\\\/es\\\/ex\\\/las-13\\\/\"]}]},{\"@type\":\"BreadcrumbList\",\"@id\":\"https:\\\/\\\/www.teatrecondal.cat\\\/es\\\/ex\\\/las-13\\\/#breadcrumb\",\"itemListElement\":[{\"@type\":\"ListItem\",\"position\":1,\"name\":\"Inici\",\"item\":\"https:\\\/\\\/www.teatrecondal.cat\\\/es\\\/\"},{\"@type\":\"ListItem\",\"position\":2,\"name\":\"Espectacles\",\"item\":\"https:\\\/\\\/www.teatrecondal.cat\\\/es\\\/ex\\\/\"},{\"@type\":\"ListItem\",\"position\":3,\"name\":\"LAS 13\"}]},{\"@type\":\"WebSite\",\"@id\":\"https:\\\/\\\/www.teatrecondal.cat\\\/es\\\/#website\",\"url\":\"https:\\\/\\\/www.teatrecondal.cat\\\/es\\\/\",\"name\":\"Teatre Condal\",\"description\":\"\",\"potentialAction\":[{\"@type\":\"SearchAction\",\"target\":{\"@type\":\"EntryPoint\",\"urlTemplate\":\"https:\\\/\\\/www.teatrecondal.cat\\\/es\\\/?s={search_term_string}\"},\"query-input\":{\"@type\":\"PropertyValueSpecification\",\"valueRequired\":true,\"valueName\":\"search_term_string\"}}],\"inLanguage\":\"es\"}]}<\/script>\n<!-- \/ Yoast SEO plugin. -->","yoast_head_json":{"title":"LAS 13 - Teatre Condal","robots":{"index":"index","follow":"follow","max-snippet":"max-snippet:-1","max-image-preview":"max-image-preview:large","max-video-preview":"max-video-preview:-1"},"canonical":"https:\/\/www.teatrecondal.cat\/es\/ex\/las-13\/","og_locale":"es_ES","og_type":"article","og_title":"LAS 13 - Teatre Condal","og_url":"https:\/\/www.teatrecondal.cat\/es\/ex\/las-13\/","og_site_name":"Teatre Condal","article_publisher":"http:\/\/www.facebook.com\/TeatreCondal","twitter_card":"summary_large_image","twitter_site":"@Teatre_Condal","schema":{"@context":"https:\/\/schema.org","@graph":[{"@type":"WebPage","@id":"https:\/\/www.teatrecondal.cat\/es\/ex\/las-13\/","url":"https:\/\/www.teatrecondal.cat\/es\/ex\/las-13\/","name":"LAS 13 - Teatre Condal","isPartOf":{"@id":"https:\/\/www.teatrecondal.cat\/es\/#website"},"datePublished":"2026-09-03T13:39:37+00:00","breadcrumb":{"@id":"https:\/\/www.teatrecondal.cat\/es\/ex\/las-13\/#breadcrumb"},"inLanguage":"es","potentialAction":[{"@type":"ReadAction","target":["https:\/\/www.teatrecondal.cat\/es\/ex\/las-13\/"]}]},{"@type":"BreadcrumbList","@id":"https:\/\/www.teatrecondal.cat\/es\/ex\/las-13\/#breadcrumb","itemListElement":[{"@type":"ListItem","position":1,"name":"Inici","item":"https:\/\/www.teatrecondal.cat\/es\/"},{"@type":"ListItem","position":2,"name":"Espectacles","item":"https:\/\/www.teatrecondal.cat\/es\/ex\/"},{"@type":"ListItem","position":3,"name":"LAS 13"}]},{"@type":"WebSite","@id":"https:\/\/www.teatrecondal.cat\/es\/#website","url":"https:\/\/www.teatrecondal.cat\/es\/","name":"Teatre Condal","description":"","potentialAction":[{"@type":"SearchAction","target":{"@type":"EntryPoint","urlTemplate":"https:\/\/www.teatrecondal.cat\/es\/?s={search_term_string}"},"query-input":{"@type":"PropertyValueSpecification","valueRequired":true,"valueName":"search_term_string"}}],"inLanguage":"es"}]}},"translations":[{"id":5759,"locale":"ca"},{"id":5760,"locale":"es"}],"_links":{"self":[{"href":"https:\/\/www.teatrecondal.cat\/es\/wp-json\/wp\/v2\/ex\/5760","targetHints":{"allow":["GET"]}}],"collection":[{"href":"https:\/\/www.teatrecondal.cat\/es\/wp-json\/wp\/v2\/ex"}],"about":[{"href":"https:\/\/www.teatrecondal.cat\/es\/wp-json\/wp\/v2\/types\/ex"}],"author":[{"embeddable":true,"href":"https:\/\/www.teatrecondal.cat\/es\/wp-json\/wp\/v2\/users\/2"}],"replies":[{"embeddable":true,"href":"https:\/\/www.teatrecondal.cat\/es\/wp-json\/wp\/v2\/comments?post=5760"}],"acf:term":[{"embeddable":true,"taxonomy":"season","href":"https:\/\/www.teatrecondal.cat\/es\/wp-json\/wp\/v2\/season\/100"}],"wp:attachment":[{"href":"https:\/\/www.teatrecondal.cat\/es\/wp-json\/wp\/v2\/media?parent=5760"}],"curies":[{"name":"wp","href":"https:\/\/api.w.org\/{rel}","templated":true}]}}

<p class="ql-align-justify" align="justify"><strong>Las quisieron borrar de la historia. Es hora de recordarlas.</strong> </p><p class="ql-align-justify" align="justify"> </p><p class="ql-align-justify" align="justify">La desmemoria ha sido y sigue siendo la asignatura pendiente de España, con miles de fosas comunes todavía por abrir y legados de falsos héroes aclamados con nombres de calles, grandes monumentos y estatuas. Todas ellas, las trece, son el punto de partida que inspira esta historia ficcionada para recordar a todas las milicianas que cogieron el fusil para luchar contra el fascismo y la opresión. un espectáculo a caballo entre el teatro documental y el musical que explora, con lenguaje multidisciplinar, la dureza de quienes vivieron aquellos años grises llenos de miseria, i que siempre han pedido perdón porque: <em>esta guerra no tendríamos que haberla perdido.</em> </p><p class="ql-align-justify" align="justify"><em>“Que nuestro nombre no se borre de la historia”. </em>Júlia Conesa </p>

Espectáculo en Catalán / Castellano

<p>Recomendado a partir de <strong>12 años</strong> </p>

<p>Dirección, dramaturgia, espacio, y luces: <strong>Jaume Viñas</strong> </p><p>Dirección musical y arreglos: <strong>Cisco Cruz</strong> </p><p> </p><p>Coreografía: <strong>Beatriz Macias</strong> </p><p> </p><p>Vestuario: <strong>Laura Grané y Cia. Las Trece</strong> </p><p>Grabación tema musical: <strong>Cisco Cruz, Uri Plana y Roger Argemí</strong> </p><p> </p><p>Intérpretes: </p><p><strong>Ingrid Aceituno*</strong> Blanca Brisac </p><p><strong>Clàudia Bargalló</strong> Luisa Rodríguez </p><p><strong>Martina Bigas</strong> Victòria Muñoz </p><p><strong>Meritxell Boix</strong> Ana López <br><strong>Laura Galera*</strong> Antonia Torre <br><strong>Laia Gómez*</strong> Júlia Conesa <br><strong>Laura Grané</strong> Adelina García <br><strong>María Jiménez</strong> Carmen Barrero <br><strong>Ares Lara</strong> Virtudes González <br><strong>Aina Machuca</strong> Elena Gil <br><strong>Jordi Pérez</strong> Sargento Pascal / Vicente <br><strong>Claudia Quiñones</strong> Joaquina López<br><strong>Ona Rocosa</strong> Martina Barroso<br><strong>Héctor Valenzuela*   </strong>Esteban <br><strong>Xènia Vall-llosada</strong> Dionisia Manzanero <br><strong>Daniel Velázquez Pepe <br>Rita Vidal</strong> Pilar Bueno </p><p> </p><p> </p><p> </p><p> </p><p>Asesoramineto de movimiento: <strong>Beatriz Macias</strong> </p><p>Jefe técnico del teatro: <strong>Aleix Arbonès</strong> </p><p>Técnico del teatro: <strong>Víctor Bartolomé</strong> </p><p> </p><p> </p><p>Marketing y comunicación: <strong>Focus</strong> </p><p> </p><p>Administración EM+P: <strong>Nadina Campàs</strong> </p>
