{"id":5478,"date":"2025-09-29T17:59:59","date_gmt":"2025-09-29T15:59:59","guid":{"rendered":"https:\/\/www.teatrecondal.cat\/ex\/de-lescenari-a-gaza\/"},"modified":"2025-10-09T15:35:20","modified_gmt":"2025-10-09T13:35:20","slug":"de-lescenari-a-gaza","status":"publish","type":"ex","link":"https:\/\/www.teatrecondal.cat\/es\/ex\/de-lescenari-a-gaza\/","title":{"rendered":"DE L&#8217;ESCENARI A GAZA"},"content":{"rendered":"","protected":false},"excerpt":{"rendered":"","protected":false},"author":2,"featured_media":0,"comment_status":"closed","ping_status":"closed","template":"","class_list":["post-5478","ex","type-ex","status-publish","hentry","season-2025-26"],"acf":{"txt_synopsis":"<p><strong>Concierto solidario para recaudar fondos para las familias supervivientes de Gaza a trav\u00e9s de \u201cDe Gaza al Mundo\u201d<br \/><\/strong><br \/>Siendo testigos d\u00eda a d\u00eda del horror, seguimos actuando, seguimos trabajando colectivamente, seguimos sumando fuerzas para detener como sea esta barbarie.<\/p>\r\n<p>Las profesionales del teatro musical nos unimos para ofrecer lo que sabemos hacer: un concierto solidario para recaudar fondos para el proyecto De Gaza al Mundo.<\/p>\r\n<p>Todos los beneficios se destinar\u00e1n \u00edntegramente a las familias supervivientes de Gaza.<br \/><br \/><\/p>","main_buy_link":"https:\/\/tickets.oneboxtds.com\/teatrecondal\/events\/48648?hl=es-ES","main_buy_links":"[\"https:\/\/tickets.oneboxtds.com\/teatrecondal\/events\/48648?hl=es-ES\"]","group_buy_link":"","show_language":"Espect\u00e1culo en catal\u00e1n \/ castellano","show_duration":"75","show_start_date":"20251025000000","show_end_date":"20251025000000","show_sort_date":"20251025000000","txt_custom_show_dates":"el 25 de octubre de 2025 ","show_disciplines":"8","show_ultimes_funcions":false,"hide_tarifes_especials":true,"show_properament":false,"txt_additional_info":"Recomendado para todos los p\u00fablicos ","txt_present":"","show_season":[97],"txt_season":"[\"2025\/26\"]","txt_cycle":"En Paral\u00b7lel","txt_claim":"Concierto solidario para recaudar fondos para las familias supervivientes de Gaza a trav\u00e9s de \u201cDe Gaza al Mundo\u201d","txt_cast_excerpt":"","txt_cast":"<p>Actuaciones musicales<br \/><strong>Andreu Gall\u00e9n i Elena Gadel, Clara Peya, Kathy Sey i Yolanda Sey, Daniel Angl\u00e8s i V\u00edctor Arbelo, M\u00fcrfila i Svetlana<\/strong><\/p>\r\n<p>Bailarines y bailarinas <br \/><strong>Aleix Colomer, Aran V\u00e1zquez, Guillem Ripoll, Helena Gispert, J\u00falia Sanz Fernandez, Marc Soler i Pol Rosell\u00f3 amb coreografia d'Ariadna Peya i m\u00fasica de Clara Peya; Cia Miquel Barcelona formada per Miquel Barcelona, Isa Dubroca, Helena Gispert, Mart\u00ed G\u00fcell i Ra\u00fcl Lorenzo<\/strong><\/p>\r\n<p>Coro <br \/><strong>V\u00edctor Arbelo, Rai Borrell, Frank Capdet, Mariona Castillo, Dana Carbonell, Jordi Coll, Cisco Cruz, Elena Escorcia, Irene Garrido, J\u00falia Gen\u00eds, Paula Grande, Gemma Mart\u00ednez, Nacho Mel\u00fas, Roger Padr\u00f3s, La Pau, Laura Pau, Ona Pla, Clara Sol\u00e9 i Albert Triola<\/strong><br \/><\/p>\r\n<p><strong><\/strong><\/p>\r\n<p>Jefe t\u00e9cnico del teatro: <strong>Jordi Ballb\u00e9<\/strong><br \/>T\u00e9cnicos del teatro: <strong>Aleix Arbon\u00e8s y V\u00edctor Bartolom\u00e9<\/strong><br \/>&nbsp;<br \/>Comunicaci\u00f3n y redes sociales: <strong>Clara Badia, Selma Bruna y Anna Candelas<\/strong><br \/>Prensa: <strong>Aloma Vilamala y N\u00faria Oliv\u00e9 \u2013 La Tremenda<\/strong><br \/>M\u00e1rquetin y comunicaci\u00f3n del teatro: <strong>Focus <\/strong><br \/>Dise\u00f1o gr\u00e1fico: <strong>Pau Oliver<\/strong><br \/>&nbsp;<br \/>Colaboradores: <strong>Grup Focus, Teatre Condal, Dagoll Dagom y la Associaci\u00f3 Crear i Compartir<\/strong><\/p>\r\n<p>Agradecimientos: <strong>La Turbo, Escola de dansa Menchu Duran<\/strong><br \/><\/p>","txt_reviews":"","hashtag":"DeL'escenariaGaza","have_promo":"","slogan":"","id_exhibicio":2344,"id_versio":1833,"id_local":3,"txt_seo_desc":"","data_images":"[{\"localizer\":\"V4PORTADAWIDE\",\"url\":\"media\/ver\/port\/wide\/v4\/3170D\/01_091_00059320\/PORTADA_0_GAZA.jpg\",\"thumb_url\":\"\",\"title\":\"De l'escenari a Gaza - Teatre Condal\",\"description\":\"de l'escenari a gaza al teatre condal\",\"copyright\":\"\",\"order\":1},{\"localizer\":\"V4PORTADAWIDEMOBILE\",\"url\":\"media\/ver\/port\/wide\/mobile\/v4\/3170D\/01_092_00059321\/PORTADA_MOBILE_GAZA.jpg\",\"thumb_url\":\"\",\"title\":\"De l'escenari a gaza - Teatre Condal\",\"description\":\"de l'escenari a gaza al teatre condal\",\"copyright\":\"\",\"order\":2},{\"localizer\":\"V4PORTADA\",\"url\":\"media\/ver\/port\/v4\/3170D\/01_090_00059322\/PORTADA_1_GAZA.jpg\",\"thumb_url\":\"\",\"title\":\"de l'escenari a gaza al teatre condal\",\"description\":\"De l'escenari a gaza - Teatre Condal\",\"copyright\":\"\",\"order\":3},{\"localizer\":\"V4CARTELL\",\"url\":\"media\/ver\/cartell\/v4\/3170D\/01_089_00059323\/CARTELL_WEB_GAZA.jpg\",\"thumb_url\":\"\",\"title\":\"De l'escenari a Gaza - Teatre Condal\",\"description\":\"de l'escenari a gaza al teatre condal\",\"copyright\":\"\",\"order\":4}]","material__texto_intro":"","data_material":null,"data_gallery":"","data_discounts":"[]","contract_is_open":false,"in_tour":false},"yoast_head":"<!-- This site is optimized with the Yoast SEO plugin v27.4 - https:\/\/yoast.com\/product\/yoast-seo-wordpress\/ -->\n<title>DE L&#039;ESCENARI A GAZA - Teatre Condal<\/title>\n<meta name=\"robots\" content=\"index, follow, max-snippet:-1, max-image-preview:large, max-video-preview:-1\" \/>\n<link rel=\"canonical\" href=\"https:\/\/www.teatrecondal.cat\/es\/ex\/de-lescenari-a-gaza\/\" \/>\n<script type=\"application\/ld+json\" class=\"yoast-schema-graph\">{\"@context\":\"https:\\\/\\\/schema.org\",\"@graph\":[{\"@type\":\"WebPage\",\"@id\":\"https:\\\/\\\/www.teatrecondal.cat\\\/es\\\/ex\\\/de-lescenari-a-gaza\\\/\",\"url\":\"https:\\\/\\\/www.teatrecondal.cat\\\/es\\\/ex\\\/de-lescenari-a-gaza\\\/\",\"name\":\"DE L'ESCENARI A GAZA - Teatre Condal\",\"isPartOf\":{\"@id\":\"https:\\\/\\\/www.teatrecondal.cat\\\/es\\\/#website\"},\"datePublished\":\"2025-09-29T15:59:59+00:00\",\"dateModified\":\"2025-10-09T13:35:20+00:00\",\"breadcrumb\":{\"@id\":\"https:\\\/\\\/www.teatrecondal.cat\\\/es\\\/ex\\\/de-lescenari-a-gaza\\\/#breadcrumb\"},\"inLanguage\":\"es\",\"potentialAction\":[{\"@type\":\"ReadAction\",\"target\":[\"https:\\\/\\\/www.teatrecondal.cat\\\/es\\\/ex\\\/de-lescenari-a-gaza\\\/\"]}]},{\"@type\":\"BreadcrumbList\",\"@id\":\"https:\\\/\\\/www.teatrecondal.cat\\\/es\\\/ex\\\/de-lescenari-a-gaza\\\/#breadcrumb\",\"itemListElement\":[{\"@type\":\"ListItem\",\"position\":1,\"name\":\"Inici\",\"item\":\"https:\\\/\\\/www.teatrecondal.cat\\\/es\\\/\"},{\"@type\":\"ListItem\",\"position\":2,\"name\":\"Espectacles\",\"item\":\"https:\\\/\\\/www.teatrecondal.cat\\\/es\\\/ex\\\/\"},{\"@type\":\"ListItem\",\"position\":3,\"name\":\"DE L&#8217;ESCENARI A GAZA\"}]},{\"@type\":\"WebSite\",\"@id\":\"https:\\\/\\\/www.teatrecondal.cat\\\/es\\\/#website\",\"url\":\"https:\\\/\\\/www.teatrecondal.cat\\\/es\\\/\",\"name\":\"Teatre Condal\",\"description\":\"\",\"publisher\":{\"@id\":\"https:\\\/\\\/www.teatrecondal.cat\\\/es\\\/#organization\"},\"potentialAction\":[{\"@type\":\"SearchAction\",\"target\":{\"@type\":\"EntryPoint\",\"urlTemplate\":\"https:\\\/\\\/www.teatrecondal.cat\\\/es\\\/?s={search_term_string}\"},\"query-input\":{\"@type\":\"PropertyValueSpecification\",\"valueRequired\":true,\"valueName\":\"search_term_string\"}}],\"inLanguage\":\"es\"},{\"@type\":\"Organization\",\"@id\":\"https:\\\/\\\/www.teatrecondal.cat\\\/es\\\/#organization\",\"name\":\"Teatre Condal\",\"url\":\"https:\\\/\\\/www.teatrecondal.cat\\\/es\\\/\",\"logo\":{\"@type\":\"ImageObject\",\"inLanguage\":\"es\",\"@id\":\"https:\\\/\\\/www.teatrecondal.cat\\\/es\\\/#\\\/schema\\\/logo\\\/image\\\/\",\"url\":\"https:\\\/\\\/www.teatrecondal.cat\\\/wp-content\\\/uploads\\\/sites\\\/3\\\/2017\\\/09\\\/teatre-condal-logo.svg\",\"contentUrl\":\"https:\\\/\\\/www.teatrecondal.cat\\\/wp-content\\\/uploads\\\/sites\\\/3\\\/2017\\\/09\\\/teatre-condal-logo.svg\",\"width\":1,\"height\":1,\"caption\":\"Teatre Condal\"},\"image\":{\"@id\":\"https:\\\/\\\/www.teatrecondal.cat\\\/es\\\/#\\\/schema\\\/logo\\\/image\\\/\"},\"sameAs\":[\"http:\\\/\\\/www.facebook.com\\\/TeatreCondal\",\"https:\\\/\\\/x.com\\\/Teatre_Condal\",\"http:\\\/\\\/instagram.com\\\/teatre_condal\",\"http:\\\/\\\/www.youtube.com\\\/user\\\/TeatreCondal\"]}]}<\/script>\n<!-- \/ Yoast SEO plugin. -->","yoast_head_json":{"title":"DE L'ESCENARI A GAZA - Teatre Condal","robots":{"index":"index","follow":"follow","max-snippet":"max-snippet:-1","max-image-preview":"max-image-preview:large","max-video-preview":"max-video-preview:-1"},"canonical":"https:\/\/www.teatrecondal.cat\/es\/ex\/de-lescenari-a-gaza\/","schema":{"@context":"https:\/\/schema.org","@graph":[{"@type":"WebPage","@id":"https:\/\/www.teatrecondal.cat\/es\/ex\/de-lescenari-a-gaza\/","url":"https:\/\/www.teatrecondal.cat\/es\/ex\/de-lescenari-a-gaza\/","name":"DE L'ESCENARI A GAZA - Teatre Condal","isPartOf":{"@id":"https:\/\/www.teatrecondal.cat\/es\/#website"},"datePublished":"2025-09-29T15:59:59+00:00","dateModified":"2025-10-09T13:35:20+00:00","breadcrumb":{"@id":"https:\/\/www.teatrecondal.cat\/es\/ex\/de-lescenari-a-gaza\/#breadcrumb"},"inLanguage":"es","potentialAction":[{"@type":"ReadAction","target":["https:\/\/www.teatrecondal.cat\/es\/ex\/de-lescenari-a-gaza\/"]}]},{"@type":"BreadcrumbList","@id":"https:\/\/www.teatrecondal.cat\/es\/ex\/de-lescenari-a-gaza\/#breadcrumb","itemListElement":[{"@type":"ListItem","position":1,"name":"Inici","item":"https:\/\/www.teatrecondal.cat\/es\/"},{"@type":"ListItem","position":2,"name":"Espectacles","item":"https:\/\/www.teatrecondal.cat\/es\/ex\/"},{"@type":"ListItem","position":3,"name":"DE L&#8217;ESCENARI A GAZA"}]},{"@type":"WebSite","@id":"https:\/\/www.teatrecondal.cat\/es\/#website","url":"https:\/\/www.teatrecondal.cat\/es\/","name":"Teatre Condal","description":"","publisher":{"@id":"https:\/\/www.teatrecondal.cat\/es\/#organization"},"potentialAction":[{"@type":"SearchAction","target":{"@type":"EntryPoint","urlTemplate":"https:\/\/www.teatrecondal.cat\/es\/?s={search_term_string}"},"query-input":{"@type":"PropertyValueSpecification","valueRequired":true,"valueName":"search_term_string"}}],"inLanguage":"es"},{"@type":"Organization","@id":"https:\/\/www.teatrecondal.cat\/es\/#organization","name":"Teatre Condal","url":"https:\/\/www.teatrecondal.cat\/es\/","logo":{"@type":"ImageObject","inLanguage":"es","@id":"https:\/\/www.teatrecondal.cat\/es\/#\/schema\/logo\/image\/","url":"https:\/\/www.teatrecondal.cat\/wp-content\/uploads\/sites\/3\/2017\/09\/teatre-condal-logo.svg","contentUrl":"https:\/\/www.teatrecondal.cat\/wp-content\/uploads\/sites\/3\/2017\/09\/teatre-condal-logo.svg","width":1,"height":1,"caption":"Teatre Condal"},"image":{"@id":"https:\/\/www.teatrecondal.cat\/es\/#\/schema\/logo\/image\/"},"sameAs":["http:\/\/www.facebook.com\/TeatreCondal","https:\/\/x.com\/Teatre_Condal","http:\/\/instagram.com\/teatre_condal","http:\/\/www.youtube.com\/user\/TeatreCondal"]}]}},"translations":[{"id":5477,"locale":"ca"},{"id":5478,"locale":"es"}],"_links":{"self":[{"href":"https:\/\/www.teatrecondal.cat\/es\/wp-json\/wp\/v2\/ex\/5478","targetHints":{"allow":["GET"]}}],"collection":[{"href":"https:\/\/www.teatrecondal.cat\/es\/wp-json\/wp\/v2\/ex"}],"about":[{"href":"https:\/\/www.teatrecondal.cat\/es\/wp-json\/wp\/v2\/types\/ex"}],"author":[{"embeddable":true,"href":"https:\/\/www.teatrecondal.cat\/es\/wp-json\/wp\/v2\/users\/2"}],"replies":[{"embeddable":true,"href":"https:\/\/www.teatrecondal.cat\/es\/wp-json\/wp\/v2\/comments?post=5478"}],"acf:term":[{"embeddable":true,"taxonomy":"season","href":"https:\/\/www.teatrecondal.cat\/es\/wp-json\/wp\/v2\/season\/97"}],"wp:attachment":[{"href":"https:\/\/www.teatrecondal.cat\/es\/wp-json\/wp\/v2\/media?parent=5478"}],"curies":[{"name":"wp","href":"https:\/\/api.w.org\/{rel}","templated":true}]}}

<p><strong>Concierto solidario para recaudar fondos para las familias supervivientes de Gaza a través de “De Gaza al Mundo”<br /></strong><br />Siendo testigos día a día del horror, seguimos actuando, seguimos trabajando colectivamente, seguimos sumando fuerzas para detener como sea esta barbarie.</p>
<p>Las profesionales del teatro musical nos unimos para ofrecer lo que sabemos hacer: un concierto solidario para recaudar fondos para el proyecto De Gaza al Mundo.</p>
<p>Todos los beneficios se destinarán íntegramente a las familias supervivientes de Gaza.<br /><br /></p>

Espectáculo en catalán / castellano

Recomendado para todos los públicos

Concierto solidario para recaudar fondos para las familias supervivientes de Gaza a través de “De Gaza al Mundo”

<p>Actuaciones musicales<br /><strong>Andreu Gallén i Elena Gadel, Clara Peya, Kathy Sey i Yolanda Sey, Daniel Anglès i Víctor Arbelo, Mürfila i Svetlana</strong></p>
<p>Bailarines y bailarinas <br /><strong>Aleix Colomer, Aran Vázquez, Guillem Ripoll, Helena Gispert, Júlia Sanz Fernandez, Marc Soler i Pol Roselló amb coreografia d'Ariadna Peya i música de Clara Peya; Cia Miquel Barcelona formada per Miquel Barcelona, Isa Dubroca, Helena Gispert, Martí Güell i Raül Lorenzo</strong></p>
<p>Coro <br /><strong>Víctor Arbelo, Rai Borrell, Frank Capdet, Mariona Castillo, Dana Carbonell, Jordi Coll, Cisco Cruz, Elena Escorcia, Irene Garrido, Júlia Genís, Paula Grande, Gemma Martínez, Nacho Melús, Roger Padrós, La Pau, Laura Pau, Ona Pla, Clara Solé i Albert Triola</strong><br /></p>
<p><strong></strong></p>
<p>Jefe técnico del teatro: <strong>Jordi Ballbé</strong><br />Técnicos del teatro: <strong>Aleix Arbonès y Víctor Bartolomé</strong><br />&nbsp;<br />Comunicación y redes sociales: <strong>Clara Badia, Selma Bruna y Anna Candelas</strong><br />Prensa: <strong>Aloma Vilamala y Núria Olivé – La Tremenda</strong><br />Márquetin y comunicación del teatro: <strong>Focus </strong><br />Diseño gráfico: <strong>Pau Oliver</strong><br />&nbsp;<br />Colaboradores: <strong>Grup Focus, Teatre Condal, Dagoll Dagom y la Associació Crear i Compartir</strong></p>
<p>Agradecimientos: <strong>La Turbo, Escola de dansa Menchu Duran</strong><br /></p>
