{"id":4808,"date":"2023-11-02T16:44:19","date_gmt":"2023-11-02T15:44:19","guid":{"rendered":"https:\/\/www.teatrecondal.cat\/ex\/gordas-3\/"},"modified":"2024-12-03T09:45:15","modified_gmt":"2024-12-03T08:45:15","slug":"gordas-3","status":"publish","type":"ex","link":"https:\/\/www.teatrecondal.cat\/es\/ex\/gordas-3\/","title":{"rendered":"Gordas"},"content":{"rendered":"","protected":false},"excerpt":{"rendered":"","protected":false},"author":2,"featured_media":0,"comment_status":"closed","ping_status":"closed","template":"","class_list":["post-4808","ex","type-ex","status-publish","hentry","season-2023-24"],"acf":{"txt_synopsis":"<p><strong>Comedia y humor para abordar un tema a menudo ausente del escenario: el f\u00edsico, la obesidad y la aceptaci\u00f3n social.<\/strong><\/p>\r\n<p>Una comedia irreverente sobre la fama, la religi\u00f3n, el amor, la amistad... y el f\u00edsico. <br \/>\u00bfQu\u00e9 tienen en com\u00fan Satan\u00e1s, una estrella de cine, dos monjas, una lesbiana convertida a la fuerza, las ganas de follar y un donut? Al principio parecen ingredientes sin sentido... Pero cuando se juntan, dan lugar a un men\u00fa completo, sazonado con fina iron\u00eda y mucho humor. <br \/>Una obra que lucha por encontrar ese espacio que la sociedad ha decidido limitar. <br \/>Dos gordas que hacen de gordas, pero que pueden ser todo.<\/p>","main_buy_link":"","main_buy_links":"","group_buy_link":"","show_language":"Espect\u00e1culo en castellano","show_duration":"75","show_start_date":"20240115000000","show_end_date":"20240318000000","show_sort_date":"20240115000000","txt_custom_show_dates":"del 15 de enero al 18 de marzo de 2024 ","show_disciplines":"7","show_ultimes_funcions":false,"hide_tarifes_especials":false,"show_properament":false,"txt_additional_info":"","txt_present":"","show_season":[93],"txt_season":"[\"2023\/24\"]","txt_cycle":"","txt_claim":"Una comedia irreverente sobre la fama, la religi\u00f3n, el amor, la amistad... y el f\u00edsico. ","txt_cast_excerpt":"","txt_cast":"<p>Autor\u00eda i direcci\u00f3n: <strong>Carlos Mesa <\/strong><\/p>\r\n<p>Int\u00e9rpretes: <strong>Mara Jim\u00e9nez y Teresa L\u00f3pez <\/strong><\/p>\r\n<p>Dise\u00f1o de iluminaci\u00f3n: <strong>Sergio Benito <\/strong><\/p>\r\n<p>Producci\u00f3n ejecutiva: <strong>Isabel Verd\u00fa y Carlos Mesa <\/strong><\/p>\r\n<p>Jefe t\u00e9cnico del teatro: <strong>Jordi Ballb\u00e9 <br \/><\/strong>T\u00e9cnicos del teatro: <strong>Aleix Arbon\u00e8s y V\u00edctor Bartolom\u00e9 <\/strong><\/p>\r\n<p>M\u00e1rquetin y comunicaci\u00f3n: <strong>Focus<\/strong> <br \/>Reportaje fotogr\u00e1fico y dise\u00f1o: <strong>Nat Enemede<\/strong> <br \/>Dise\u00f1o gr\u00e1fico: <strong>Santi&Kco<\/strong> <\/p>\r\n<p>Distribuci\u00f3n: <strong>Carme Tierz \u2013 Mediterr\u00e1nea (<\/strong><a href=\"mailto:ctierz@mediterraneagira.com\"><strong>ctierz@mediterraneagira.com<\/strong><\/a><strong>)<\/strong> <\/p>\r\n<p>Es una producci\u00f3n de <strong>Bendita Inocencia <\/strong><\/p>","txt_reviews":"Mar\u00eda Cabal|Teatre Barcelona|\"Una obra divertida, delirante y brutalmente honesta.\"\r\nPablo Cavero|Catacultural|\"Gordas es una obra as\u00ed: divertida, entretenida, revolucionaria y cr\u00edtica.\"\r\nSofia Chiabolotti|P\u00fablico|\"La risa llenar\u00e1 de indignaci\u00f3n las conciencias del p\u00fablico.\"","hashtag":"Gordas","have_promo":"","slogan":"","id_exhibicio":2077,"id_versio":1551,"id_local":3,"txt_seo_desc":"Gordas un espect\u00e1culo de comedia en el Teatro Condal de Barcelona","data_images":"[{\"localizer\":\"V3PORTADAWIDE\",\"url\":\"media\/ver\/port\/v3wide\/315E0\/01_088_00054537\/portada-0-gordas-teatre-condal.jpg\",\"thumb_url\":\"media\/ver\/port\/v3wide\/315E0\/01_088_00054537\/portada-0-gordas-teatre-condal_thumb.jpg\",\"title\":\"Gordas - Teatre Condal\",\"description\":\"gordas al teatre condal de barcelona\",\"copyright\":\"\",\"order\":1},{\"localizer\":\"V3PORTADA\",\"url\":\"media\/ver\/port\/v3\/315E0\/01_084_00054538\/portada-1-gordas-teatre-condal.jpg\",\"thumb_url\":\"media\/ver\/port\/v3\/315E0\/01_084_00054538\/portada-1-gordas-teatre-condal_thumb.jpg\",\"title\":\"Gordas - Teatre Condal\",\"description\":\"gordas al teatre condal de barcelona\",\"copyright\":\"\",\"order\":2},{\"localizer\":\"V3SLIDE\",\"url\":\"media\/ftgalslide\/v3\/315E0\/01_086_00054540\/GORDAS_Mara_Jimenez_y_Teresa_Lopez.jpg\",\"thumb_url\":\"media\/ftgalslide\/v3\/315E0\/01_086_00054540\/GORDAS_Mara_Jimenez_y_Teresa_Lopez_thumb.jpg\",\"title\":\"Gordas - Teatre Condal\",\"description\":\"gordas al teatre condal de barcelona\",\"copyright\":\"https:\/\/youtu.be\/xkuIXYRHRrg\",\"order\":4},{\"localizer\":\"V3SLIDE\",\"url\":\"media\/ftgalslide\/v3\/315E0\/01_086_00054541\/GORDAS_x3.jpg\",\"thumb_url\":\"media\/ftgalslide\/v3\/315E0\/01_086_00054541\/GORDAS_x3_thumb.jpg\",\"title\":\"Gordas - Teatre Condal\",\"description\":\"gordas al teatre condal de barcelona\",\"copyright\":\"\",\"order\":5},{\"localizer\":\"V3SLIDE\",\"url\":\"media\/ftgalslide\/v3\/315E0\/01_086_00054542\/GORDAS_x5.jpg\",\"thumb_url\":\"media\/ftgalslide\/v3\/315E0\/01_086_00054542\/GORDAS_x5_thumb.jpg\",\"title\":\"Gordas - Teatre Condal\",\"description\":\"gordas al teatre condal de barcelona\",\"copyright\":\"\",\"order\":6},{\"localizer\":\"V3CARTELL\",\"url\":\"media\/ver\/cartell\/v3\/315E1\/01_085_00054763\/Cartell-web-gordas-teatre-condal.jpg\",\"thumb_url\":\"media\/ver\/cartell\/v3\/315E1\/01_085_00054763\/Cartell-web-gordas-teatre-condal_thumb.jpg\",\"title\":\"Gordas - Teatre Condal\",\"description\":\"gordas al teatre condal de barcelona\",\"copyright\":\"\",\"order\":8},{\"localizer\":\"V4PORTADAWIDE\",\"url\":\"media\/ver\/port\/wide\/v4\/31647\/01_091_00056916\/Portada_0_2880x1260_-_GORDAS.png\",\"thumb_url\":\"\",\"title\":\"Gordas - Teatre Condal\",\"description\":\"gordas en el teatre condal\",\"copyright\":\"\",\"order\":13},{\"localizer\":\"V4PORTADAWIDEMOBILE\",\"url\":\"media\/ver\/port\/wide\/mobile\/v4\/31647\/01_092_00056917\/Portada_0_mobile-_828x1800_-_GORDAS.png\",\"thumb_url\":\"\",\"title\":\"Gordas - Teatre Condal\",\"description\":\"gordas en el teatre condal\",\"copyright\":\"\",\"order\":14},{\"localizer\":\"V4CARTELL\",\"url\":\"media\/ver\/cartell\/v4\/31647\/01_089_00056918\/Cartell_web_720x1100_-_GORDAS.png\",\"thumb_url\":\"\",\"title\":\"Gordas - Teatre Condal\",\"description\":\"gordas en el teatre condal\",\"copyright\":\"\",\"order\":15},{\"localizer\":\"V4PORTADA\",\"url\":\"media\/ver\/port\/v4\/316A3\/01_090_00057520\/ULTIMES_FUNCIONS_-_Portada_0_2880x1260_-_GORDAS.png\",\"thumb_url\":\"\",\"title\":\"gordas - teatre condal\",\"description\":\"gordas en el treatre condal de barcelona\",\"copyright\":\"\",\"order\":19}]","material__texto_intro":"","data_material":null,"data_gallery":"","data_discounts":"[]","contract_is_open":false,"in_tour":false},"yoast_head":"<!-- This site is optimized with the Yoast SEO plugin v27.5 - https:\/\/yoast.com\/product\/yoast-seo-wordpress\/ -->\n<title>Gordas - Teatre Condal<\/title>\n<meta name=\"robots\" content=\"index, follow, max-snippet:-1, max-image-preview:large, max-video-preview:-1\" \/>\n<link rel=\"canonical\" href=\"https:\/\/www.teatrecondal.cat\/es\/ex\/gordas-3\/\" \/>\n<script type=\"application\/ld+json\" class=\"yoast-schema-graph\">{\"@context\":\"https:\\\/\\\/schema.org\",\"@graph\":[{\"@type\":\"WebPage\",\"@id\":\"https:\\\/\\\/www.teatrecondal.cat\\\/es\\\/ex\\\/gordas-3\\\/\",\"url\":\"https:\\\/\\\/www.teatrecondal.cat\\\/es\\\/ex\\\/gordas-3\\\/\",\"name\":\"Gordas - Teatre Condal\",\"isPartOf\":{\"@id\":\"https:\\\/\\\/www.teatrecondal.cat\\\/es\\\/#website\"},\"datePublished\":\"2023-11-02T15:44:19+00:00\",\"dateModified\":\"2024-12-03T08:45:15+00:00\",\"breadcrumb\":{\"@id\":\"https:\\\/\\\/www.teatrecondal.cat\\\/es\\\/ex\\\/gordas-3\\\/#breadcrumb\"},\"inLanguage\":\"es\",\"potentialAction\":[{\"@type\":\"ReadAction\",\"target\":[\"https:\\\/\\\/www.teatrecondal.cat\\\/es\\\/ex\\\/gordas-3\\\/\"]}]},{\"@type\":\"BreadcrumbList\",\"@id\":\"https:\\\/\\\/www.teatrecondal.cat\\\/es\\\/ex\\\/gordas-3\\\/#breadcrumb\",\"itemListElement\":[{\"@type\":\"ListItem\",\"position\":1,\"name\":\"Inici\",\"item\":\"https:\\\/\\\/www.teatrecondal.cat\\\/es\\\/\"},{\"@type\":\"ListItem\",\"position\":2,\"name\":\"Espectacles\",\"item\":\"https:\\\/\\\/www.teatrecondal.cat\\\/es\\\/ex\\\/\"},{\"@type\":\"ListItem\",\"position\":3,\"name\":\"Gordas\"}]},{\"@type\":\"WebSite\",\"@id\":\"https:\\\/\\\/www.teatrecondal.cat\\\/es\\\/#website\",\"url\":\"https:\\\/\\\/www.teatrecondal.cat\\\/es\\\/\",\"name\":\"Teatre Condal\",\"description\":\"\",\"publisher\":{\"@id\":\"https:\\\/\\\/www.teatrecondal.cat\\\/es\\\/#organization\"},\"potentialAction\":[{\"@type\":\"SearchAction\",\"target\":{\"@type\":\"EntryPoint\",\"urlTemplate\":\"https:\\\/\\\/www.teatrecondal.cat\\\/es\\\/?s={search_term_string}\"},\"query-input\":{\"@type\":\"PropertyValueSpecification\",\"valueRequired\":true,\"valueName\":\"search_term_string\"}}],\"inLanguage\":\"es\"},{\"@type\":\"Organization\",\"@id\":\"https:\\\/\\\/www.teatrecondal.cat\\\/es\\\/#organization\",\"name\":\"Teatre Condal\",\"url\":\"https:\\\/\\\/www.teatrecondal.cat\\\/es\\\/\",\"logo\":{\"@type\":\"ImageObject\",\"inLanguage\":\"es\",\"@id\":\"https:\\\/\\\/www.teatrecondal.cat\\\/es\\\/#\\\/schema\\\/logo\\\/image\\\/\",\"url\":\"https:\\\/\\\/www.teatrecondal.cat\\\/wp-content\\\/uploads\\\/sites\\\/3\\\/2017\\\/09\\\/teatre-condal-logo.svg\",\"contentUrl\":\"https:\\\/\\\/www.teatrecondal.cat\\\/wp-content\\\/uploads\\\/sites\\\/3\\\/2017\\\/09\\\/teatre-condal-logo.svg\",\"width\":1,\"height\":1,\"caption\":\"Teatre Condal\"},\"image\":{\"@id\":\"https:\\\/\\\/www.teatrecondal.cat\\\/es\\\/#\\\/schema\\\/logo\\\/image\\\/\"},\"sameAs\":[\"http:\\\/\\\/www.facebook.com\\\/TeatreCondal\",\"https:\\\/\\\/x.com\\\/Teatre_Condal\",\"http:\\\/\\\/instagram.com\\\/teatre_condal\",\"http:\\\/\\\/www.youtube.com\\\/user\\\/TeatreCondal\"]}]}<\/script>\n<!-- \/ Yoast SEO plugin. -->","yoast_head_json":{"title":"Gordas - Teatre Condal","robots":{"index":"index","follow":"follow","max-snippet":"max-snippet:-1","max-image-preview":"max-image-preview:large","max-video-preview":"max-video-preview:-1"},"canonical":"https:\/\/www.teatrecondal.cat\/es\/ex\/gordas-3\/","schema":{"@context":"https:\/\/schema.org","@graph":[{"@type":"WebPage","@id":"https:\/\/www.teatrecondal.cat\/es\/ex\/gordas-3\/","url":"https:\/\/www.teatrecondal.cat\/es\/ex\/gordas-3\/","name":"Gordas - Teatre Condal","isPartOf":{"@id":"https:\/\/www.teatrecondal.cat\/es\/#website"},"datePublished":"2023-11-02T15:44:19+00:00","dateModified":"2024-12-03T08:45:15+00:00","breadcrumb":{"@id":"https:\/\/www.teatrecondal.cat\/es\/ex\/gordas-3\/#breadcrumb"},"inLanguage":"es","potentialAction":[{"@type":"ReadAction","target":["https:\/\/www.teatrecondal.cat\/es\/ex\/gordas-3\/"]}]},{"@type":"BreadcrumbList","@id":"https:\/\/www.teatrecondal.cat\/es\/ex\/gordas-3\/#breadcrumb","itemListElement":[{"@type":"ListItem","position":1,"name":"Inici","item":"https:\/\/www.teatrecondal.cat\/es\/"},{"@type":"ListItem","position":2,"name":"Espectacles","item":"https:\/\/www.teatrecondal.cat\/es\/ex\/"},{"@type":"ListItem","position":3,"name":"Gordas"}]},{"@type":"WebSite","@id":"https:\/\/www.teatrecondal.cat\/es\/#website","url":"https:\/\/www.teatrecondal.cat\/es\/","name":"Teatre Condal","description":"","publisher":{"@id":"https:\/\/www.teatrecondal.cat\/es\/#organization"},"potentialAction":[{"@type":"SearchAction","target":{"@type":"EntryPoint","urlTemplate":"https:\/\/www.teatrecondal.cat\/es\/?s={search_term_string}"},"query-input":{"@type":"PropertyValueSpecification","valueRequired":true,"valueName":"search_term_string"}}],"inLanguage":"es"},{"@type":"Organization","@id":"https:\/\/www.teatrecondal.cat\/es\/#organization","name":"Teatre Condal","url":"https:\/\/www.teatrecondal.cat\/es\/","logo":{"@type":"ImageObject","inLanguage":"es","@id":"https:\/\/www.teatrecondal.cat\/es\/#\/schema\/logo\/image\/","url":"https:\/\/www.teatrecondal.cat\/wp-content\/uploads\/sites\/3\/2017\/09\/teatre-condal-logo.svg","contentUrl":"https:\/\/www.teatrecondal.cat\/wp-content\/uploads\/sites\/3\/2017\/09\/teatre-condal-logo.svg","width":1,"height":1,"caption":"Teatre Condal"},"image":{"@id":"https:\/\/www.teatrecondal.cat\/es\/#\/schema\/logo\/image\/"},"sameAs":["http:\/\/www.facebook.com\/TeatreCondal","https:\/\/x.com\/Teatre_Condal","http:\/\/instagram.com\/teatre_condal","http:\/\/www.youtube.com\/user\/TeatreCondal"]}]}},"translations":[{"id":4807,"locale":"ca"},{"id":4808,"locale":"es"}],"_links":{"self":[{"href":"https:\/\/www.teatrecondal.cat\/es\/wp-json\/wp\/v2\/ex\/4808","targetHints":{"allow":["GET"]}}],"collection":[{"href":"https:\/\/www.teatrecondal.cat\/es\/wp-json\/wp\/v2\/ex"}],"about":[{"href":"https:\/\/www.teatrecondal.cat\/es\/wp-json\/wp\/v2\/types\/ex"}],"author":[{"embeddable":true,"href":"https:\/\/www.teatrecondal.cat\/es\/wp-json\/wp\/v2\/users\/2"}],"replies":[{"embeddable":true,"href":"https:\/\/www.teatrecondal.cat\/es\/wp-json\/wp\/v2\/comments?post=4808"}],"acf:term":[{"embeddable":true,"taxonomy":"season","href":"https:\/\/www.teatrecondal.cat\/es\/wp-json\/wp\/v2\/season\/93"}],"wp:attachment":[{"href":"https:\/\/www.teatrecondal.cat\/es\/wp-json\/wp\/v2\/media?parent=4808"}],"curies":[{"name":"wp","href":"https:\/\/api.w.org\/{rel}","templated":true}]}}

<p><strong>Comedia y humor para abordar un tema a menudo ausente del escenario: el físico, la obesidad y la aceptación social.</strong></p>
<p>Una comedia irreverente sobre la fama, la religión, el amor, la amistad... y el físico. <br />¿Qué tienen en común Satanás, una estrella de cine, dos monjas, una lesbiana convertida a la fuerza, las ganas de follar y un donut? Al principio parecen ingredientes sin sentido... Pero cuando se juntan, dan lugar a un menú completo, sazonado con fina ironía y mucho humor. <br />Una obra que lucha por encontrar ese espacio que la sociedad ha decidido limitar. <br />Dos gordas que hacen de gordas, pero que pueden ser todo.</p>

Espectáculo en castellano

Una comedia irreverente sobre la fama, la religión, el amor, la amistad... y el físico.

<p>Autoría i dirección: <strong>Carlos Mesa </strong></p>
<p>Intérpretes: <strong>Mara Jiménez y Teresa López </strong></p>
<p>Diseño de iluminación: <strong>Sergio Benito </strong></p>
<p>Producción ejecutiva: <strong>Isabel Verdú y Carlos Mesa </strong></p>
<p>Jefe técnico del teatro: <strong>Jordi Ballbé <br /></strong>Técnicos del teatro: <strong>Aleix Arbonès y Víctor Bartolomé </strong></p>
<p>Márquetin y comunicación: <strong>Focus</strong> <br />Reportaje fotográfico y diseño: <strong>Nat Enemede</strong> <br />Diseño gráfico: <strong>Santi&Kco</strong> </p>
<p>Distribución: <strong>Carme Tierz – Mediterránea (</strong><a href="mailto:ctierz@mediterraneagira.com"><strong>ctierz@mediterraneagira.com</strong></a><strong>)</strong> </p>
<p>Es una producción de <strong>Bendita Inocencia </strong></p>

María Cabal|Teatre Barcelona|"Una obra divertida, delirante y brutalmente honesta."
Pablo Cavero|Catacultural|"Gordas es una obra así: divertida, entretenida, revolucionaria y crítica."
Sofia Chiabolotti|Público|"La risa llenará de indignación las conciencias del público."

Gordas un espectáculo de comedia en el Teatro Condal de Barcelona
