{"id":4236,"date":"2022-03-23T09:50:56","date_gmt":"2022-03-23T08:50:56","guid":{"rendered":"https:\/\/pre.teatrecondal.cat\/ex\/\/els-colors-de-duke-ellington\/"},"modified":"2022-03-23T09:50:56","modified_gmt":"2022-03-23T08:50:56","slug":"els-colors-de-duke-ellington","status":"publish","type":"ex","link":"https:\/\/www.teatrecondal.cat\/es\/ex\/els-colors-de-duke-ellington\/","title":{"rendered":"Els colors de Duke Ellington"},"content":{"rendered":"","protected":false},"excerpt":{"rendered":"","protected":false},"author":2,"featured_media":0,"comment_status":"closed","ping_status":"closed","template":"","class_list":["post-4236","ex","type-ex","status-publish","hentry","season-2021-22"],"acf":{"txt_synopsis":"Un espect\u00e1culo donde teatro y m\u00fasica se unen para acercar el mundo del jazz a todos los p\u00fablicos.<br \/>De la mano de uno de los grandes compositores, directores e int\u00e9rpretes de la historia del jazz, Duke Ellingnton, presentamos un concierto teatral, un espect\u00e1culo c\u00f3mico y musical, donde una Big band de nueve m\u00fasicos y dos actores nos presentar\u00e1n un recorrido musical a trav\u00e9s de la historia del jazz, pasando por el filtro humor\u00edstico y el universo creativo de Marcel Tom\u00e0s que adem\u00e1s de ejercer como maestro de ceremonias, interpretar\u00e1, junto con los m\u00fasicos, coreograf\u00edas, gags&nbsp; humor\u00edsticos y canciones.<br \/>Un espect\u00e1culo para que&nbsp; disfruten tanto los amantes de la m\u00fasica como los que quieren divertirse con una puesta en escena espectacular. Una apuesta para dar a conocer el jazz en nuevos formatos y por el gran p\u00fablico.<br \/>Este espect\u00e1culo es&nbsp; una colaboraci\u00f3n&nbsp; de La Girona Jazz Project y Cascai Teatre con el soporte&nbsp; del Festival Temporada Alta, ICEC y DIPUTACI\u00d3 DE GIRONA<br \/>","main_buy_link":"https:\/\/proticketing.com\/teatrecondal\/es_ES\/entradas\/evento\/23779","main_buy_links":"[\"https:\/\/proticketing.com\/teatrecondal\/es_ES\/entradas\/evento\/23779\"]","group_buy_link":"","show_language":"Espect\u00e1culo en catalan","show_duration":"90","show_start_date":"20220515000000","show_end_date":"20220515000000","show_sort_date":"20220515000000","txt_custom_show_dates":"el 15 de mayo de 2022","show_disciplines":"","show_ultimes_funcions":false,"hide_tarifes_especials":false,"show_properament":false,"txt_additional_info":"","txt_present":"","show_season":[90],"txt_season":"[\"2021\/22\"]","txt_cycle":"","txt_claim":"Un espect\u00e1culo donde teatro y m\u00fasica se unen para acercar el mundo del jazz a todos los p\u00fablicos.","txt_cast_excerpt":"","txt_cast":"<p>Creaci\u00f3n y direcci\u00f3n art\u00edstica:<strong> Marcel Tom\u00e0s<br \/><\/strong>Direcci\u00f3n musical y arreglos: <strong>Xavier Molina y Adri\u00e0 Bauz\u00f3<\/strong><\/p>\n<p>Reparto:<br \/><strong>Marcel Tom\u00e0s, Toni Escribano, Xavi Molina, Adri\u00e0 Bauz\u00f3, Jordi Casas, Tom\u00e0s Pujol, Aleix Cansell, Ra\u00fal Gallego, Albert Clap\u00e9s, Ra\u00fal P\u00e9rez, Pablo Mart\u00edn \/ Maria Cofan<\/strong><\/p>\n<p>Coreograf\u00eda y movimiento: <strong>Marta Ribera<br \/><\/strong>Regidor\u00eda y comunicaci\u00f3n: <strong>Irene Vila<br \/><\/strong>Producci\u00f3n: <strong>Susana Lloret<\/strong><\/p>\n<p>Dise\u00f1o de luces: <strong>Gerard Canadell<br \/><\/strong>Dise\u00f1o de sonido:<strong>Carles Xirgo<br \/><\/strong>Fotograf\u00eda y dise\u00f1o grafico:<strong>Marcel Asso<br \/><\/strong>V\u00eddeo: <strong>Videoestudi Arian Botey<\/strong><\/p>","txt_reviews":"","hashtag":"ElsColorsDeDukeEllington","have_promo":"","slogan":"","id_exhibicio":1896,"id_versio":1514,"id_local":3,"txt_seo_desc":"Els colors del Duke Ellington, un espect\u00e1culo dirigido por Xavier Molina i Adri\u00e0 Bauz\u00f3 en el Teatre Condal de Barcelona.","data_images":"[{\"localizer\":\"V3PORTADAWIDE\",\"url\":\"media\/ver\/port\/v3wide\/315DB\/01_088_00053487\/0-els-colors-de-duke-ellington-teatre-condal.jpg\",\"thumb_url\":\"media\/ver\/port\/v3wide\/315DB\/01_088_00053487\/0-els-colors-de-duke-ellington-teatre-condal_thumb.jpg\",\"title\":\"Els colors del Duke Ellington - Teatre Condal\",\"description\":\"els colors del duke ellington al teatre condal de barcelona\",\"copyright\":\"\",\"order\":1},{\"localizer\":\"V3PORTADA\",\"url\":\"media\/ver\/port\/v3\/315DB\/01_084_00053488\/1-els-colors-de-duke-ellington-teatre-condal.jpg\",\"thumb_url\":\"media\/ver\/port\/v3\/315DB\/01_084_00053488\/1-els-colors-de-duke-ellington-teatre-condal_thumb.jpg\",\"title\":\"Els colors del Duke Ellington - Teatre Condal\",\"description\":\"els colors del duke ellington al teatre condal de barcelona\",\"copyright\":\"\",\"order\":2},{\"localizer\":\"V3CARTELL\",\"url\":\"media\/ver\/cartell\/v3\/315DB\/01_085_00053489\/cartell-web-els-colors-de-duke-ellington-teatre-condal.jpg\",\"thumb_url\":\"media\/ver\/cartell\/v3\/315DB\/01_085_00053489\/cartell-web-els-colors-de-duke-ellington-teatre-condal_thumb.jpg\",\"title\":\"Els colors del Duke Ellington - Teatre Condal\",\"description\":\"els colors del duke ellington al teatre condal de barcelona\",\"copyright\":\"\",\"order\":3},{\"localizer\":\"V3SLIDE\",\"url\":\"media\/ftgalslide\/v3\/315DB\/01_086_00053490\/Els_colors_de_Duke_Ellington_033.jpg\",\"thumb_url\":\"media\/ftgalslide\/v3\/315DB\/01_086_00053490\/Els_colors_de_Duke_Ellington_033_thumb.jpg\",\"title\":\"Els colors del Duke Ellington - Teatre Condal\",\"description\":\"els colors del duke ellington al teatre condal de barcelona\",\"copyright\":\"\",\"order\":4}]","material__texto_intro":"","data_material":null,"data_gallery":"","data_discounts":"[]","contract_is_open":false,"in_tour":false},"yoast_head":"<!-- This site is optimized with the Yoast SEO plugin v27.5 - https:\/\/yoast.com\/product\/yoast-seo-wordpress\/ -->\n<title>Els colors de Duke Ellington - Teatre Condal<\/title>\n<meta name=\"robots\" content=\"index, follow, max-snippet:-1, max-image-preview:large, max-video-preview:-1\" \/>\n<link rel=\"canonical\" href=\"https:\/\/www.teatrecondal.cat\/es\/ex\/els-colors-de-duke-ellington\/\" \/>\n<script type=\"application\/ld+json\" class=\"yoast-schema-graph\">{\"@context\":\"https:\\\/\\\/schema.org\",\"@graph\":[{\"@type\":\"WebPage\",\"@id\":\"https:\\\/\\\/www.teatrecondal.cat\\\/es\\\/ex\\\/els-colors-de-duke-ellington\\\/\",\"url\":\"https:\\\/\\\/www.teatrecondal.cat\\\/es\\\/ex\\\/els-colors-de-duke-ellington\\\/\",\"name\":\"Els colors de Duke Ellington - Teatre Condal\",\"isPartOf\":{\"@id\":\"https:\\\/\\\/www.teatrecondal.cat\\\/es\\\/#website\"},\"datePublished\":\"2022-03-23T08:50:56+00:00\",\"breadcrumb\":{\"@id\":\"https:\\\/\\\/www.teatrecondal.cat\\\/es\\\/ex\\\/els-colors-de-duke-ellington\\\/#breadcrumb\"},\"inLanguage\":\"es\",\"potentialAction\":[{\"@type\":\"ReadAction\",\"target\":[\"https:\\\/\\\/www.teatrecondal.cat\\\/es\\\/ex\\\/els-colors-de-duke-ellington\\\/\"]}]},{\"@type\":\"BreadcrumbList\",\"@id\":\"https:\\\/\\\/www.teatrecondal.cat\\\/es\\\/ex\\\/els-colors-de-duke-ellington\\\/#breadcrumb\",\"itemListElement\":[{\"@type\":\"ListItem\",\"position\":1,\"name\":\"Inici\",\"item\":\"https:\\\/\\\/www.teatrecondal.cat\\\/es\\\/\"},{\"@type\":\"ListItem\",\"position\":2,\"name\":\"Espectacles\",\"item\":\"https:\\\/\\\/www.teatrecondal.cat\\\/es\\\/ex\\\/\"},{\"@type\":\"ListItem\",\"position\":3,\"name\":\"Els colors de Duke Ellington\"}]},{\"@type\":\"WebSite\",\"@id\":\"https:\\\/\\\/www.teatrecondal.cat\\\/es\\\/#website\",\"url\":\"https:\\\/\\\/www.teatrecondal.cat\\\/es\\\/\",\"name\":\"Teatre Condal\",\"description\":\"\",\"publisher\":{\"@id\":\"https:\\\/\\\/www.teatrecondal.cat\\\/es\\\/#organization\"},\"potentialAction\":[{\"@type\":\"SearchAction\",\"target\":{\"@type\":\"EntryPoint\",\"urlTemplate\":\"https:\\\/\\\/www.teatrecondal.cat\\\/es\\\/?s={search_term_string}\"},\"query-input\":{\"@type\":\"PropertyValueSpecification\",\"valueRequired\":true,\"valueName\":\"search_term_string\"}}],\"inLanguage\":\"es\"},{\"@type\":\"Organization\",\"@id\":\"https:\\\/\\\/www.teatrecondal.cat\\\/es\\\/#organization\",\"name\":\"Teatre Condal\",\"url\":\"https:\\\/\\\/www.teatrecondal.cat\\\/es\\\/\",\"logo\":{\"@type\":\"ImageObject\",\"inLanguage\":\"es\",\"@id\":\"https:\\\/\\\/www.teatrecondal.cat\\\/es\\\/#\\\/schema\\\/logo\\\/image\\\/\",\"url\":\"https:\\\/\\\/www.teatrecondal.cat\\\/wp-content\\\/uploads\\\/sites\\\/3\\\/2017\\\/09\\\/teatre-condal-logo.svg\",\"contentUrl\":\"https:\\\/\\\/www.teatrecondal.cat\\\/wp-content\\\/uploads\\\/sites\\\/3\\\/2017\\\/09\\\/teatre-condal-logo.svg\",\"width\":1,\"height\":1,\"caption\":\"Teatre Condal\"},\"image\":{\"@id\":\"https:\\\/\\\/www.teatrecondal.cat\\\/es\\\/#\\\/schema\\\/logo\\\/image\\\/\"},\"sameAs\":[\"http:\\\/\\\/www.facebook.com\\\/TeatreCondal\",\"https:\\\/\\\/x.com\\\/Teatre_Condal\",\"http:\\\/\\\/instagram.com\\\/teatre_condal\",\"http:\\\/\\\/www.youtube.com\\\/user\\\/TeatreCondal\"]}]}<\/script>\n<!-- \/ Yoast SEO plugin. -->","yoast_head_json":{"title":"Els colors de Duke Ellington - Teatre Condal","robots":{"index":"index","follow":"follow","max-snippet":"max-snippet:-1","max-image-preview":"max-image-preview:large","max-video-preview":"max-video-preview:-1"},"canonical":"https:\/\/www.teatrecondal.cat\/es\/ex\/els-colors-de-duke-ellington\/","schema":{"@context":"https:\/\/schema.org","@graph":[{"@type":"WebPage","@id":"https:\/\/www.teatrecondal.cat\/es\/ex\/els-colors-de-duke-ellington\/","url":"https:\/\/www.teatrecondal.cat\/es\/ex\/els-colors-de-duke-ellington\/","name":"Els colors de Duke Ellington - Teatre Condal","isPartOf":{"@id":"https:\/\/www.teatrecondal.cat\/es\/#website"},"datePublished":"2022-03-23T08:50:56+00:00","breadcrumb":{"@id":"https:\/\/www.teatrecondal.cat\/es\/ex\/els-colors-de-duke-ellington\/#breadcrumb"},"inLanguage":"es","potentialAction":[{"@type":"ReadAction","target":["https:\/\/www.teatrecondal.cat\/es\/ex\/els-colors-de-duke-ellington\/"]}]},{"@type":"BreadcrumbList","@id":"https:\/\/www.teatrecondal.cat\/es\/ex\/els-colors-de-duke-ellington\/#breadcrumb","itemListElement":[{"@type":"ListItem","position":1,"name":"Inici","item":"https:\/\/www.teatrecondal.cat\/es\/"},{"@type":"ListItem","position":2,"name":"Espectacles","item":"https:\/\/www.teatrecondal.cat\/es\/ex\/"},{"@type":"ListItem","position":3,"name":"Els colors de Duke Ellington"}]},{"@type":"WebSite","@id":"https:\/\/www.teatrecondal.cat\/es\/#website","url":"https:\/\/www.teatrecondal.cat\/es\/","name":"Teatre Condal","description":"","publisher":{"@id":"https:\/\/www.teatrecondal.cat\/es\/#organization"},"potentialAction":[{"@type":"SearchAction","target":{"@type":"EntryPoint","urlTemplate":"https:\/\/www.teatrecondal.cat\/es\/?s={search_term_string}"},"query-input":{"@type":"PropertyValueSpecification","valueRequired":true,"valueName":"search_term_string"}}],"inLanguage":"es"},{"@type":"Organization","@id":"https:\/\/www.teatrecondal.cat\/es\/#organization","name":"Teatre Condal","url":"https:\/\/www.teatrecondal.cat\/es\/","logo":{"@type":"ImageObject","inLanguage":"es","@id":"https:\/\/www.teatrecondal.cat\/es\/#\/schema\/logo\/image\/","url":"https:\/\/www.teatrecondal.cat\/wp-content\/uploads\/sites\/3\/2017\/09\/teatre-condal-logo.svg","contentUrl":"https:\/\/www.teatrecondal.cat\/wp-content\/uploads\/sites\/3\/2017\/09\/teatre-condal-logo.svg","width":1,"height":1,"caption":"Teatre Condal"},"image":{"@id":"https:\/\/www.teatrecondal.cat\/es\/#\/schema\/logo\/image\/"},"sameAs":["http:\/\/www.facebook.com\/TeatreCondal","https:\/\/x.com\/Teatre_Condal","http:\/\/instagram.com\/teatre_condal","http:\/\/www.youtube.com\/user\/TeatreCondal"]}]}},"translations":[{"id":3818,"locale":"ca"},{"id":4236,"locale":"es"}],"_links":{"self":[{"href":"https:\/\/www.teatrecondal.cat\/es\/wp-json\/wp\/v2\/ex\/4236","targetHints":{"allow":["GET"]}}],"collection":[{"href":"https:\/\/www.teatrecondal.cat\/es\/wp-json\/wp\/v2\/ex"}],"about":[{"href":"https:\/\/www.teatrecondal.cat\/es\/wp-json\/wp\/v2\/types\/ex"}],"author":[{"embeddable":true,"href":"https:\/\/www.teatrecondal.cat\/es\/wp-json\/wp\/v2\/users\/2"}],"replies":[{"embeddable":true,"href":"https:\/\/www.teatrecondal.cat\/es\/wp-json\/wp\/v2\/comments?post=4236"}],"acf:term":[{"embeddable":true,"taxonomy":"season","href":"https:\/\/www.teatrecondal.cat\/es\/wp-json\/wp\/v2\/season\/90"}],"wp:attachment":[{"href":"https:\/\/www.teatrecondal.cat\/es\/wp-json\/wp\/v2\/media?parent=4236"}],"curies":[{"name":"wp","href":"https:\/\/api.w.org\/{rel}","templated":true}]}}

Un espectáculo donde teatro y música se unen para acercar el mundo del jazz a todos los públicos.<br />De la mano de uno de los grandes compositores, directores e intérpretes de la historia del jazz, Duke Ellingnton, presentamos un concierto teatral, un espectáculo cómico y musical, donde una Big band de nueve músicos y dos actores nos presentarán un recorrido musical a través de la historia del jazz, pasando por el filtro humorístico y el universo creativo de Marcel Tomàs que además de ejercer como maestro de ceremonias, interpretará, junto con los músicos, coreografías, gags&nbsp; humorísticos y canciones.<br />Un espectáculo para que&nbsp; disfruten tanto los amantes de la música como los que quieren divertirse con una puesta en escena espectacular. Una apuesta para dar a conocer el jazz en nuevos formatos y por el gran público.<br />Este espectáculo es&nbsp; una colaboración&nbsp; de La Girona Jazz Project y Cascai Teatre con el soporte&nbsp; del Festival Temporada Alta, ICEC y DIPUTACIÓ DE GIRONA<br />

Espectáculo en catalan

Un espectáculo donde teatro y música se unen para acercar el mundo del jazz a todos los públicos.

<p>Creación y dirección artística:<strong> Marcel Tomàs<br /></strong>Dirección musical y arreglos: <strong>Xavier Molina y Adrià Bauzó</strong></p>
<p>Reparto:<br /><strong>Marcel Tomàs, Toni Escribano, Xavi Molina, Adrià Bauzó, Jordi Casas, Tomàs Pujol, Aleix Cansell, Raúl Gallego, Albert Clapés, Raúl Pérez, Pablo Martín / Maria Cofan</strong></p>
<p>Coreografía y movimiento: <strong>Marta Ribera<br /></strong>Regidoría y comunicación: <strong>Irene Vila<br /></strong>Producción: <strong>Susana Lloret</strong></p>
<p>Diseño de luces: <strong>Gerard Canadell<br /></strong>Diseño de sonido:<strong>Carles Xirgo<br /></strong>Fotografía y diseño grafico:<strong>Marcel Asso<br /></strong>Vídeo: <strong>Videoestudi Arian Botey</strong></p>

Els colors del Duke Ellington, un espectáculo dirigido por Xavier Molina i Adrià Bauzó en el Teatre Condal de Barcelona.
