{"id":4226,"date":"2021-09-02T07:49:57","date_gmt":"2021-09-02T05:49:57","guid":{"rendered":"https:\/\/pre.teatrecondal.cat\/ex\/\/ballet-de-barcelona-perspectives\/"},"modified":"2021-09-02T07:49:57","modified_gmt":"2021-09-02T05:49:57","slug":"ballet-de-barcelona-perspectives","status":"publish","type":"ex","link":"https:\/\/www.teatrecondal.cat\/es\/ex\/ballet-de-barcelona-perspectives\/","title":{"rendered":"Ballet de Barcelona &#8211; Perspectives"},"content":{"rendered":"","protected":false},"excerpt":{"rendered":"","protected":false},"author":2,"featured_media":0,"comment_status":"closed","ping_status":"closed","template":"","class_list":["post-4226","ex","type-ex","status-publish","hentry","season-2021-22"],"acf":{"txt_synopsis":"<p>El Ballet de Barcelona presenta Perspectives, un espect\u00e1culo basado en la figura de su director art\u00edstico, Chase Johnsey, un artista que ha roto moldes en la danza cl\u00e1sica revolucionando las estrictas normas de g\u00e9nero inherentes en esta disciplina. De la mano de Chase, conoceremos algunos de los estereotipos que a veces los bailarines, as\u00ed como el resto de los humanos, se ven obligados a no cuestionar para&nbsp; seguir encajando en nuestra sociedad. <br \/><\/p>\n<p>El espect\u00e1culo nos invita a emprender un viaje hacia un mundo de lucha, de sue\u00f1os y de transformaci\u00f3n, a partir de la figura ic\u00f3nica del cisne y la m\u00fasica de Txaikovski. Con 20 bailarines principales y cuerpo de baile del Ballet de Barcelona. <br \/><\/p>","main_buy_link":"https:\/\/proticketing.com\/teatrecondal\/es_ES\/entradas\/evento\/23798","main_buy_links":"[\"https:\/\/proticketing.com\/teatrecondal\/es_ES\/entradas\/evento\/23798\"]","group_buy_link":"","show_language":"","show_duration":"55","show_start_date":"20220521000000","show_end_date":"20220529000000","show_sort_date":"20220521000000","txt_custom_show_dates":"del 21 al 29 de mayo de 2022","show_disciplines":"","show_ultimes_funcions":false,"hide_tarifes_especials":false,"show_properament":false,"txt_additional_info":"","txt_present":"","show_season":[90],"txt_season":"[\"2021\/22\"]","txt_cycle":"","txt_claim":"<p class=\"MsoNormal\" style=\"MARGIN: 0cm 0cm 8pt\"><font face=\"Calibri\">El Ballet de Barcelona presenta Perspectives, un espect\u00e1culo basado en la figura de su director art\u00edstico, Chase Johnsey, un artista que ha roto moldes en la danza cl\u00e1sica revolucionando las estrictas normas de g\u00e9nero inherentes en esta disciplina. De la mano de Chase, conoceremos algunos de los estereotipos que a veces los bailarines, as\u00ed como el resto de los humanos, se ven obligados a no cuestionar para<span style=\"mso-spacerun: yes\">&nbsp; <\/span>seguir encajando en nuestra sociedad. <\/font><?xml:namespace prefix = \"o\" ns = \"urn:schemas-microsoft-com:office:office\" \/?><\/p>","txt_cast_excerpt":"","txt_cast":"<strong>Coreograf\u00eda:<\/strong> Ariadna Monfort, Chase Johnsey, Luke Prunty & David Rodriguez, Anna Ishii<br \/><strong>M\u00fasica:<\/strong> Verdi, Johan Hasse, Jakub J\u00f3zef, Pink Floyd, P.I Chaikovski<br \/><strong>18 Bailarines<\/strong> <br \/><strong>Estilos:<\/strong> cl\u00e1sico y contempor\u00e1neo. <br \/>","txt_reviews":"","hashtag":"BalletdeBarcelona","have_promo":"","slogan":"","id_exhibicio":1858,"id_versio":1485,"id_local":3,"txt_seo_desc":"Perspectivas, un espect\u00e1culo del Ballet de Barcelona, coreografiado por Ariadna Monfort, Chase Johnsey, Luke Prunty &amp; David Rodriguez, Anna Ishii, al Teatro Condal de Barcelona.","data_images":"[{\"localizer\":\"V3PORTADAWIDE\",\"url\":\"media\/ver\/port\/v3wide\/315DA\/01_088_00053297\/0-perspectives-teatre-condal.jpg\",\"thumb_url\":\"media\/ver\/port\/v3wide\/315DA\/01_088_00053297\/0-perspectives-teatre-condal_thumb.jpg\",\"title\":\"Perspectives - Teatre Condal\",\"description\":\"Perspectives al Teatre Condal de Barcelona\",\"copyright\":\"\",\"order\":4},{\"localizer\":\"V3SLIDE\",\"url\":\"media\/ftgalslide\/v3\/315DA\/01_086_00053298\/PERSPECTIVES_(2)_FOTO_Toti_Ferrer.JPG\",\"thumb_url\":\"media\/ftgalslide\/v3\/315DA\/01_086_00053298\/PERSPECTIVES_(2)_FOTO_Toti_Ferrer_thumb.jpg\",\"title\":\"Perspectives - Teatre Condal\",\"description\":\"Perspectives al Teatre Condal de Barcelona\",\"copyright\":\"\",\"order\":5},{\"localizer\":\"V3SLIDE\",\"url\":\"media\/ftgalslide\/v3\/315DB\/01_086_00053514\/PERSPECTIVES_Chase_Johnsey,_Anibal_Caballero_y_Juanjo_Alacid_-_FOTO_Toti_Ferrer.jpg\",\"thumb_url\":\"media\/ftgalslide\/v3\/315DB\/01_086_00053514\/PERSPECTIVES_Chase_Johnsey,_Anibal_Caballero_y_Juanjo_Alacid_-_FOTO_Toti_Ferrer_thumb.jpg\",\"title\":\"Perspectives - Teatre Condal\",\"description\":\" perspectives al teatre condal de barcelona\",\"copyright\":\"\",\"order\":6},{\"localizer\":\"V3SLIDE\",\"url\":\"media\/ftgalslide\/v3\/315DB\/01_086_00053516\/PERSPECTIVES_FOTO_Toti_Ferrer.JPG\",\"thumb_url\":\"media\/ftgalslide\/v3\/315DB\/01_086_00053516\/PERSPECTIVES_FOTO_Toti_Ferrer_thumb.jpg\",\"title\":\" Perspectives - Teatre Condal\",\"description\":\"perspectives al teatre condal de barcelona\",\"copyright\":\"\",\"order\":8},{\"localizer\":\"V3PORTADA\",\"url\":\"media\/ver\/port\/v3\/315DC\/01_084_00053569\/1-perspectives-teatre-condal.jpg\",\"thumb_url\":\"media\/ver\/port\/v3\/315DC\/01_084_00053569\/1-perspectives-teatre-condal_thumb.jpg\",\"title\":\"Ballet de Barcelona: Perspectives - Teatre Condal\",\"description\":\"ballet de barcelona perspectives al teatre condal de barcelona\",\"copyright\":\"\",\"order\":9},{\"localizer\":\"V3CARTELL\",\"url\":\"media\/ver\/cartell\/v3\/315DC\/01_085_00053570\/cartell-web-perspectives-teatre-condal.jpg\",\"thumb_url\":\"media\/ver\/cartell\/v3\/315DC\/01_085_00053570\/cartell-web-perspectives-teatre-condal_thumb.jpg\",\"title\":\"Ballet de Barcelona: Perspectives - Teatre Condal\",\"description\":\"ballet de barcelona perspectives al teatre condal de barcelona\",\"copyright\":\"\",\"order\":10}]","material__texto_intro":"","data_material":null,"data_gallery":"","data_discounts":"[]","contract_is_open":false,"in_tour":false},"yoast_head":"<!-- This site is optimized with the Yoast SEO plugin v27.5 - https:\/\/yoast.com\/product\/yoast-seo-wordpress\/ -->\n<title>Ballet de Barcelona - Perspectives - Teatre Condal<\/title>\n<meta name=\"robots\" content=\"index, follow, max-snippet:-1, max-image-preview:large, max-video-preview:-1\" \/>\n<link rel=\"canonical\" href=\"https:\/\/www.teatrecondal.cat\/es\/ex\/ballet-de-barcelona-perspectives\/\" \/>\n<script type=\"application\/ld+json\" class=\"yoast-schema-graph\">{\"@context\":\"https:\\\/\\\/schema.org\",\"@graph\":[{\"@type\":\"WebPage\",\"@id\":\"https:\\\/\\\/www.teatrecondal.cat\\\/es\\\/ex\\\/ballet-de-barcelona-perspectives\\\/\",\"url\":\"https:\\\/\\\/www.teatrecondal.cat\\\/es\\\/ex\\\/ballet-de-barcelona-perspectives\\\/\",\"name\":\"Ballet de Barcelona - Perspectives - Teatre Condal\",\"isPartOf\":{\"@id\":\"https:\\\/\\\/www.teatrecondal.cat\\\/es\\\/#website\"},\"datePublished\":\"2021-09-02T05:49:57+00:00\",\"breadcrumb\":{\"@id\":\"https:\\\/\\\/www.teatrecondal.cat\\\/es\\\/ex\\\/ballet-de-barcelona-perspectives\\\/#breadcrumb\"},\"inLanguage\":\"es\",\"potentialAction\":[{\"@type\":\"ReadAction\",\"target\":[\"https:\\\/\\\/www.teatrecondal.cat\\\/es\\\/ex\\\/ballet-de-barcelona-perspectives\\\/\"]}]},{\"@type\":\"BreadcrumbList\",\"@id\":\"https:\\\/\\\/www.teatrecondal.cat\\\/es\\\/ex\\\/ballet-de-barcelona-perspectives\\\/#breadcrumb\",\"itemListElement\":[{\"@type\":\"ListItem\",\"position\":1,\"name\":\"Inici\",\"item\":\"https:\\\/\\\/www.teatrecondal.cat\\\/es\\\/\"},{\"@type\":\"ListItem\",\"position\":2,\"name\":\"Espectacles\",\"item\":\"https:\\\/\\\/www.teatrecondal.cat\\\/es\\\/ex\\\/\"},{\"@type\":\"ListItem\",\"position\":3,\"name\":\"Ballet de Barcelona &#8211; Perspectives\"}]},{\"@type\":\"WebSite\",\"@id\":\"https:\\\/\\\/www.teatrecondal.cat\\\/es\\\/#website\",\"url\":\"https:\\\/\\\/www.teatrecondal.cat\\\/es\\\/\",\"name\":\"Teatre Condal\",\"description\":\"\",\"publisher\":{\"@id\":\"https:\\\/\\\/www.teatrecondal.cat\\\/es\\\/#organization\"},\"potentialAction\":[{\"@type\":\"SearchAction\",\"target\":{\"@type\":\"EntryPoint\",\"urlTemplate\":\"https:\\\/\\\/www.teatrecondal.cat\\\/es\\\/?s={search_term_string}\"},\"query-input\":{\"@type\":\"PropertyValueSpecification\",\"valueRequired\":true,\"valueName\":\"search_term_string\"}}],\"inLanguage\":\"es\"},{\"@type\":\"Organization\",\"@id\":\"https:\\\/\\\/www.teatrecondal.cat\\\/es\\\/#organization\",\"name\":\"Teatre Condal\",\"url\":\"https:\\\/\\\/www.teatrecondal.cat\\\/es\\\/\",\"logo\":{\"@type\":\"ImageObject\",\"inLanguage\":\"es\",\"@id\":\"https:\\\/\\\/www.teatrecondal.cat\\\/es\\\/#\\\/schema\\\/logo\\\/image\\\/\",\"url\":\"https:\\\/\\\/www.teatrecondal.cat\\\/wp-content\\\/uploads\\\/sites\\\/3\\\/2017\\\/09\\\/teatre-condal-logo.svg\",\"contentUrl\":\"https:\\\/\\\/www.teatrecondal.cat\\\/wp-content\\\/uploads\\\/sites\\\/3\\\/2017\\\/09\\\/teatre-condal-logo.svg\",\"width\":1,\"height\":1,\"caption\":\"Teatre Condal\"},\"image\":{\"@id\":\"https:\\\/\\\/www.teatrecondal.cat\\\/es\\\/#\\\/schema\\\/logo\\\/image\\\/\"},\"sameAs\":[\"http:\\\/\\\/www.facebook.com\\\/TeatreCondal\",\"https:\\\/\\\/x.com\\\/Teatre_Condal\",\"http:\\\/\\\/instagram.com\\\/teatre_condal\",\"http:\\\/\\\/www.youtube.com\\\/user\\\/TeatreCondal\"]}]}<\/script>\n<!-- \/ Yoast SEO plugin. -->","yoast_head_json":{"title":"Ballet de Barcelona - Perspectives - Teatre Condal","robots":{"index":"index","follow":"follow","max-snippet":"max-snippet:-1","max-image-preview":"max-image-preview:large","max-video-preview":"max-video-preview:-1"},"canonical":"https:\/\/www.teatrecondal.cat\/es\/ex\/ballet-de-barcelona-perspectives\/","schema":{"@context":"https:\/\/schema.org","@graph":[{"@type":"WebPage","@id":"https:\/\/www.teatrecondal.cat\/es\/ex\/ballet-de-barcelona-perspectives\/","url":"https:\/\/www.teatrecondal.cat\/es\/ex\/ballet-de-barcelona-perspectives\/","name":"Ballet de Barcelona - Perspectives - Teatre Condal","isPartOf":{"@id":"https:\/\/www.teatrecondal.cat\/es\/#website"},"datePublished":"2021-09-02T05:49:57+00:00","breadcrumb":{"@id":"https:\/\/www.teatrecondal.cat\/es\/ex\/ballet-de-barcelona-perspectives\/#breadcrumb"},"inLanguage":"es","potentialAction":[{"@type":"ReadAction","target":["https:\/\/www.teatrecondal.cat\/es\/ex\/ballet-de-barcelona-perspectives\/"]}]},{"@type":"BreadcrumbList","@id":"https:\/\/www.teatrecondal.cat\/es\/ex\/ballet-de-barcelona-perspectives\/#breadcrumb","itemListElement":[{"@type":"ListItem","position":1,"name":"Inici","item":"https:\/\/www.teatrecondal.cat\/es\/"},{"@type":"ListItem","position":2,"name":"Espectacles","item":"https:\/\/www.teatrecondal.cat\/es\/ex\/"},{"@type":"ListItem","position":3,"name":"Ballet de Barcelona &#8211; Perspectives"}]},{"@type":"WebSite","@id":"https:\/\/www.teatrecondal.cat\/es\/#website","url":"https:\/\/www.teatrecondal.cat\/es\/","name":"Teatre Condal","description":"","publisher":{"@id":"https:\/\/www.teatrecondal.cat\/es\/#organization"},"potentialAction":[{"@type":"SearchAction","target":{"@type":"EntryPoint","urlTemplate":"https:\/\/www.teatrecondal.cat\/es\/?s={search_term_string}"},"query-input":{"@type":"PropertyValueSpecification","valueRequired":true,"valueName":"search_term_string"}}],"inLanguage":"es"},{"@type":"Organization","@id":"https:\/\/www.teatrecondal.cat\/es\/#organization","name":"Teatre Condal","url":"https:\/\/www.teatrecondal.cat\/es\/","logo":{"@type":"ImageObject","inLanguage":"es","@id":"https:\/\/www.teatrecondal.cat\/es\/#\/schema\/logo\/image\/","url":"https:\/\/www.teatrecondal.cat\/wp-content\/uploads\/sites\/3\/2017\/09\/teatre-condal-logo.svg","contentUrl":"https:\/\/www.teatrecondal.cat\/wp-content\/uploads\/sites\/3\/2017\/09\/teatre-condal-logo.svg","width":1,"height":1,"caption":"Teatre Condal"},"image":{"@id":"https:\/\/www.teatrecondal.cat\/es\/#\/schema\/logo\/image\/"},"sameAs":["http:\/\/www.facebook.com\/TeatreCondal","https:\/\/x.com\/Teatre_Condal","http:\/\/instagram.com\/teatre_condal","http:\/\/www.youtube.com\/user\/TeatreCondal"]}]}},"translations":[{"id":3808,"locale":"ca"},{"id":4226,"locale":"es"}],"_links":{"self":[{"href":"https:\/\/www.teatrecondal.cat\/es\/wp-json\/wp\/v2\/ex\/4226","targetHints":{"allow":["GET"]}}],"collection":[{"href":"https:\/\/www.teatrecondal.cat\/es\/wp-json\/wp\/v2\/ex"}],"about":[{"href":"https:\/\/www.teatrecondal.cat\/es\/wp-json\/wp\/v2\/types\/ex"}],"author":[{"embeddable":true,"href":"https:\/\/www.teatrecondal.cat\/es\/wp-json\/wp\/v2\/users\/2"}],"replies":[{"embeddable":true,"href":"https:\/\/www.teatrecondal.cat\/es\/wp-json\/wp\/v2\/comments?post=4226"}],"acf:term":[{"embeddable":true,"taxonomy":"season","href":"https:\/\/www.teatrecondal.cat\/es\/wp-json\/wp\/v2\/season\/90"}],"wp:attachment":[{"href":"https:\/\/www.teatrecondal.cat\/es\/wp-json\/wp\/v2\/media?parent=4226"}],"curies":[{"name":"wp","href":"https:\/\/api.w.org\/{rel}","templated":true}]}}

<p>El Ballet de Barcelona presenta Perspectives, un espectáculo basado en la figura de su director artístico, Chase Johnsey, un artista que ha roto moldes en la danza clásica revolucionando las estrictas normas de género inherentes en esta disciplina. De la mano de Chase, conoceremos algunos de los estereotipos que a veces los bailarines, así como el resto de los humanos, se ven obligados a no cuestionar para&nbsp; seguir encajando en nuestra sociedad. <br /></p>
<p>El espectáculo nos invita a emprender un viaje hacia un mundo de lucha, de sueños y de transformación, a partir de la figura icónica del cisne y la música de Txaikovski. Con 20 bailarines principales y cuerpo de baile del Ballet de Barcelona. <br /></p>

<p class="MsoNormal" style="MARGIN: 0cm 0cm 8pt"><font face="Calibri">El Ballet de Barcelona presenta Perspectives, un espectáculo basado en la figura de su director artístico, Chase Johnsey, un artista que ha roto moldes en la danza clásica revolucionando las estrictas normas de género inherentes en esta disciplina. De la mano de Chase, conoceremos algunos de los estereotipos que a veces los bailarines, así como el resto de los humanos, se ven obligados a no cuestionar para<span style="mso-spacerun: yes">&nbsp; </span>seguir encajando en nuestra sociedad. </font><?xml:namespace prefix = "o" ns = "urn:schemas-microsoft-com:office:office" /?></p>

<strong>Coreografía:</strong> Ariadna Monfort, Chase Johnsey, Luke Prunty & David Rodriguez, Anna Ishii<br /><strong>Música:</strong> Verdi, Johan Hasse, Jakub Józef, Pink Floyd, P.I Chaikovski<br /><strong>18 Bailarines</strong> <br /><strong>Estilos:</strong> clásico y contemporáneo. <br />

Perspectivas, un espectáculo del Ballet de Barcelona, coreografiado por Ariadna Monfort, Chase Johnsey, Luke Prunty &amp; David Rodriguez, Anna Ishii, al Teatro Condal de Barcelona.
