{"id":4177,"date":"2019-01-17T10:19:51","date_gmt":"2019-01-17T09:19:51","guid":{"rendered":"https:\/\/pre.teatrecondal.cat\/ex\/\/venidos-a-menos\/"},"modified":"2019-01-17T10:19:51","modified_gmt":"2019-01-17T09:19:51","slug":"venidos-a-menos","status":"publish","type":"ex","link":"https:\/\/www.teatrecondal.cat\/es\/ex\/venidos-a-menos\/","title":{"rendered":"Venidos a Menos"},"content":{"rendered":"","protected":false},"excerpt":{"rendered":"","protected":false},"author":2,"featured_media":0,"comment_status":"closed","ping_status":"closed","template":"","class_list":["post-4177","ex","type-ex","status-publish","hentry","season-2018-19"],"acf":{"txt_synopsis":"<p>\u00bfQu\u00e9 es <em><strong>Venidos a Menos<\/strong><\/em>? No puede decirse que sea un musical ni una obra de teatro, pero tampoco un mon\u00f3logo. Es un espect\u00e1culo completo que a\u00fana m\u00fasica original (compuesta por <strong>Ordinas<\/strong> y letra escrita entre <strong>Puyol <\/strong>y <strong>Ordinas<\/strong>), parte de mon\u00f3logos y, sobre todo, mucho humor. Eso s\u00ed, no es apto para todos los p\u00fablicos. Temas \u00e1cidos, pol\u00edticamente incorrectos, atrevidos, punzantes... Un espect\u00e1culo en el que ambos artistas se r\u00eden de todo, incluso de ellos mismos. Una s\u00e1tira constante a la pol\u00edtica, la religi\u00f3n y al amor\u2026 \u00bfo se refieren al sexo?<br \/>Protagonizado por el televisivo <strong>Pablo Puyol<\/strong> y <strong>David Ordinas<\/strong>. Ambos se toman la vida con mucho, mucho humor. Hartos de o\u00edr hablar de crisis, que, si las cosas est\u00e1n mal y que ir\u00e1n peor, <strong>Pablo Puyol<\/strong> y <strong>David Ordinas<\/strong>, se pusieron manos a la obra y crearon el espect\u00e1culo <em><strong>Venidos a Menos<\/strong><\/em> con el que suman m\u00e1s de cinco a\u00f1os de \u00e9xitos por Espa\u00f1a.<\/p>","main_buy_link":"https:\/\/www.4tickets.es\/TeatreCondal\/public\/janto\/?Nivel=Evento&idEvento=CON104&Idioma=ES","main_buy_links":"","group_buy_link":"","show_language":"Espect\u00e1culo en castellano","show_duration":"90","show_start_date":"20190429000000","show_end_date":"20190429000000","show_sort_date":"20190429000000","txt_custom_show_dates":"el 29 de abril de 2019","show_disciplines":"","show_ultimes_funcions":false,"hide_tarifes_especials":false,"show_properament":false,"txt_additional_info":"","txt_present":"","show_season":[87],"txt_season":"[\"2018\/19\"]","txt_cycle":"","txt_claim":"","txt_cast_excerpt":"","txt_cast":"Letra y m\u00fasica: <strong>David Ordinas <\/strong>y&nbsp;<strong>Pablo Puyol<br \/><\/strong>Direcci\u00f3n: <strong>Miguel de \u00c1ngel<\/strong><br \/>Actores: <strong>David Ordinas <\/strong>y<strong>&nbsp;Pablo Puyol<\/strong><br \/>Producci\u00f3n: <strong>Lorena Toda<br \/><\/strong>","txt_reviews":"","hashtag":"venidosamenos","have_promo":"","slogan":"","id_exhibicio":1636,"id_versio":824,"id_local":3,"txt_seo_desc":"Llega Venidos a Menos al ONYRIC Teatre Condal un espect\u00e1culo musical complet\u00edsimo: mon\u00f3logos, humor y la m\u00fasica original de David Ordinas y Pablo Puyol.","data_images":"[{\"localizer\":\"V2CARTELL\",\"url\":\"media\/ver\/cartell\/312C2\/01_079_00031339\/300x427_VENIDOSAMENOS.jpg\",\"thumb_url\":\"media\/ver\/cartell\/312C2\/01_079_00031339\/300x427_VENIDOSAMENOS_thumb.jpg\",\"title\":\"Venidos a menos\",\"description\":\"Venidos a menos\",\"copyright\":\"\",\"order\":2},{\"localizer\":\"V3SLIDE\",\"url\":\"media\/ftgalslide\/v3\/314AD\/01_086_00046941\/venidos-a-menos-onyric-teatre-condal-barcelona-2.jpg\",\"thumb_url\":\"media\/ftgalslide\/v3\/314AD\/01_086_00046941\/venidos-a-menos-onyric-teatre-condal-barcelona-2_thumb.jpg\",\"title\":\"Venidos a Menos\",\"description\":\"venidos a menos teatre condal barcelona\",\"copyright\":\"\",\"order\":6},{\"localizer\":\"V3SLIDE\",\"url\":\"media\/ftgalslide\/v3\/314AD\/01_086_00046942\/venidos-a-menos-teatre-condal-barcelona-1.jpg\",\"thumb_url\":\"media\/ftgalslide\/v3\/314AD\/01_086_00046942\/venidos-a-menos-teatre-condal-barcelona-1_thumb.jpg\",\"title\":\"Venidos a Menos\",\"description\":\"venidos a menos teatre condal barcelona\",\"copyright\":\"\",\"order\":7},{\"localizer\":\"V3CARTELL\",\"url\":\"media\/ver\/cartell\/v3\/314AD\/01_085_00047030\/cartell-venidos-a-menos-pablo-puyol-david-ordinas-teatre-condal-barcelona.jpg\",\"thumb_url\":\"media\/ver\/cartell\/v3\/314AD\/01_085_00047030\/cartell-venidos-a-menos-pablo-puyol-david-ordinas-teatre-condal-barcelona_thumb.jpg\",\"title\":\"Venidos a menos - Teatre Condal\",\"description\":\"venidos a menos pablo puyol david ordinas teatre condal barcelona\",\"copyright\":\"\",\"order\":10},{\"localizer\":\"V3PORTADA\",\"url\":\"media\/ver\/port\/v3\/314B0\/01_084_00047847\/1-venidos-a-menos-onyric-teatre-condal-barcelona-promocio-abril.jpg\",\"thumb_url\":\"media\/ver\/port\/v3\/314B0\/01_084_00047847\/1-venidos-a-menos-onyric-teatre-condal-barcelona-promocio-abril_thumb.jpg\",\"title\":\"Venidos a Menos - Teatre Condal\",\"description\":\"venidos a menos onyric teatre condal barcelona\",\"copyright\":\"\",\"order\":13}]","material__texto_intro":"","data_material":null,"data_gallery":"","data_discounts":"[{\"InfoAddicional\":\"<p><strong>Descuentos para grupos y escuelas<br \/><\/strong><\/p>\",\"Url\":\"https:\/\/www.promentrada.com\/es\/catalog\/\",\"Codi\":\"CON104\",\"LogoUrl\":\"media\/fimage\/31389\/01_005_00038530\/logo_prome_nuevo_v_web.jpg\",\"TitolBoto\":\"Descuentos para grupos y escuelas\",\"Type\":\"discount\"},{\"InfoAddicional\":\"<p><strong>Descuentos para particulares<br \/><\/strong><\/p>\",\"Url\":\"http:\/\/vip.promentrada.com\",\"Codi\":\"CON104\",\"LogoUrl\":\"media\/fimage\/31389\/01_005_00038559\/logo_prome_vip_v_web.jpg\",\"TitolBoto\":\"Descuentos para particulares\",\"Type\":\"discount\"}]","contract_is_open":false,"in_tour":false},"yoast_head":"<!-- This site is optimized with the Yoast SEO plugin v27.4 - https:\/\/yoast.com\/product\/yoast-seo-wordpress\/ -->\n<title>Venidos a Menos - Teatre Condal<\/title>\n<meta name=\"robots\" content=\"index, follow, max-snippet:-1, max-image-preview:large, max-video-preview:-1\" \/>\n<link rel=\"canonical\" href=\"https:\/\/www.teatrecondal.cat\/es\/ex\/venidos-a-menos\/\" \/>\n<script type=\"application\/ld+json\" class=\"yoast-schema-graph\">{\"@context\":\"https:\\\/\\\/schema.org\",\"@graph\":[{\"@type\":\"WebPage\",\"@id\":\"https:\\\/\\\/www.teatrecondal.cat\\\/es\\\/ex\\\/venidos-a-menos\\\/\",\"url\":\"https:\\\/\\\/www.teatrecondal.cat\\\/es\\\/ex\\\/venidos-a-menos\\\/\",\"name\":\"Venidos a Menos - Teatre Condal\",\"isPartOf\":{\"@id\":\"https:\\\/\\\/www.teatrecondal.cat\\\/es\\\/#website\"},\"datePublished\":\"2019-01-17T09:19:51+00:00\",\"breadcrumb\":{\"@id\":\"https:\\\/\\\/www.teatrecondal.cat\\\/es\\\/ex\\\/venidos-a-menos\\\/#breadcrumb\"},\"inLanguage\":\"es\",\"potentialAction\":[{\"@type\":\"ReadAction\",\"target\":[\"https:\\\/\\\/www.teatrecondal.cat\\\/es\\\/ex\\\/venidos-a-menos\\\/\"]}]},{\"@type\":\"BreadcrumbList\",\"@id\":\"https:\\\/\\\/www.teatrecondal.cat\\\/es\\\/ex\\\/venidos-a-menos\\\/#breadcrumb\",\"itemListElement\":[{\"@type\":\"ListItem\",\"position\":1,\"name\":\"Inici\",\"item\":\"https:\\\/\\\/www.teatrecondal.cat\\\/es\\\/\"},{\"@type\":\"ListItem\",\"position\":2,\"name\":\"Espectacles\",\"item\":\"https:\\\/\\\/www.teatrecondal.cat\\\/es\\\/ex\\\/\"},{\"@type\":\"ListItem\",\"position\":3,\"name\":\"Venidos a Menos\"}]},{\"@type\":\"WebSite\",\"@id\":\"https:\\\/\\\/www.teatrecondal.cat\\\/es\\\/#website\",\"url\":\"https:\\\/\\\/www.teatrecondal.cat\\\/es\\\/\",\"name\":\"Teatre Condal\",\"description\":\"\",\"publisher\":{\"@id\":\"https:\\\/\\\/www.teatrecondal.cat\\\/es\\\/#organization\"},\"potentialAction\":[{\"@type\":\"SearchAction\",\"target\":{\"@type\":\"EntryPoint\",\"urlTemplate\":\"https:\\\/\\\/www.teatrecondal.cat\\\/es\\\/?s={search_term_string}\"},\"query-input\":{\"@type\":\"PropertyValueSpecification\",\"valueRequired\":true,\"valueName\":\"search_term_string\"}}],\"inLanguage\":\"es\"},{\"@type\":\"Organization\",\"@id\":\"https:\\\/\\\/www.teatrecondal.cat\\\/es\\\/#organization\",\"name\":\"Teatre Condal\",\"url\":\"https:\\\/\\\/www.teatrecondal.cat\\\/es\\\/\",\"logo\":{\"@type\":\"ImageObject\",\"inLanguage\":\"es\",\"@id\":\"https:\\\/\\\/www.teatrecondal.cat\\\/es\\\/#\\\/schema\\\/logo\\\/image\\\/\",\"url\":\"https:\\\/\\\/www.teatrecondal.cat\\\/wp-content\\\/uploads\\\/sites\\\/3\\\/2017\\\/09\\\/teatre-condal-logo.svg\",\"contentUrl\":\"https:\\\/\\\/www.teatrecondal.cat\\\/wp-content\\\/uploads\\\/sites\\\/3\\\/2017\\\/09\\\/teatre-condal-logo.svg\",\"width\":1,\"height\":1,\"caption\":\"Teatre Condal\"},\"image\":{\"@id\":\"https:\\\/\\\/www.teatrecondal.cat\\\/es\\\/#\\\/schema\\\/logo\\\/image\\\/\"},\"sameAs\":[\"http:\\\/\\\/www.facebook.com\\\/TeatreCondal\",\"https:\\\/\\\/x.com\\\/Teatre_Condal\",\"http:\\\/\\\/instagram.com\\\/teatre_condal\",\"http:\\\/\\\/www.youtube.com\\\/user\\\/TeatreCondal\"]}]}<\/script>\n<!-- \/ Yoast SEO plugin. -->","yoast_head_json":{"title":"Venidos a Menos - Teatre Condal","robots":{"index":"index","follow":"follow","max-snippet":"max-snippet:-1","max-image-preview":"max-image-preview:large","max-video-preview":"max-video-preview:-1"},"canonical":"https:\/\/www.teatrecondal.cat\/es\/ex\/venidos-a-menos\/","schema":{"@context":"https:\/\/schema.org","@graph":[{"@type":"WebPage","@id":"https:\/\/www.teatrecondal.cat\/es\/ex\/venidos-a-menos\/","url":"https:\/\/www.teatrecondal.cat\/es\/ex\/venidos-a-menos\/","name":"Venidos a Menos - Teatre Condal","isPartOf":{"@id":"https:\/\/www.teatrecondal.cat\/es\/#website"},"datePublished":"2019-01-17T09:19:51+00:00","breadcrumb":{"@id":"https:\/\/www.teatrecondal.cat\/es\/ex\/venidos-a-menos\/#breadcrumb"},"inLanguage":"es","potentialAction":[{"@type":"ReadAction","target":["https:\/\/www.teatrecondal.cat\/es\/ex\/venidos-a-menos\/"]}]},{"@type":"BreadcrumbList","@id":"https:\/\/www.teatrecondal.cat\/es\/ex\/venidos-a-menos\/#breadcrumb","itemListElement":[{"@type":"ListItem","position":1,"name":"Inici","item":"https:\/\/www.teatrecondal.cat\/es\/"},{"@type":"ListItem","position":2,"name":"Espectacles","item":"https:\/\/www.teatrecondal.cat\/es\/ex\/"},{"@type":"ListItem","position":3,"name":"Venidos a Menos"}]},{"@type":"WebSite","@id":"https:\/\/www.teatrecondal.cat\/es\/#website","url":"https:\/\/www.teatrecondal.cat\/es\/","name":"Teatre Condal","description":"","publisher":{"@id":"https:\/\/www.teatrecondal.cat\/es\/#organization"},"potentialAction":[{"@type":"SearchAction","target":{"@type":"EntryPoint","urlTemplate":"https:\/\/www.teatrecondal.cat\/es\/?s={search_term_string}"},"query-input":{"@type":"PropertyValueSpecification","valueRequired":true,"valueName":"search_term_string"}}],"inLanguage":"es"},{"@type":"Organization","@id":"https:\/\/www.teatrecondal.cat\/es\/#organization","name":"Teatre Condal","url":"https:\/\/www.teatrecondal.cat\/es\/","logo":{"@type":"ImageObject","inLanguage":"es","@id":"https:\/\/www.teatrecondal.cat\/es\/#\/schema\/logo\/image\/","url":"https:\/\/www.teatrecondal.cat\/wp-content\/uploads\/sites\/3\/2017\/09\/teatre-condal-logo.svg","contentUrl":"https:\/\/www.teatrecondal.cat\/wp-content\/uploads\/sites\/3\/2017\/09\/teatre-condal-logo.svg","width":1,"height":1,"caption":"Teatre Condal"},"image":{"@id":"https:\/\/www.teatrecondal.cat\/es\/#\/schema\/logo\/image\/"},"sameAs":["http:\/\/www.facebook.com\/TeatreCondal","https:\/\/x.com\/Teatre_Condal","http:\/\/instagram.com\/teatre_condal","http:\/\/www.youtube.com\/user\/TeatreCondal"]}]}},"translations":[{"id":3759,"locale":"ca"},{"id":4177,"locale":"es"}],"_links":{"self":[{"href":"https:\/\/www.teatrecondal.cat\/es\/wp-json\/wp\/v2\/ex\/4177","targetHints":{"allow":["GET"]}}],"collection":[{"href":"https:\/\/www.teatrecondal.cat\/es\/wp-json\/wp\/v2\/ex"}],"about":[{"href":"https:\/\/www.teatrecondal.cat\/es\/wp-json\/wp\/v2\/types\/ex"}],"author":[{"embeddable":true,"href":"https:\/\/www.teatrecondal.cat\/es\/wp-json\/wp\/v2\/users\/2"}],"replies":[{"embeddable":true,"href":"https:\/\/www.teatrecondal.cat\/es\/wp-json\/wp\/v2\/comments?post=4177"}],"acf:term":[{"embeddable":true,"taxonomy":"season","href":"https:\/\/www.teatrecondal.cat\/es\/wp-json\/wp\/v2\/season\/87"}],"wp:attachment":[{"href":"https:\/\/www.teatrecondal.cat\/es\/wp-json\/wp\/v2\/media?parent=4177"}],"curies":[{"name":"wp","href":"https:\/\/api.w.org\/{rel}","templated":true}]}}

<p>¿Qué es <em><strong>Venidos a Menos</strong></em>? No puede decirse que sea un musical ni una obra de teatro, pero tampoco un monólogo. Es un espectáculo completo que aúna música original (compuesta por <strong>Ordinas</strong> y letra escrita entre <strong>Puyol </strong>y <strong>Ordinas</strong>), parte de monólogos y, sobre todo, mucho humor. Eso sí, no es apto para todos los públicos. Temas ácidos, políticamente incorrectos, atrevidos, punzantes... Un espectáculo en el que ambos artistas se ríen de todo, incluso de ellos mismos. Una sátira constante a la política, la religión y al amor… ¿o se refieren al sexo?<br />Protagonizado por el televisivo <strong>Pablo Puyol</strong> y <strong>David Ordinas</strong>. Ambos se toman la vida con mucho, mucho humor. Hartos de oír hablar de crisis, que, si las cosas están mal y que irán peor, <strong>Pablo Puyol</strong> y <strong>David Ordinas</strong>, se pusieron manos a la obra y crearon el espectáculo <em><strong>Venidos a Menos</strong></em> con el que suman más de cinco años de éxitos por España.</p>

Espectáculo en castellano

Letra y música: <strong>David Ordinas </strong>y&nbsp;<strong>Pablo Puyol<br /></strong>Dirección: <strong>Miguel de Ángel</strong><br />Actores: <strong>David Ordinas </strong>y<strong>&nbsp;Pablo Puyol</strong><br />Producción: <strong>Lorena Toda<br /></strong>

Llega Venidos a Menos al ONYRIC Teatre Condal un espectáculo musical completísimo: monólogos, humor y la música original de David Ordinas y Pablo Puyol.
