{"id":4176,"date":"2019-01-17T09:37:51","date_gmt":"2019-01-17T08:37:51","guid":{"rendered":"https:\/\/pre.teatrecondal.cat\/ex\/\/desneixer\/"},"modified":"2019-01-17T09:37:51","modified_gmt":"2019-01-17T08:37:51","slug":"desneixer","status":"publish","type":"ex","link":"https:\/\/www.teatrecondal.cat\/es\/ex\/desneixer\/","title":{"rendered":"Desn\u00e9ixer"},"content":{"rendered":"","protected":false},"excerpt":{"rendered":"","protected":false},"author":2,"featured_media":0,"comment_status":"closed","ping_status":"closed","template":"","class_list":["post-4176","ex","type-ex","status-publish","hentry","season-2018-19"],"acf":{"txt_synopsis":"Llega a <strong>ONYRIC Teatre Condal<\/strong> un viaje emocional y sensible sobre el nexo de uni\u00f3n entre la poes\u00eda de Maria-Merc\u00e8 Mar\u00e7al y de Federico Garcia Lorca: la manera de afrontar el deseo, la homosexualidad, el anhelo de libertad, la muerte tr\u00e1gica y precoz... <br \/>El primer proyecto conjunto de <strong>Elena Gadel<\/strong> y de <strong>Andreu Gall\u00e9n<\/strong> amalgama poes\u00eda y m\u00fasica en un solo lenguaje a trav\u00e9s de la m\u00fasica de Andreu Gall\u00e9n y la voz de Elena Gadel. Un espect\u00e1culo imperdible para los apasionados por la m\u00fasica y la poes\u00eda.","main_buy_link":"https:\/\/www.4tickets.es\/TeatreCondal\/public\/janto\/?Nivel=Evento&idEvento=CON88&Idioma=ES","main_buy_links":"","group_buy_link":"","show_language":"Espect\u00e1culo en catal\u00e1n y castellano","show_duration":"75","show_start_date":"20190423000000","show_end_date":"20190423000000","show_sort_date":"20190423000000","txt_custom_show_dates":"el 23 de abril de 2019","show_disciplines":"","show_ultimes_funcions":false,"hide_tarifes_especials":false,"show_properament":false,"txt_additional_info":"","txt_present":"","show_season":[87],"txt_season":"[\"2018\/19\"]","txt_cycle":"","txt_claim":"","txt_cast_excerpt":"","txt_cast":"M\u00fasica:<strong> Andreu Gall\u00e9n <br \/><\/strong>Poes\u00eda: <strong>Maria-Merc\u00e8 Mar\u00e7al&nbsp;<\/strong>y<strong> Federico Garc\u00eda Lorca<br \/><\/strong>Con:&nbsp; <br \/><strong>Elena Gadel<\/strong> (Voz)<br \/><strong>Andreu Gall\u00e9n<\/strong> (Piano)<br \/><strong>Toni Pag\u00e8s <\/strong>(Percursi\u00f3n)<br \/><strong>Ernest Mart\u00ednez<\/strong> (Viol\u00edn)<br \/><strong>Guillermo Prats<\/strong> (Contrabajo)<br \/><strong>Albert Abad<\/strong> (Saxo\/clarinete)","txt_reviews":"","hashtag":"desn\u00e9ixer","have_promo":"","slogan":"","id_exhibicio":1635,"id_versio":1349,"id_local":3,"txt_seo_desc":"Desn\u00e9ixer es un viaje emocional, donde la poes\u00eda y la m\u00fasica se mezclan en un solo lenguaje a trav\u00e9s de la m\u00fasica de Andreu Gall\u00e9n y la voz de Elena Gadel.","data_images":"[{\"localizer\":\"V3SLIDE\",\"url\":\"media\/ftgalslide\/v3\/314AF\/01_086_00047550\/desneixer-elena-gadel-onyric-teatre-condal-barcelona.jpg\",\"thumb_url\":\"media\/ftgalslide\/v3\/314AF\/01_086_00047550\/desneixer-elena-gadel-onyric-teatre-condal-barcelona_thumb.jpg\",\"title\":\"Desn\u00e9ixer\",\"description\":\"desn\u00e9ixer elena gadel teatre condal barcelona\",\"copyright\":\"https:\/\/www.youtube.com\/watch?v=ynqwase0CK8\",\"order\":1},{\"localizer\":\"V3SLIDE\",\"url\":\"media\/ftgalslide\/v3\/314AD\/01_086_00046938\/desneixer-teatre-condal-barcelona.jpg\",\"thumb_url\":\"media\/ftgalslide\/v3\/314AD\/01_086_00046938\/desneixer-teatre-condal-barcelona_thumb.jpg\",\"title\":\"Desn\u00e9ixer\",\"description\":\"desn\u00e9ixer teatre condal barcelona\",\"copyright\":\"\",\"order\":3},{\"localizer\":\"V3CARTELL\",\"url\":\"media\/ver\/cartell\/v3\/314AD\/01_085_00046986\/cartell-desneixer-concert-sant-jordi-barcelona.jpg\",\"thumb_url\":\"media\/ver\/cartell\/v3\/314AD\/01_085_00046986\/cartell-desneixer-concert-sant-jordi-barcelona_thumb.jpg\",\"title\":\"Desn\u00e9ixer\",\"description\":\"Desn\u00e9ixer concert sant jordi barcelona\",\"copyright\":\"\",\"order\":4},{\"localizer\":\"V3PORTADA\",\"url\":\"media\/ver\/port\/v3\/314B0\/01_084_00047846\/1-desneixer-onyric-teatre-condal-barcelona-promocio-barcelona.jpg\",\"thumb_url\":\"media\/ver\/port\/v3\/314B0\/01_084_00047846\/1-desneixer-onyric-teatre-condal-barcelona-promocio-barcelona_thumb.jpg\",\"title\":\"Desn\u00e9ixer - ONYRIC Teatre Condal\",\"description\":\"desn\u00e9ixer teatre condal barcelona\",\"copyright\":\"\",\"order\":5}]","material__texto_intro":"","data_material":null,"data_gallery":"","data_discounts":"[{\"InfoAddicional\":\"<p><strong>Descuentos para grupos y escuelas<br \/><\/strong><\/p>\",\"Url\":\"https:\/\/www.promentrada.com\/es\/catalog\/\",\"Codi\":\"CON88\",\"LogoUrl\":\"media\/fimage\/31389\/01_005_00038530\/logo_prome_nuevo_v_web.jpg\",\"TitolBoto\":\"Descuentos para grupos y escuelas\",\"Type\":\"discount\"},{\"InfoAddicional\":\"<p><strong>Descuentos para particulares<br \/><\/strong><\/p>\",\"Url\":\"http:\/\/vip.promentrada.com\",\"Codi\":\"CON88\",\"LogoUrl\":\"media\/fimage\/31389\/01_005_00038559\/logo_prome_vip_v_web.jpg\",\"TitolBoto\":\"Descuentos para particulares\",\"Type\":\"discount\"}]","contract_is_open":false,"in_tour":false},"yoast_head":"<!-- This site is optimized with the Yoast SEO plugin v27.5 - https:\/\/yoast.com\/product\/yoast-seo-wordpress\/ -->\n<title>Desn\u00e9ixer - Teatre Condal<\/title>\n<meta name=\"robots\" content=\"index, follow, max-snippet:-1, max-image-preview:large, max-video-preview:-1\" \/>\n<link rel=\"canonical\" href=\"https:\/\/www.teatrecondal.cat\/es\/ex\/desneixer\/\" \/>\n<script type=\"application\/ld+json\" class=\"yoast-schema-graph\">{\"@context\":\"https:\\\/\\\/schema.org\",\"@graph\":[{\"@type\":\"WebPage\",\"@id\":\"https:\\\/\\\/www.teatrecondal.cat\\\/es\\\/ex\\\/desneixer\\\/\",\"url\":\"https:\\\/\\\/www.teatrecondal.cat\\\/es\\\/ex\\\/desneixer\\\/\",\"name\":\"Desn\u00e9ixer - Teatre Condal\",\"isPartOf\":{\"@id\":\"https:\\\/\\\/www.teatrecondal.cat\\\/es\\\/#website\"},\"datePublished\":\"2019-01-17T08:37:51+00:00\",\"breadcrumb\":{\"@id\":\"https:\\\/\\\/www.teatrecondal.cat\\\/es\\\/ex\\\/desneixer\\\/#breadcrumb\"},\"inLanguage\":\"es\",\"potentialAction\":[{\"@type\":\"ReadAction\",\"target\":[\"https:\\\/\\\/www.teatrecondal.cat\\\/es\\\/ex\\\/desneixer\\\/\"]}]},{\"@type\":\"BreadcrumbList\",\"@id\":\"https:\\\/\\\/www.teatrecondal.cat\\\/es\\\/ex\\\/desneixer\\\/#breadcrumb\",\"itemListElement\":[{\"@type\":\"ListItem\",\"position\":1,\"name\":\"Inici\",\"item\":\"https:\\\/\\\/www.teatrecondal.cat\\\/es\\\/\"},{\"@type\":\"ListItem\",\"position\":2,\"name\":\"Espectacles\",\"item\":\"https:\\\/\\\/www.teatrecondal.cat\\\/es\\\/ex\\\/\"},{\"@type\":\"ListItem\",\"position\":3,\"name\":\"Desn\u00e9ixer\"}]},{\"@type\":\"WebSite\",\"@id\":\"https:\\\/\\\/www.teatrecondal.cat\\\/es\\\/#website\",\"url\":\"https:\\\/\\\/www.teatrecondal.cat\\\/es\\\/\",\"name\":\"Teatre Condal\",\"description\":\"\",\"publisher\":{\"@id\":\"https:\\\/\\\/www.teatrecondal.cat\\\/es\\\/#organization\"},\"potentialAction\":[{\"@type\":\"SearchAction\",\"target\":{\"@type\":\"EntryPoint\",\"urlTemplate\":\"https:\\\/\\\/www.teatrecondal.cat\\\/es\\\/?s={search_term_string}\"},\"query-input\":{\"@type\":\"PropertyValueSpecification\",\"valueRequired\":true,\"valueName\":\"search_term_string\"}}],\"inLanguage\":\"es\"},{\"@type\":\"Organization\",\"@id\":\"https:\\\/\\\/www.teatrecondal.cat\\\/es\\\/#organization\",\"name\":\"Teatre Condal\",\"url\":\"https:\\\/\\\/www.teatrecondal.cat\\\/es\\\/\",\"logo\":{\"@type\":\"ImageObject\",\"inLanguage\":\"es\",\"@id\":\"https:\\\/\\\/www.teatrecondal.cat\\\/es\\\/#\\\/schema\\\/logo\\\/image\\\/\",\"url\":\"https:\\\/\\\/www.teatrecondal.cat\\\/wp-content\\\/uploads\\\/sites\\\/3\\\/2017\\\/09\\\/teatre-condal-logo.svg\",\"contentUrl\":\"https:\\\/\\\/www.teatrecondal.cat\\\/wp-content\\\/uploads\\\/sites\\\/3\\\/2017\\\/09\\\/teatre-condal-logo.svg\",\"width\":1,\"height\":1,\"caption\":\"Teatre Condal\"},\"image\":{\"@id\":\"https:\\\/\\\/www.teatrecondal.cat\\\/es\\\/#\\\/schema\\\/logo\\\/image\\\/\"},\"sameAs\":[\"http:\\\/\\\/www.facebook.com\\\/TeatreCondal\",\"https:\\\/\\\/x.com\\\/Teatre_Condal\",\"http:\\\/\\\/instagram.com\\\/teatre_condal\",\"http:\\\/\\\/www.youtube.com\\\/user\\\/TeatreCondal\"]}]}<\/script>\n<!-- \/ Yoast SEO plugin. -->","yoast_head_json":{"title":"Desn\u00e9ixer - Teatre Condal","robots":{"index":"index","follow":"follow","max-snippet":"max-snippet:-1","max-image-preview":"max-image-preview:large","max-video-preview":"max-video-preview:-1"},"canonical":"https:\/\/www.teatrecondal.cat\/es\/ex\/desneixer\/","schema":{"@context":"https:\/\/schema.org","@graph":[{"@type":"WebPage","@id":"https:\/\/www.teatrecondal.cat\/es\/ex\/desneixer\/","url":"https:\/\/www.teatrecondal.cat\/es\/ex\/desneixer\/","name":"Desn\u00e9ixer - Teatre Condal","isPartOf":{"@id":"https:\/\/www.teatrecondal.cat\/es\/#website"},"datePublished":"2019-01-17T08:37:51+00:00","breadcrumb":{"@id":"https:\/\/www.teatrecondal.cat\/es\/ex\/desneixer\/#breadcrumb"},"inLanguage":"es","potentialAction":[{"@type":"ReadAction","target":["https:\/\/www.teatrecondal.cat\/es\/ex\/desneixer\/"]}]},{"@type":"BreadcrumbList","@id":"https:\/\/www.teatrecondal.cat\/es\/ex\/desneixer\/#breadcrumb","itemListElement":[{"@type":"ListItem","position":1,"name":"Inici","item":"https:\/\/www.teatrecondal.cat\/es\/"},{"@type":"ListItem","position":2,"name":"Espectacles","item":"https:\/\/www.teatrecondal.cat\/es\/ex\/"},{"@type":"ListItem","position":3,"name":"Desn\u00e9ixer"}]},{"@type":"WebSite","@id":"https:\/\/www.teatrecondal.cat\/es\/#website","url":"https:\/\/www.teatrecondal.cat\/es\/","name":"Teatre Condal","description":"","publisher":{"@id":"https:\/\/www.teatrecondal.cat\/es\/#organization"},"potentialAction":[{"@type":"SearchAction","target":{"@type":"EntryPoint","urlTemplate":"https:\/\/www.teatrecondal.cat\/es\/?s={search_term_string}"},"query-input":{"@type":"PropertyValueSpecification","valueRequired":true,"valueName":"search_term_string"}}],"inLanguage":"es"},{"@type":"Organization","@id":"https:\/\/www.teatrecondal.cat\/es\/#organization","name":"Teatre Condal","url":"https:\/\/www.teatrecondal.cat\/es\/","logo":{"@type":"ImageObject","inLanguage":"es","@id":"https:\/\/www.teatrecondal.cat\/es\/#\/schema\/logo\/image\/","url":"https:\/\/www.teatrecondal.cat\/wp-content\/uploads\/sites\/3\/2017\/09\/teatre-condal-logo.svg","contentUrl":"https:\/\/www.teatrecondal.cat\/wp-content\/uploads\/sites\/3\/2017\/09\/teatre-condal-logo.svg","width":1,"height":1,"caption":"Teatre Condal"},"image":{"@id":"https:\/\/www.teatrecondal.cat\/es\/#\/schema\/logo\/image\/"},"sameAs":["http:\/\/www.facebook.com\/TeatreCondal","https:\/\/x.com\/Teatre_Condal","http:\/\/instagram.com\/teatre_condal","http:\/\/www.youtube.com\/user\/TeatreCondal"]}]}},"translations":[{"id":3758,"locale":"ca"},{"id":4176,"locale":"es"}],"_links":{"self":[{"href":"https:\/\/www.teatrecondal.cat\/es\/wp-json\/wp\/v2\/ex\/4176","targetHints":{"allow":["GET"]}}],"collection":[{"href":"https:\/\/www.teatrecondal.cat\/es\/wp-json\/wp\/v2\/ex"}],"about":[{"href":"https:\/\/www.teatrecondal.cat\/es\/wp-json\/wp\/v2\/types\/ex"}],"author":[{"embeddable":true,"href":"https:\/\/www.teatrecondal.cat\/es\/wp-json\/wp\/v2\/users\/2"}],"replies":[{"embeddable":true,"href":"https:\/\/www.teatrecondal.cat\/es\/wp-json\/wp\/v2\/comments?post=4176"}],"acf:term":[{"embeddable":true,"taxonomy":"season","href":"https:\/\/www.teatrecondal.cat\/es\/wp-json\/wp\/v2\/season\/87"}],"wp:attachment":[{"href":"https:\/\/www.teatrecondal.cat\/es\/wp-json\/wp\/v2\/media?parent=4176"}],"curies":[{"name":"wp","href":"https:\/\/api.w.org\/{rel}","templated":true}]}}

Desnéixer

Llega a <strong>ONYRIC Teatre Condal</strong> un viaje emocional y sensible sobre el nexo de unión entre la poesía de Maria-Mercè Marçal y de Federico Garcia Lorca: la manera de afrontar el deseo, la homosexualidad, el anhelo de libertad, la muerte trágica y precoz... <br />El primer proyecto conjunto de <strong>Elena Gadel</strong> y de <strong>Andreu Gallén</strong> amalgama poesía y música en un solo lenguaje a través de la música de Andreu Gallén y la voz de Elena Gadel. Un espectáculo imperdible para los apasionados por la música y la poesía.

Espectáculo en catalán y castellano

Música:<strong> Andreu Gallén <br /></strong>Poesía: <strong>Maria-Mercè Marçal&nbsp;</strong>y<strong> Federico García Lorca<br /></strong>Con:&nbsp; <br /><strong>Elena Gadel</strong> (Voz)<br /><strong>Andreu Gallén</strong> (Piano)<br /><strong>Toni Pagès </strong>(Percursión)<br /><strong>Ernest Martínez</strong> (Violín)<br /><strong>Guillermo Prats</strong> (Contrabajo)<br /><strong>Albert Abad</strong> (Saxo/clarinete)

desnéixer

Desnéixer es un viaje emocional, donde la poesía y la música se mezclan en un solo lenguaje a través de la música de Andreu Gallén y la voz de Elena Gadel.

[{"localizer":"V3SLIDE","url":"media/ftgalslide/v3/314AF/01_086_00047550/desneixer-elena-gadel-onyric-teatre-condal-barcelona.jpg","thumb_url":"media/ftgalslide/v3/314AF/01_086_00047550/desneixer-elena-gadel-onyric-teatre-condal-barcelona_thumb.jpg","title":"Desnéixer","description":"desnéixer elena gadel teatre condal barcelona","copyright":"https://www.youtube.com/watch?v=ynqwase0CK8","order":1},{"localizer":"V3SLIDE","url":"media/ftgalslide/v3/314AD/01_086_00046938/desneixer-teatre-condal-barcelona.jpg","thumb_url":"media/ftgalslide/v3/314AD/01_086_00046938/desneixer-teatre-condal-barcelona_thumb.jpg","title":"Desnéixer","description":"desnéixer teatre condal barcelona","copyright":"","order":3},{"localizer":"V3CARTELL","url":"media/ver/cartell/v3/314AD/01_085_00046986/cartell-desneixer-concert-sant-jordi-barcelona.jpg","thumb_url":"media/ver/cartell/v3/314AD/01_085_00046986/cartell-desneixer-concert-sant-jordi-barcelona_thumb.jpg","title":"Desnéixer","description":"Desnéixer concert sant jordi barcelona","copyright":"","order":4},{"localizer":"V3PORTADA","url":"media/ver/port/v3/314B0/01_084_00047846/1-desneixer-onyric-teatre-condal-barcelona-promocio-barcelona.jpg","thumb_url":"media/ver/port/v3/314B0/01_084_00047846/1-desneixer-onyric-teatre-condal-barcelona-promocio-barcelona_thumb.jpg","title":"Desnéixer - ONYRIC Teatre Condal","description":"desnéixer teatre condal barcelona","copyright":"","order":5}]

<!-- This site is optimized with the Yoast SEO plugin v27.5 - https://yoast.com/product/yoast-seo-wordpress/ -->
<title>Desnéixer - Teatre Condal</title>
<meta name="robots" content="index, follow, max-snippet:-1, max-image-preview:large, max-video-preview:-1" />
<link rel="canonical" href="https://www.teatrecondal.cat/es/ex/desneixer/" />
<script type="application/ld+json" class="yoast-schema-graph">{"@context":"https:\/\/schema.org","@graph":[{"@type":"WebPage","@id":"https:\/\/www.teatrecondal.cat\/es\/ex\/desneixer\/","url":"https:\/\/www.teatrecondal.cat\/es\/ex\/desneixer\/","name":"Desnéixer - Teatre Condal","isPartOf":{"@id":"https:\/\/www.teatrecondal.cat\/es\/#website"},"datePublished":"2019-01-17T08:37:51+00:00","breadcrumb":{"@id":"https:\/\/www.teatrecondal.cat\/es\/ex\/desneixer\/#breadcrumb"},"inLanguage":"es","potentialAction":[{"@type":"ReadAction","target":["https:\/\/www.teatrecondal.cat\/es\/ex\/desneixer\/"]}]},{"@type":"BreadcrumbList","@id":"https:\/\/www.teatrecondal.cat\/es\/ex\/desneixer\/#breadcrumb","itemListElement":[{"@type":"ListItem","position":1,"name":"Inici","item":"https:\/\/www.teatrecondal.cat\/es\/"},{"@type":"ListItem","position":2,"name":"Espectacles","item":"https:\/\/www.teatrecondal.cat\/es\/ex\/"},{"@type":"ListItem","position":3,"name":"Desnéixer"}]},{"@type":"WebSite","@id":"https:\/\/www.teatrecondal.cat\/es\/#website","url":"https:\/\/www.teatrecondal.cat\/es\/","name":"Teatre Condal","description":"","publisher":{"@id":"https:\/\/www.teatrecondal.cat\/es\/#organization"},"potentialAction":[{"@type":"SearchAction","target":{"@type":"EntryPoint","urlTemplate":"https:\/\/www.teatrecondal.cat\/es\/?s={search_term_string}"},"query-input":{"@type":"PropertyValueSpecification","valueRequired":true,"valueName":"search_term_string"}}],"inLanguage":"es"},{"@type":"Organization","@id":"https:\/\/www.teatrecondal.cat\/es\/#organization","name":"Teatre Condal","url":"https:\/\/www.teatrecondal.cat\/es\/","logo":{"@type":"ImageObject","inLanguage":"es","@id":"https:\/\/www.teatrecondal.cat\/es\/#\/schema\/logo\/image\/","url":"https:\/\/www.teatrecondal.cat\/wp-content\/uploads\/sites\/3\/2017\/09\/teatre-condal-logo.svg","contentUrl":"https:\/\/www.teatrecondal.cat\/wp-content\/uploads\/sites\/3\/2017\/09\/teatre-condal-logo.svg","width":1,"height":1,"caption":"Teatre Condal"},"image":{"@id":"https:\/\/www.teatrecondal.cat\/es\/#\/schema\/logo\/image\/"},"sameAs":["http:\/\/www.facebook.com\/TeatreCondal","https:\/\/x.com\/Teatre_Condal","http:\/\/instagram.com\/teatre_condal","http:\/\/www.youtube.com\/user\/TeatreCondal"]}]}</script>
<!-- / Yoast SEO plugin. -->

Desnéixer - Teatre Condal
