{"id":4175,"date":"2019-01-16T13:27:19","date_gmt":"2019-01-16T12:27:19","guid":{"rendered":"https:\/\/pre.teatrecondal.cat\/ex\/\/daniel-angles-punto-de-rocio\/"},"modified":"2023-09-04T16:06:50","modified_gmt":"2023-09-04T14:06:50","slug":"daniel-angles-punto-de-rocio-2018-19","status":"publish","type":"ex","link":"https:\/\/www.teatrecondal.cat\/es\/ex\/daniel-angles-punto-de-rocio-2018-19\/","title":{"rendered":"Daniel Angl\u00e8s. Punto de Roc\u00edo"},"content":{"rendered":"","protected":false},"excerpt":{"rendered":"","protected":false},"author":2,"featured_media":0,"comment_status":"closed","ping_status":"closed","template":"","class_list":["post-4175","ex","type-ex","status-publish","hentry","season-2018-19"],"acf":{"txt_synopsis":"<strong>Daniel Angl\u00e8s<\/strong> habla sobre el amor y el desamor a <em><strong>Punto de Roc\u00edo<\/strong><\/em>, mientras redescubre las canciones de <strong>Roc\u00edo Jurado<\/strong> en un concierto delicadamente apasionado.&nbsp; <br \/>Coincidiendo con el aniversario de la muerte de \u201cla m\u00e1s grande\u201d, el artista interpretar\u00e1 las canciones del exquisito disco que grab\u00f3, con producci\u00f3n musical y arreglos de <strong>Marc Sambola<\/strong>.<br \/>El director art\u00edstico del <strong>ONYRIC Teatre Condal<\/strong>, <strong>Daniel Angl\u00e8s<\/strong>, cumpli\u00f3 uno de sus sue\u00f1os: publicar un \u00e1lbum de versiones de <strong><em>Roc\u00edo Jurado<\/em><\/strong>. Son canciones que, como \u00e9l mismo ha manifestado, fueron la banda sonora de su infancia y se metieron tanto en su cabeza como en su coraz\u00f3n. <strong><em>Punto de Roc\u00edo<\/em><\/strong> incluye algunos de los cl\u00e1sicos que Jurado inmortaliz\u00f3, historias delicadas llenas de pasi\u00f3n y emoci\u00f3n magistralmente interpretadas por el actor y cantante.","main_buy_link":"https:\/\/www.4tickets.es\/TeatreCondal\/public\/janto\/?Nivel=Evento&idEvento=CON94&Idioma=ES","main_buy_links":"","group_buy_link":"","show_language":"Espect\u00e1culo en castellano","show_duration":"90","show_start_date":"20190601000000","show_end_date":"20190601000000","show_sort_date":"20190601000000","txt_custom_show_dates":"el 1 de junio de 2019","show_disciplines":"","show_ultimes_funcions":false,"hide_tarifes_especials":false,"show_properament":false,"txt_additional_info":"","txt_present":"","show_season":[87],"txt_season":"[\"2018\/19\"]","txt_cycle":"Club ONYRIC - 15","txt_claim":"","txt_cast_excerpt":"","txt_cast":"Con:<br \/><strong>Daniel Angl\u00e8s<\/strong> (voz)<br \/><strong>Marc Sambola<\/strong> (guitarra)","txt_reviews":"","hashtag":"puntoderoc\u00edo","have_promo":"","slogan":"","id_exhibicio":1634,"id_versio":1348,"id_local":3,"txt_seo_desc":"Una cita con el amor y el desamor de la mano del director art\u00edstico del ONYRIC Teatre Condal: Daniel Angl\u00e8s, quien redescubre las canciones de Roc\u00edo Jurado.","data_images":"[{\"localizer\":\"V3PORTADA\",\"url\":\"media\/ver\/port\/v3\/314AD\/01_084_00046925\/1-daniel-angles-punto-de-rocio-onyric-musical-teatre-condal-barcelona.jpg\",\"thumb_url\":\"media\/ver\/port\/v3\/314AD\/01_084_00046925\/1-daniel-angles-punto-de-rocio-onyric-musical-teatre-condal-barcelona_thumb.jpg\",\"title\":\"Daniel Angl\u00e8s. Punto de Roc\u00edo\",\"description\":\"Daniel Angl\u00e8s. Punto de Roc\u00edo Teatre Condal Barcelona\",\"copyright\":\"\",\"order\":1},{\"localizer\":\"V3CARTELL\",\"url\":\"media\/ver\/cartell\/v3\/314AD\/01_085_00046926\/cartellweb-daniel-angles-punto-de-rocio-onyric-musical-teatre-condal-barcelona.jpg\",\"thumb_url\":\"media\/ver\/cartell\/v3\/314AD\/01_085_00046926\/cartellweb-daniel-angles-punto-de-rocio-onyric-musical-teatre-condal-barcelona_thumb.jpg\",\"title\":\"Daniel Angl\u00e8s. Punto de Roc\u00edo\",\"description\":\"Daniel Angl\u00e8s. Punto de Roc\u00edo Teatre Condal Barcelona\",\"copyright\":\"\",\"order\":2},{\"localizer\":\"V3SLIDE\",\"url\":\"media\/ftgalslide\/v3\/314AD\/01_086_00046927\/daniel-angles-punto-de-rocio-teatre-condal.jpg\",\"thumb_url\":\"media\/ftgalslide\/v3\/314AD\/01_086_00046927\/daniel-angles-punto-de-rocio-teatre-condal_thumb.jpg\",\"title\":\"Daniel Angl\u00e8s. Punto de Roc\u00edo\",\"description\":\"Daniel Angl\u00e8s. Punto de Roc\u00edo Teatre Condal Barcelona\",\"copyright\":\"\",\"order\":3}]","material__texto_intro":"","data_material":null,"data_gallery":"","data_discounts":"[{\"InfoAddicional\":\"<p><strong>Descuentos para grupos y escuelas<br \/><\/strong><\/p>\",\"Url\":\"https:\/\/www.promentrada.com\/es\/catalog\/\",\"Codi\":\"CON94\",\"LogoUrl\":\"media\/fimage\/31389\/01_005_00038530\/logo_prome_nuevo_v_web.jpg\",\"TitolBoto\":\"Descuentos para grupos y escuelas\",\"Type\":\"discount\"},{\"InfoAddicional\":\"<p><strong>Descuentos para particulares<br \/><\/strong><\/p>\",\"Url\":\"http:\/\/vip.promentrada.com\",\"Codi\":\"CON94\",\"LogoUrl\":\"media\/fimage\/31389\/01_005_00038559\/logo_prome_vip_v_web.jpg\",\"TitolBoto\":\"Descuentos para particulares\",\"Type\":\"discount\"}]","contract_is_open":false,"in_tour":false},"yoast_head":"<!-- This site is optimized with the Yoast SEO plugin v27.5 - https:\/\/yoast.com\/product\/yoast-seo-wordpress\/ -->\n<title>Daniel Angl\u00e8s. Punto de Roc\u00edo - Teatre Condal<\/title>\n<meta name=\"robots\" content=\"index, follow, max-snippet:-1, max-image-preview:large, max-video-preview:-1\" \/>\n<link rel=\"canonical\" href=\"https:\/\/www.teatrecondal.cat\/es\/ex\/daniel-angles-punto-de-rocio-2018-19\/\" \/>\n<script type=\"application\/ld+json\" class=\"yoast-schema-graph\">{\"@context\":\"https:\\\/\\\/schema.org\",\"@graph\":[{\"@type\":\"WebPage\",\"@id\":\"https:\\\/\\\/www.teatrecondal.cat\\\/es\\\/ex\\\/daniel-angles-punto-de-rocio-2018-19\\\/\",\"url\":\"https:\\\/\\\/www.teatrecondal.cat\\\/es\\\/ex\\\/daniel-angles-punto-de-rocio-2018-19\\\/\",\"name\":\"Daniel Angl\u00e8s. Punto de Roc\u00edo - Teatre Condal\",\"isPartOf\":{\"@id\":\"https:\\\/\\\/www.teatrecondal.cat\\\/es\\\/#website\"},\"datePublished\":\"2019-01-16T12:27:19+00:00\",\"dateModified\":\"2023-09-04T14:06:50+00:00\",\"breadcrumb\":{\"@id\":\"https:\\\/\\\/www.teatrecondal.cat\\\/es\\\/ex\\\/daniel-angles-punto-de-rocio-2018-19\\\/#breadcrumb\"},\"inLanguage\":\"es\",\"potentialAction\":[{\"@type\":\"ReadAction\",\"target\":[\"https:\\\/\\\/www.teatrecondal.cat\\\/es\\\/ex\\\/daniel-angles-punto-de-rocio-2018-19\\\/\"]}]},{\"@type\":\"BreadcrumbList\",\"@id\":\"https:\\\/\\\/www.teatrecondal.cat\\\/es\\\/ex\\\/daniel-angles-punto-de-rocio-2018-19\\\/#breadcrumb\",\"itemListElement\":[{\"@type\":\"ListItem\",\"position\":1,\"name\":\"Inici\",\"item\":\"https:\\\/\\\/www.teatrecondal.cat\\\/es\\\/\"},{\"@type\":\"ListItem\",\"position\":2,\"name\":\"Espectacles\",\"item\":\"https:\\\/\\\/www.teatrecondal.cat\\\/es\\\/ex\\\/\"},{\"@type\":\"ListItem\",\"position\":3,\"name\":\"Daniel Angl\u00e8s. Punto de Roc\u00edo\"}]},{\"@type\":\"WebSite\",\"@id\":\"https:\\\/\\\/www.teatrecondal.cat\\\/es\\\/#website\",\"url\":\"https:\\\/\\\/www.teatrecondal.cat\\\/es\\\/\",\"name\":\"Teatre Condal\",\"description\":\"\",\"publisher\":{\"@id\":\"https:\\\/\\\/www.teatrecondal.cat\\\/es\\\/#organization\"},\"potentialAction\":[{\"@type\":\"SearchAction\",\"target\":{\"@type\":\"EntryPoint\",\"urlTemplate\":\"https:\\\/\\\/www.teatrecondal.cat\\\/es\\\/?s={search_term_string}\"},\"query-input\":{\"@type\":\"PropertyValueSpecification\",\"valueRequired\":true,\"valueName\":\"search_term_string\"}}],\"inLanguage\":\"es\"},{\"@type\":\"Organization\",\"@id\":\"https:\\\/\\\/www.teatrecondal.cat\\\/es\\\/#organization\",\"name\":\"Teatre Condal\",\"url\":\"https:\\\/\\\/www.teatrecondal.cat\\\/es\\\/\",\"logo\":{\"@type\":\"ImageObject\",\"inLanguage\":\"es\",\"@id\":\"https:\\\/\\\/www.teatrecondal.cat\\\/es\\\/#\\\/schema\\\/logo\\\/image\\\/\",\"url\":\"https:\\\/\\\/www.teatrecondal.cat\\\/wp-content\\\/uploads\\\/sites\\\/3\\\/2017\\\/09\\\/teatre-condal-logo.svg\",\"contentUrl\":\"https:\\\/\\\/www.teatrecondal.cat\\\/wp-content\\\/uploads\\\/sites\\\/3\\\/2017\\\/09\\\/teatre-condal-logo.svg\",\"width\":1,\"height\":1,\"caption\":\"Teatre Condal\"},\"image\":{\"@id\":\"https:\\\/\\\/www.teatrecondal.cat\\\/es\\\/#\\\/schema\\\/logo\\\/image\\\/\"},\"sameAs\":[\"http:\\\/\\\/www.facebook.com\\\/TeatreCondal\",\"https:\\\/\\\/x.com\\\/Teatre_Condal\",\"http:\\\/\\\/instagram.com\\\/teatre_condal\",\"http:\\\/\\\/www.youtube.com\\\/user\\\/TeatreCondal\"]}]}<\/script>\n<!-- \/ Yoast SEO plugin. -->","yoast_head_json":{"title":"Daniel Angl\u00e8s. Punto de Roc\u00edo - Teatre Condal","robots":{"index":"index","follow":"follow","max-snippet":"max-snippet:-1","max-image-preview":"max-image-preview:large","max-video-preview":"max-video-preview:-1"},"canonical":"https:\/\/www.teatrecondal.cat\/es\/ex\/daniel-angles-punto-de-rocio-2018-19\/","schema":{"@context":"https:\/\/schema.org","@graph":[{"@type":"WebPage","@id":"https:\/\/www.teatrecondal.cat\/es\/ex\/daniel-angles-punto-de-rocio-2018-19\/","url":"https:\/\/www.teatrecondal.cat\/es\/ex\/daniel-angles-punto-de-rocio-2018-19\/","name":"Daniel Angl\u00e8s. Punto de Roc\u00edo - Teatre Condal","isPartOf":{"@id":"https:\/\/www.teatrecondal.cat\/es\/#website"},"datePublished":"2019-01-16T12:27:19+00:00","dateModified":"2023-09-04T14:06:50+00:00","breadcrumb":{"@id":"https:\/\/www.teatrecondal.cat\/es\/ex\/daniel-angles-punto-de-rocio-2018-19\/#breadcrumb"},"inLanguage":"es","potentialAction":[{"@type":"ReadAction","target":["https:\/\/www.teatrecondal.cat\/es\/ex\/daniel-angles-punto-de-rocio-2018-19\/"]}]},{"@type":"BreadcrumbList","@id":"https:\/\/www.teatrecondal.cat\/es\/ex\/daniel-angles-punto-de-rocio-2018-19\/#breadcrumb","itemListElement":[{"@type":"ListItem","position":1,"name":"Inici","item":"https:\/\/www.teatrecondal.cat\/es\/"},{"@type":"ListItem","position":2,"name":"Espectacles","item":"https:\/\/www.teatrecondal.cat\/es\/ex\/"},{"@type":"ListItem","position":3,"name":"Daniel Angl\u00e8s. Punto de Roc\u00edo"}]},{"@type":"WebSite","@id":"https:\/\/www.teatrecondal.cat\/es\/#website","url":"https:\/\/www.teatrecondal.cat\/es\/","name":"Teatre Condal","description":"","publisher":{"@id":"https:\/\/www.teatrecondal.cat\/es\/#organization"},"potentialAction":[{"@type":"SearchAction","target":{"@type":"EntryPoint","urlTemplate":"https:\/\/www.teatrecondal.cat\/es\/?s={search_term_string}"},"query-input":{"@type":"PropertyValueSpecification","valueRequired":true,"valueName":"search_term_string"}}],"inLanguage":"es"},{"@type":"Organization","@id":"https:\/\/www.teatrecondal.cat\/es\/#organization","name":"Teatre Condal","url":"https:\/\/www.teatrecondal.cat\/es\/","logo":{"@type":"ImageObject","inLanguage":"es","@id":"https:\/\/www.teatrecondal.cat\/es\/#\/schema\/logo\/image\/","url":"https:\/\/www.teatrecondal.cat\/wp-content\/uploads\/sites\/3\/2017\/09\/teatre-condal-logo.svg","contentUrl":"https:\/\/www.teatrecondal.cat\/wp-content\/uploads\/sites\/3\/2017\/09\/teatre-condal-logo.svg","width":1,"height":1,"caption":"Teatre Condal"},"image":{"@id":"https:\/\/www.teatrecondal.cat\/es\/#\/schema\/logo\/image\/"},"sameAs":["http:\/\/www.facebook.com\/TeatreCondal","https:\/\/x.com\/Teatre_Condal","http:\/\/instagram.com\/teatre_condal","http:\/\/www.youtube.com\/user\/TeatreCondal"]}]}},"translations":[{"id":3757,"locale":"ca"},{"id":4175,"locale":"es"}],"_links":{"self":[{"href":"https:\/\/www.teatrecondal.cat\/es\/wp-json\/wp\/v2\/ex\/4175","targetHints":{"allow":["GET"]}}],"collection":[{"href":"https:\/\/www.teatrecondal.cat\/es\/wp-json\/wp\/v2\/ex"}],"about":[{"href":"https:\/\/www.teatrecondal.cat\/es\/wp-json\/wp\/v2\/types\/ex"}],"author":[{"embeddable":true,"href":"https:\/\/www.teatrecondal.cat\/es\/wp-json\/wp\/v2\/users\/2"}],"replies":[{"embeddable":true,"href":"https:\/\/www.teatrecondal.cat\/es\/wp-json\/wp\/v2\/comments?post=4175"}],"acf:term":[{"embeddable":true,"taxonomy":"season","href":"https:\/\/www.teatrecondal.cat\/es\/wp-json\/wp\/v2\/season\/87"}],"wp:attachment":[{"href":"https:\/\/www.teatrecondal.cat\/es\/wp-json\/wp\/v2\/media?parent=4175"}],"curies":[{"name":"wp","href":"https:\/\/api.w.org\/{rel}","templated":true}]}}

Daniel Anglès. Punto de Rocío

<strong>Daniel Anglès</strong> habla sobre el amor y el desamor a <em><strong>Punto de Rocío</strong></em>, mientras redescubre las canciones de <strong>Rocío Jurado</strong> en un concierto delicadamente apasionado.&nbsp; <br />Coincidiendo con el aniversario de la muerte de “la más grande”, el artista interpretará las canciones del exquisito disco que grabó, con producción musical y arreglos de <strong>Marc Sambola</strong>.<br />El director artístico del <strong>ONYRIC Teatre Condal</strong>, <strong>Daniel Anglès</strong>, cumplió uno de sus sueños: publicar un álbum de versiones de <strong><em>Rocío Jurado</em></strong>. Son canciones que, como él mismo ha manifestado, fueron la banda sonora de su infancia y se metieron tanto en su cabeza como en su corazón. <strong><em>Punto de Rocío</em></strong> incluye algunos de los clásicos que Jurado inmortalizó, historias delicadas llenas de pasión y emoción magistralmente interpretadas por el actor y cantante.

Espectáculo en castellano

Con:<br /><strong>Daniel Anglès</strong> (voz)<br /><strong>Marc Sambola</strong> (guitarra)

puntoderocío

Una cita con el amor y el desamor de la mano del director artístico del ONYRIC Teatre Condal: Daniel Anglès, quien redescubre las canciones de Rocío Jurado.

[{"localizer":"V3PORTADA","url":"media/ver/port/v3/314AD/01_084_00046925/1-daniel-angles-punto-de-rocio-onyric-musical-teatre-condal-barcelona.jpg","thumb_url":"media/ver/port/v3/314AD/01_084_00046925/1-daniel-angles-punto-de-rocio-onyric-musical-teatre-condal-barcelona_thumb.jpg","title":"Daniel Anglès. Punto de Rocío","description":"Daniel Anglès. Punto de Rocío Teatre Condal Barcelona","copyright":"","order":1},{"localizer":"V3CARTELL","url":"media/ver/cartell/v3/314AD/01_085_00046926/cartellweb-daniel-angles-punto-de-rocio-onyric-musical-teatre-condal-barcelona.jpg","thumb_url":"media/ver/cartell/v3/314AD/01_085_00046926/cartellweb-daniel-angles-punto-de-rocio-onyric-musical-teatre-condal-barcelona_thumb.jpg","title":"Daniel Anglès. Punto de Rocío","description":"Daniel Anglès. Punto de Rocío Teatre Condal Barcelona","copyright":"","order":2},{"localizer":"V3SLIDE","url":"media/ftgalslide/v3/314AD/01_086_00046927/daniel-angles-punto-de-rocio-teatre-condal.jpg","thumb_url":"media/ftgalslide/v3/314AD/01_086_00046927/daniel-angles-punto-de-rocio-teatre-condal_thumb.jpg","title":"Daniel Anglès. Punto de Rocío","description":"Daniel Anglès. Punto de Rocío Teatre Condal Barcelona","copyright":"","order":3}]

<!-- This site is optimized with the Yoast SEO plugin v27.5 - https://yoast.com/product/yoast-seo-wordpress/ -->
<title>Daniel Anglès. Punto de Rocío - Teatre Condal</title>
<meta name="robots" content="index, follow, max-snippet:-1, max-image-preview:large, max-video-preview:-1" />
<link rel="canonical" href="https://www.teatrecondal.cat/es/ex/daniel-angles-punto-de-rocio-2018-19/" />
<script type="application/ld+json" class="yoast-schema-graph">{"@context":"https:\/\/schema.org","@graph":[{"@type":"WebPage","@id":"https:\/\/www.teatrecondal.cat\/es\/ex\/daniel-angles-punto-de-rocio-2018-19\/","url":"https:\/\/www.teatrecondal.cat\/es\/ex\/daniel-angles-punto-de-rocio-2018-19\/","name":"Daniel Anglès. Punto de Rocío - Teatre Condal","isPartOf":{"@id":"https:\/\/www.teatrecondal.cat\/es\/#website"},"datePublished":"2019-01-16T12:27:19+00:00","dateModified":"2023-09-04T14:06:50+00:00","breadcrumb":{"@id":"https:\/\/www.teatrecondal.cat\/es\/ex\/daniel-angles-punto-de-rocio-2018-19\/#breadcrumb"},"inLanguage":"es","potentialAction":[{"@type":"ReadAction","target":["https:\/\/www.teatrecondal.cat\/es\/ex\/daniel-angles-punto-de-rocio-2018-19\/"]}]},{"@type":"BreadcrumbList","@id":"https:\/\/www.teatrecondal.cat\/es\/ex\/daniel-angles-punto-de-rocio-2018-19\/#breadcrumb","itemListElement":[{"@type":"ListItem","position":1,"name":"Inici","item":"https:\/\/www.teatrecondal.cat\/es\/"},{"@type":"ListItem","position":2,"name":"Espectacles","item":"https:\/\/www.teatrecondal.cat\/es\/ex\/"},{"@type":"ListItem","position":3,"name":"Daniel Anglès. Punto de Rocío"}]},{"@type":"WebSite","@id":"https:\/\/www.teatrecondal.cat\/es\/#website","url":"https:\/\/www.teatrecondal.cat\/es\/","name":"Teatre Condal","description":"","publisher":{"@id":"https:\/\/www.teatrecondal.cat\/es\/#organization"},"potentialAction":[{"@type":"SearchAction","target":{"@type":"EntryPoint","urlTemplate":"https:\/\/www.teatrecondal.cat\/es\/?s={search_term_string}"},"query-input":{"@type":"PropertyValueSpecification","valueRequired":true,"valueName":"search_term_string"}}],"inLanguage":"es"},{"@type":"Organization","@id":"https:\/\/www.teatrecondal.cat\/es\/#organization","name":"Teatre Condal","url":"https:\/\/www.teatrecondal.cat\/es\/","logo":{"@type":"ImageObject","inLanguage":"es","@id":"https:\/\/www.teatrecondal.cat\/es\/#\/schema\/logo\/image\/","url":"https:\/\/www.teatrecondal.cat\/wp-content\/uploads\/sites\/3\/2017\/09\/teatre-condal-logo.svg","contentUrl":"https:\/\/www.teatrecondal.cat\/wp-content\/uploads\/sites\/3\/2017\/09\/teatre-condal-logo.svg","width":1,"height":1,"caption":"Teatre Condal"},"image":{"@id":"https:\/\/www.teatrecondal.cat\/es\/#\/schema\/logo\/image\/"},"sameAs":["http:\/\/www.facebook.com\/TeatreCondal","https:\/\/x.com\/Teatre_Condal","http:\/\/instagram.com\/teatre_condal","http:\/\/www.youtube.com\/user\/TeatreCondal"]}]}</script>
<!-- / Yoast SEO plugin. -->

Daniel Anglès. Punto de Rocío - Teatre Condal
