{"id":4174,"date":"2019-01-16T11:26:23","date_gmt":"2019-01-16T10:26:23","guid":{"rendered":"https:\/\/pre.teatrecondal.cat\/ex\/\/desde-mi-ventana-a-traves-de-los-ojos-de-pasek-and-paul\/"},"modified":"2019-01-16T11:26:23","modified_gmt":"2019-01-16T10:26:23","slug":"desde-mi-ventana-a-traves-de-los-ojos-de-pasek-and-paul","status":"publish","type":"ex","link":"https:\/\/www.teatrecondal.cat\/es\/ex\/desde-mi-ventana-a-traves-de-los-ojos-de-pasek-and-paul\/","title":{"rendered":"Desde mi ventana. A trav\u00e9s de los ojos de Pasek and Paul"},"content":{"rendered":"","protected":false},"excerpt":{"rendered":"","protected":false},"author":2,"featured_media":0,"comment_status":"closed","ping_status":"closed","template":"","class_list":["post-4174","ex","type-ex","status-publish","hentry","season-2018-19"],"acf":{"txt_synopsis":"<em>Desde mi ventana<\/em> es la historia de seis j\u00f3venes que ven la vida a trav\u00e9s de los ojos de los compositores estadounidenses <strong>Pasek<\/strong>&nbsp;<strong>and<\/strong> <strong>Paul<\/strong>. Unos ojos que miran por la ventana, observando lo que ocurre al otro lado del cristal y, a su vez, el reflejo de que ocurre en su interior. El poeta Wallace Stevens sol\u00eda decir que \u201cno siempre es f\u00e1cil notar la diferencia entre pensar y mirar por la ventana\u201d. Y si no que se lo digan a las solitarias mujeres de los retratos urbanos de Edward Hopper.<br \/>Una obra que surge de la admiraci\u00f3n por la m\u00fasica de los compositores <strong>Benk Pasek<\/strong> y <strong>Justin Paul<\/strong>, y de la pasi\u00f3n de un grupo de amigos para cantar y arrancar un proyecto personal juntos.","main_buy_link":"https:\/\/www.4tickets.es\/TeatreCondal\/public\/janto\/?Nivel=Evento&idEvento=CON89&Idioma=ES","main_buy_links":"","group_buy_link":"","show_language":"Espect\u00e1culo en castellano","show_duration":"75","show_start_date":"20190513000000","show_end_date":"20190513000000","show_sort_date":"20190513000000","txt_custom_show_dates":"el 13 de mayo de 2019","show_disciplines":"","show_ultimes_funcions":false,"hide_tarifes_especials":false,"show_properament":false,"txt_additional_info":"","txt_present":"","show_season":[87],"txt_season":"[\"2018\/19\"]","txt_cycle":"","txt_claim":"","txt_cast_excerpt":"","txt_cast":"M\u00fasica y letras: <strong>Benj Pasek and Justin Paul<\/strong><br \/>Adaptaci\u00f3n al castellano: <strong>Daniel Angl\u00e8s<\/strong> y<strong> Marc G\u00f3mez<\/strong><br \/>Direcci\u00f3: <strong>V\u00edctor Gonz\u00e1lez<\/strong> <br \/>Direcci\u00f3 musical: <strong>D\u00eddac Flores<\/strong><br \/>Amb: <strong>Jana G\u00f3mez, Laura Enrech, Marina Pastor, D\u00eddac Flores, Marc Flynn <\/strong>y<strong> Adri\u00e1n Salzedo<\/strong><br \/>Dise\u00f1o de sonido y luces: <strong>Albert Pastor<\/strong><br \/>Fotograf\u00eda y grafismo: <strong>Laura Enrech \/ Roger Berruezo<\/strong><br \/>V\u00eddeo: <strong>Fran Granada<\/strong><br \/>Producci\u00f3n: <strong>ORIGEN PRODUCCIONS<\/strong>","txt_reviews":"","hashtag":"desdemiventana","have_promo":"","slogan":"","id_exhibicio":1633,"id_versio":1347,"id_local":3,"txt_seo_desc":"Desde mi ventana. A trav\u00e9s de los ojos de Pasek and Paul, una obra que surge de la admiraci\u00f3n para los compositores estadounidenses Benk Pasek y Justin Paul.","data_images":"[{\"localizer\":\"V3PORTADA\",\"url\":\"media\/ver\/port\/v3\/314AD\/01_084_00046920\/1-desde-mi-ventana-onyric-musical-teatre-condal-barcelona.jpg\",\"thumb_url\":\"media\/ver\/port\/v3\/314AD\/01_084_00046920\/1-desde-mi-ventana-onyric-musical-teatre-condal-barcelona_thumb.jpg\",\"title\":\"Desde mi ventana. A trav\u00e9s de los ojos de Pasek and Paul \",\"description\":\"Desde mi ventana. A trav\u00e9s de los ojos de Pasek and Paul Teatre Condal Barcelona\",\"copyright\":\"\",\"order\":1},{\"localizer\":\"V3CARTELL\",\"url\":\"media\/ver\/cartell\/v3\/314AD\/01_085_00046921\/cartell-desde-mi-ventana-onyric-musical-teatre-condal-barcelona.jpg\",\"thumb_url\":\"media\/ver\/cartell\/v3\/314AD\/01_085_00046921\/cartell-desde-mi-ventana-onyric-musical-teatre-condal-barcelona_thumb.jpg\",\"title\":\"Desde mi ventana. A trav\u00e9s de los ojos de Pasek and Paul \",\"description\":\"Desde mi ventana. A trav\u00e9s de los ojos de Pasek and Paul Teatre Condal Barcelona\",\"copyright\":\"\",\"order\":2},{\"localizer\":\"V3SLIDE\",\"url\":\"media\/ftgalslide\/v3\/314AD\/01_086_00046922\/desde-mi-ventana-a-traves-de-los-ojos-de-pasek-and-paul.jpg\",\"thumb_url\":\"media\/ftgalslide\/v3\/314AD\/01_086_00046922\/desde-mi-ventana-a-traves-de-los-ojos-de-pasek-and-paul_thumb.jpg\",\"title\":\"Desde mi ventana. A trav\u00e9s de los ojos de Pasek and Paul \",\"description\":\"Desde mi ventana. A trav\u00e9s de los ojos de Pasek and Paul Teatre Condal Barcelona\",\"copyright\":\"\",\"order\":3}]","material__texto_intro":"","data_material":null,"data_gallery":"","data_discounts":"[{\"InfoAddicional\":\"<p><strong>Descuentos para grupos y escuelas<br \/><\/strong><\/p>\",\"Url\":\"https:\/\/www.promentrada.com\/es\/catalog\/\",\"Codi\":\"CON89\",\"LogoUrl\":\"media\/fimage\/31389\/01_005_00038530\/logo_prome_nuevo_v_web.jpg\",\"TitolBoto\":\"Descuentos para grupos y escuelas\",\"Type\":\"discount\"},{\"InfoAddicional\":\"<p><strong>Descuentos para particulares<br \/><\/strong><\/p>\",\"Url\":\"http:\/\/vip.promentrada.com\",\"Codi\":\"CON89\",\"LogoUrl\":\"media\/fimage\/31389\/01_005_00038559\/logo_prome_vip_v_web.jpg\",\"TitolBoto\":\"Descuentos para particulares\",\"Type\":\"discount\"}]","contract_is_open":false,"in_tour":false},"yoast_head":"<!-- This site is optimized with the Yoast SEO plugin v27.5 - https:\/\/yoast.com\/product\/yoast-seo-wordpress\/ -->\n<title>Desde mi ventana. A trav\u00e9s de los ojos de Pasek and Paul - Teatre Condal<\/title>\n<meta name=\"robots\" content=\"index, follow, max-snippet:-1, max-image-preview:large, max-video-preview:-1\" \/>\n<link rel=\"canonical\" href=\"https:\/\/www.teatrecondal.cat\/es\/ex\/desde-mi-ventana-a-traves-de-los-ojos-de-pasek-and-paul\/\" \/>\n<script type=\"application\/ld+json\" class=\"yoast-schema-graph\">{\"@context\":\"https:\\\/\\\/schema.org\",\"@graph\":[{\"@type\":\"WebPage\",\"@id\":\"https:\\\/\\\/www.teatrecondal.cat\\\/es\\\/ex\\\/desde-mi-ventana-a-traves-de-los-ojos-de-pasek-and-paul\\\/\",\"url\":\"https:\\\/\\\/www.teatrecondal.cat\\\/es\\\/ex\\\/desde-mi-ventana-a-traves-de-los-ojos-de-pasek-and-paul\\\/\",\"name\":\"Desde mi ventana. A trav\u00e9s de los ojos de Pasek and Paul - Teatre Condal\",\"isPartOf\":{\"@id\":\"https:\\\/\\\/www.teatrecondal.cat\\\/es\\\/#website\"},\"datePublished\":\"2019-01-16T10:26:23+00:00\",\"breadcrumb\":{\"@id\":\"https:\\\/\\\/www.teatrecondal.cat\\\/es\\\/ex\\\/desde-mi-ventana-a-traves-de-los-ojos-de-pasek-and-paul\\\/#breadcrumb\"},\"inLanguage\":\"es\",\"potentialAction\":[{\"@type\":\"ReadAction\",\"target\":[\"https:\\\/\\\/www.teatrecondal.cat\\\/es\\\/ex\\\/desde-mi-ventana-a-traves-de-los-ojos-de-pasek-and-paul\\\/\"]}]},{\"@type\":\"BreadcrumbList\",\"@id\":\"https:\\\/\\\/www.teatrecondal.cat\\\/es\\\/ex\\\/desde-mi-ventana-a-traves-de-los-ojos-de-pasek-and-paul\\\/#breadcrumb\",\"itemListElement\":[{\"@type\":\"ListItem\",\"position\":1,\"name\":\"Inici\",\"item\":\"https:\\\/\\\/www.teatrecondal.cat\\\/es\\\/\"},{\"@type\":\"ListItem\",\"position\":2,\"name\":\"Espectacles\",\"item\":\"https:\\\/\\\/www.teatrecondal.cat\\\/es\\\/ex\\\/\"},{\"@type\":\"ListItem\",\"position\":3,\"name\":\"Desde mi ventana. A trav\u00e9s de los ojos de Pasek and Paul\"}]},{\"@type\":\"WebSite\",\"@id\":\"https:\\\/\\\/www.teatrecondal.cat\\\/es\\\/#website\",\"url\":\"https:\\\/\\\/www.teatrecondal.cat\\\/es\\\/\",\"name\":\"Teatre Condal\",\"description\":\"\",\"publisher\":{\"@id\":\"https:\\\/\\\/www.teatrecondal.cat\\\/es\\\/#organization\"},\"potentialAction\":[{\"@type\":\"SearchAction\",\"target\":{\"@type\":\"EntryPoint\",\"urlTemplate\":\"https:\\\/\\\/www.teatrecondal.cat\\\/es\\\/?s={search_term_string}\"},\"query-input\":{\"@type\":\"PropertyValueSpecification\",\"valueRequired\":true,\"valueName\":\"search_term_string\"}}],\"inLanguage\":\"es\"},{\"@type\":\"Organization\",\"@id\":\"https:\\\/\\\/www.teatrecondal.cat\\\/es\\\/#organization\",\"name\":\"Teatre Condal\",\"url\":\"https:\\\/\\\/www.teatrecondal.cat\\\/es\\\/\",\"logo\":{\"@type\":\"ImageObject\",\"inLanguage\":\"es\",\"@id\":\"https:\\\/\\\/www.teatrecondal.cat\\\/es\\\/#\\\/schema\\\/logo\\\/image\\\/\",\"url\":\"https:\\\/\\\/www.teatrecondal.cat\\\/wp-content\\\/uploads\\\/sites\\\/3\\\/2017\\\/09\\\/teatre-condal-logo.svg\",\"contentUrl\":\"https:\\\/\\\/www.teatrecondal.cat\\\/wp-content\\\/uploads\\\/sites\\\/3\\\/2017\\\/09\\\/teatre-condal-logo.svg\",\"width\":1,\"height\":1,\"caption\":\"Teatre Condal\"},\"image\":{\"@id\":\"https:\\\/\\\/www.teatrecondal.cat\\\/es\\\/#\\\/schema\\\/logo\\\/image\\\/\"},\"sameAs\":[\"http:\\\/\\\/www.facebook.com\\\/TeatreCondal\",\"https:\\\/\\\/x.com\\\/Teatre_Condal\",\"http:\\\/\\\/instagram.com\\\/teatre_condal\",\"http:\\\/\\\/www.youtube.com\\\/user\\\/TeatreCondal\"]}]}<\/script>\n<!-- \/ Yoast SEO plugin. -->","yoast_head_json":{"title":"Desde mi ventana. A trav\u00e9s de los ojos de Pasek and Paul - Teatre Condal","robots":{"index":"index","follow":"follow","max-snippet":"max-snippet:-1","max-image-preview":"max-image-preview:large","max-video-preview":"max-video-preview:-1"},"canonical":"https:\/\/www.teatrecondal.cat\/es\/ex\/desde-mi-ventana-a-traves-de-los-ojos-de-pasek-and-paul\/","schema":{"@context":"https:\/\/schema.org","@graph":[{"@type":"WebPage","@id":"https:\/\/www.teatrecondal.cat\/es\/ex\/desde-mi-ventana-a-traves-de-los-ojos-de-pasek-and-paul\/","url":"https:\/\/www.teatrecondal.cat\/es\/ex\/desde-mi-ventana-a-traves-de-los-ojos-de-pasek-and-paul\/","name":"Desde mi ventana. A trav\u00e9s de los ojos de Pasek and Paul - Teatre Condal","isPartOf":{"@id":"https:\/\/www.teatrecondal.cat\/es\/#website"},"datePublished":"2019-01-16T10:26:23+00:00","breadcrumb":{"@id":"https:\/\/www.teatrecondal.cat\/es\/ex\/desde-mi-ventana-a-traves-de-los-ojos-de-pasek-and-paul\/#breadcrumb"},"inLanguage":"es","potentialAction":[{"@type":"ReadAction","target":["https:\/\/www.teatrecondal.cat\/es\/ex\/desde-mi-ventana-a-traves-de-los-ojos-de-pasek-and-paul\/"]}]},{"@type":"BreadcrumbList","@id":"https:\/\/www.teatrecondal.cat\/es\/ex\/desde-mi-ventana-a-traves-de-los-ojos-de-pasek-and-paul\/#breadcrumb","itemListElement":[{"@type":"ListItem","position":1,"name":"Inici","item":"https:\/\/www.teatrecondal.cat\/es\/"},{"@type":"ListItem","position":2,"name":"Espectacles","item":"https:\/\/www.teatrecondal.cat\/es\/ex\/"},{"@type":"ListItem","position":3,"name":"Desde mi ventana. A trav\u00e9s de los ojos de Pasek and Paul"}]},{"@type":"WebSite","@id":"https:\/\/www.teatrecondal.cat\/es\/#website","url":"https:\/\/www.teatrecondal.cat\/es\/","name":"Teatre Condal","description":"","publisher":{"@id":"https:\/\/www.teatrecondal.cat\/es\/#organization"},"potentialAction":[{"@type":"SearchAction","target":{"@type":"EntryPoint","urlTemplate":"https:\/\/www.teatrecondal.cat\/es\/?s={search_term_string}"},"query-input":{"@type":"PropertyValueSpecification","valueRequired":true,"valueName":"search_term_string"}}],"inLanguage":"es"},{"@type":"Organization","@id":"https:\/\/www.teatrecondal.cat\/es\/#organization","name":"Teatre Condal","url":"https:\/\/www.teatrecondal.cat\/es\/","logo":{"@type":"ImageObject","inLanguage":"es","@id":"https:\/\/www.teatrecondal.cat\/es\/#\/schema\/logo\/image\/","url":"https:\/\/www.teatrecondal.cat\/wp-content\/uploads\/sites\/3\/2017\/09\/teatre-condal-logo.svg","contentUrl":"https:\/\/www.teatrecondal.cat\/wp-content\/uploads\/sites\/3\/2017\/09\/teatre-condal-logo.svg","width":1,"height":1,"caption":"Teatre Condal"},"image":{"@id":"https:\/\/www.teatrecondal.cat\/es\/#\/schema\/logo\/image\/"},"sameAs":["http:\/\/www.facebook.com\/TeatreCondal","https:\/\/x.com\/Teatre_Condal","http:\/\/instagram.com\/teatre_condal","http:\/\/www.youtube.com\/user\/TeatreCondal"]}]}},"translations":[{"id":3756,"locale":"ca"},{"id":4174,"locale":"es"}],"_links":{"self":[{"href":"https:\/\/www.teatrecondal.cat\/es\/wp-json\/wp\/v2\/ex\/4174","targetHints":{"allow":["GET"]}}],"collection":[{"href":"https:\/\/www.teatrecondal.cat\/es\/wp-json\/wp\/v2\/ex"}],"about":[{"href":"https:\/\/www.teatrecondal.cat\/es\/wp-json\/wp\/v2\/types\/ex"}],"author":[{"embeddable":true,"href":"https:\/\/www.teatrecondal.cat\/es\/wp-json\/wp\/v2\/users\/2"}],"replies":[{"embeddable":true,"href":"https:\/\/www.teatrecondal.cat\/es\/wp-json\/wp\/v2\/comments?post=4174"}],"acf:term":[{"embeddable":true,"taxonomy":"season","href":"https:\/\/www.teatrecondal.cat\/es\/wp-json\/wp\/v2\/season\/87"}],"wp:attachment":[{"href":"https:\/\/www.teatrecondal.cat\/es\/wp-json\/wp\/v2\/media?parent=4174"}],"curies":[{"name":"wp","href":"https:\/\/api.w.org\/{rel}","templated":true}]}}

Desde mi ventana. A través de los ojos de Pasek and Paul

<em>Desde mi ventana</em> es la historia de seis jóvenes que ven la vida a través de los ojos de los compositores estadounidenses <strong>Pasek</strong>&nbsp;<strong>and</strong> <strong>Paul</strong>. Unos ojos que miran por la ventana, observando lo que ocurre al otro lado del cristal y, a su vez, el reflejo de que ocurre en su interior. El poeta Wallace Stevens solía decir que “no siempre es fácil notar la diferencia entre pensar y mirar por la ventana”. Y si no que se lo digan a las solitarias mujeres de los retratos urbanos de Edward Hopper.<br />Una obra que surge de la admiración por la música de los compositores <strong>Benk Pasek</strong> y <strong>Justin Paul</strong>, y de la pasión de un grupo de amigos para cantar y arrancar un proyecto personal juntos.

Espectáculo en castellano

Música y letras: <strong>Benj Pasek and Justin Paul</strong><br />Adaptación al castellano: <strong>Daniel Anglès</strong> y<strong> Marc Gómez</strong><br />Direcció: <strong>Víctor González</strong> <br />Direcció musical: <strong>Dídac Flores</strong><br />Amb: <strong>Jana Gómez, Laura Enrech, Marina Pastor, Dídac Flores, Marc Flynn </strong>y<strong> Adrián Salzedo</strong><br />Diseño de sonido y luces: <strong>Albert Pastor</strong><br />Fotografía y grafismo: <strong>Laura Enrech / Roger Berruezo</strong><br />Vídeo: <strong>Fran Granada</strong><br />Producción: <strong>ORIGEN PRODUCCIONS</strong>

Desde mi ventana. A través de los ojos de Pasek and Paul, una obra que surge de la admiración para los compositores estadounidenses Benk Pasek y Justin Paul.

[{"localizer":"V3PORTADA","url":"media/ver/port/v3/314AD/01_084_00046920/1-desde-mi-ventana-onyric-musical-teatre-condal-barcelona.jpg","thumb_url":"media/ver/port/v3/314AD/01_084_00046920/1-desde-mi-ventana-onyric-musical-teatre-condal-barcelona_thumb.jpg","title":"Desde mi ventana. A través de los ojos de Pasek and Paul ","description":"Desde mi ventana. A través de los ojos de Pasek and Paul Teatre Condal Barcelona","copyright":"","order":1},{"localizer":"V3CARTELL","url":"media/ver/cartell/v3/314AD/01_085_00046921/cartell-desde-mi-ventana-onyric-musical-teatre-condal-barcelona.jpg","thumb_url":"media/ver/cartell/v3/314AD/01_085_00046921/cartell-desde-mi-ventana-onyric-musical-teatre-condal-barcelona_thumb.jpg","title":"Desde mi ventana. A través de los ojos de Pasek and Paul ","description":"Desde mi ventana. A través de los ojos de Pasek and Paul Teatre Condal Barcelona","copyright":"","order":2},{"localizer":"V3SLIDE","url":"media/ftgalslide/v3/314AD/01_086_00046922/desde-mi-ventana-a-traves-de-los-ojos-de-pasek-and-paul.jpg","thumb_url":"media/ftgalslide/v3/314AD/01_086_00046922/desde-mi-ventana-a-traves-de-los-ojos-de-pasek-and-paul_thumb.jpg","title":"Desde mi ventana. A través de los ojos de Pasek and Paul ","description":"Desde mi ventana. A través de los ojos de Pasek and Paul Teatre Condal Barcelona","copyright":"","order":3}]

<!-- This site is optimized with the Yoast SEO plugin v27.5 - https://yoast.com/product/yoast-seo-wordpress/ -->
<title>Desde mi ventana. A través de los ojos de Pasek and Paul - Teatre Condal</title>
<meta name="robots" content="index, follow, max-snippet:-1, max-image-preview:large, max-video-preview:-1" />
<link rel="canonical" href="https://www.teatrecondal.cat/es/ex/desde-mi-ventana-a-traves-de-los-ojos-de-pasek-and-paul/" />
<script type="application/ld+json" class="yoast-schema-graph">{"@context":"https:\/\/schema.org","@graph":[{"@type":"WebPage","@id":"https:\/\/www.teatrecondal.cat\/es\/ex\/desde-mi-ventana-a-traves-de-los-ojos-de-pasek-and-paul\/","url":"https:\/\/www.teatrecondal.cat\/es\/ex\/desde-mi-ventana-a-traves-de-los-ojos-de-pasek-and-paul\/","name":"Desde mi ventana. A través de los ojos de Pasek and Paul - Teatre Condal","isPartOf":{"@id":"https:\/\/www.teatrecondal.cat\/es\/#website"},"datePublished":"2019-01-16T10:26:23+00:00","breadcrumb":{"@id":"https:\/\/www.teatrecondal.cat\/es\/ex\/desde-mi-ventana-a-traves-de-los-ojos-de-pasek-and-paul\/#breadcrumb"},"inLanguage":"es","potentialAction":[{"@type":"ReadAction","target":["https:\/\/www.teatrecondal.cat\/es\/ex\/desde-mi-ventana-a-traves-de-los-ojos-de-pasek-and-paul\/"]}]},{"@type":"BreadcrumbList","@id":"https:\/\/www.teatrecondal.cat\/es\/ex\/desde-mi-ventana-a-traves-de-los-ojos-de-pasek-and-paul\/#breadcrumb","itemListElement":[{"@type":"ListItem","position":1,"name":"Inici","item":"https:\/\/www.teatrecondal.cat\/es\/"},{"@type":"ListItem","position":2,"name":"Espectacles","item":"https:\/\/www.teatrecondal.cat\/es\/ex\/"},{"@type":"ListItem","position":3,"name":"Desde mi ventana. A través de los ojos de Pasek and Paul"}]},{"@type":"WebSite","@id":"https:\/\/www.teatrecondal.cat\/es\/#website","url":"https:\/\/www.teatrecondal.cat\/es\/","name":"Teatre Condal","description":"","publisher":{"@id":"https:\/\/www.teatrecondal.cat\/es\/#organization"},"potentialAction":[{"@type":"SearchAction","target":{"@type":"EntryPoint","urlTemplate":"https:\/\/www.teatrecondal.cat\/es\/?s={search_term_string}"},"query-input":{"@type":"PropertyValueSpecification","valueRequired":true,"valueName":"search_term_string"}}],"inLanguage":"es"},{"@type":"Organization","@id":"https:\/\/www.teatrecondal.cat\/es\/#organization","name":"Teatre Condal","url":"https:\/\/www.teatrecondal.cat\/es\/","logo":{"@type":"ImageObject","inLanguage":"es","@id":"https:\/\/www.teatrecondal.cat\/es\/#\/schema\/logo\/image\/","url":"https:\/\/www.teatrecondal.cat\/wp-content\/uploads\/sites\/3\/2017\/09\/teatre-condal-logo.svg","contentUrl":"https:\/\/www.teatrecondal.cat\/wp-content\/uploads\/sites\/3\/2017\/09\/teatre-condal-logo.svg","width":1,"height":1,"caption":"Teatre Condal"},"image":{"@id":"https:\/\/www.teatrecondal.cat\/es\/#\/schema\/logo\/image\/"},"sameAs":["http:\/\/www.facebook.com\/TeatreCondal","https:\/\/x.com\/Teatre_Condal","http:\/\/instagram.com\/teatre_condal","http:\/\/www.youtube.com\/user\/TeatreCondal"]}]}</script>
<!-- / Yoast SEO plugin. -->

Desde mi ventana. A través de los ojos de Pasek and Paul - Teatre Condal
