{"id":4047,"date":"2017-09-19T08:23:09","date_gmt":"2017-09-19T06:23:09","guid":{"rendered":"https:\/\/pre.teatrecondal.cat\/ex\/\/las-noches-de-el-club-de-la-comedia-160\/"},"modified":"2017-09-19T08:23:09","modified_gmt":"2017-09-19T06:23:09","slug":"las-noches-de-el-club-de-la-comedia-159","status":"publish","type":"ex","link":"https:\/\/www.teatrecondal.cat\/es\/ex\/las-noches-de-el-club-de-la-comedia-159\/","title":{"rendered":"Las noches de El Club de la Comedia"},"content":{"rendered":"","protected":false},"excerpt":{"rendered":"","protected":false},"author":2,"featured_media":0,"comment_status":"closed","ping_status":"closed","template":"","class_list":["post-4047","ex","type-ex","status-publish","hentry","season-2015-16"],"acf":{"txt_synopsis":"<p align=\"justify\">\u00bfSe te hace corto el programa de <strong>El Club de la Comedia<\/strong>? \u00bfQuieres sentir la experiencia de ver a los mejores c\u00f3micos del programa en riguroso directo? Ahora tendr\u00e1s la oportunidad de vivir el ambiente del Club con la gira de directos, con los <strong>mejores c\u00f3micos del programa<\/strong>. \u00bfTe lo vas a perder?<\/p>\n<p align=\"justify\"><br \/>Monologuistas de la noche<\/p>\n<p align=\"justify\"><strong><br \/>Sergio Fernandez \"El Monaguillo\"<br \/><\/strong>Un malague\u00f1o, de Marbella para m\u00e1s se\u00f1as, y finalista de <em>El Club de la Comedia<\/em> en el 2002. Disfrutamos&nbsp;con su trabajo en el programa de Onda Cero <em>No<\/em> <em>son<\/em> <em>Horas,<\/em> durante 6 a\u00f1os y en televisi\u00f3n en <em>El M\u00e9todo Gonzo<\/em> de Antena 3. Actualmente conduce las madrugadas de Onda Cero con <em>La Parroquia de El Monaguillo<\/em> y acaba de realizar el lanzamiento de su nuevo libro <em>Tonto el que lo lea,<\/em> junto con Arturo Gonz\u00e1lez-Campos.<\/p>\n<p align=\"justify\"><strong>Manu G\u00f3rriz<br \/><\/strong>Gracias a su humor c\u00ednico y su poca confianza en el g\u00e9nero humano, ha conquistado a la audiencia de <em>Central de C\u00f3micos<\/em>. Cin\u00e9filo del g\u00e9nero de terror y tuitero, Manu Gorriz escribe relatos de humor y colabora en el&nbsp; programa <em>Mejor que nunca<\/em>, en la radio de la Universidad Polit\u00e9cnica de Valencia.<\/p>\n<p align=\"justify\"><strong>Miki Dkai<\/strong><br \/>Un grande de la comedia, pero de los de verdad. Gaditano, criado en M\u00e1laga y residente en Almer\u00eda que desde 2008 se ha dedicado en cuerpo y alma a la comedia, aunque solo con el cuerpo hubiera sido suficiente. En sus espect\u00e1culos practica un humor muy particular basado en hechos reales. Su infancia, an\u00e9cdotas e historias de un ni\u00f1o sin amigos, cuya madre siente verg\u00fcenza al sacarlo a la calle. La historia de un ni\u00f1o que naci\u00f3 con un pan debajo del brazo, pero se lo comi\u00f3!<\/p>","main_buy_link":"#","main_buy_links":"","group_buy_link":"","show_language":"","show_duration":"","show_start_date":"20151010000000","show_end_date":"20151010000000","show_sort_date":"20160301000000","txt_custom_show_dates":"el 10 de octubre de 2015","show_disciplines":"","show_ultimes_funcions":false,"hide_tarifes_especials":false,"show_properament":false,"txt_additional_info":"","txt_present":"","show_season":[84],"txt_season":"[\"2015\/16\"]","txt_cycle":"","txt_claim":"","txt_cast_excerpt":"","txt_cast":"<p><strong>MONOLOGUISTAS:<\/strong> Miki Dkai, El Monaguillo i Manu G\u00f3rriz <\/p>\n<p><strong>PRODUCCI\u00d3N:<\/strong> Tras la Risa<\/p>","txt_reviews":"","hashtag":"","have_promo":"","slogan":"","id_exhibicio":1233,"id_versio":1002,"id_local":3,"txt_seo_desc":"","data_images":"[{\"localizer\":\"V2PORTADA\",\"url\":\"media\/ver\/port\/31325\/01_078_00035078\/Focus_CLUB_581x327_20151010.jpg\",\"thumb_url\":\"media\/ver\/port\/31325\/01_078_00035078\/Focus_CLUB_581x327_20151010_thumb.jpg\",\"title\":\"Noches club\",\"description\":\"\",\"copyright\":\"\",\"order\":1},{\"localizer\":\"V2CARTELL\",\"url\":\"media\/ver\/cartell\/31325\/01_079_00035079\/Focus_CLUB_300x427_20151010.jpg\",\"thumb_url\":\"media\/ver\/cartell\/31325\/01_079_00035079\/Focus_CLUB_300x427_20151010_thumb.jpg\",\"title\":\"Noches cartell\",\"description\":\"\",\"copyright\":\"\",\"order\":2}]","material__texto_intro":"","data_material":null,"data_gallery":"","data_discounts":"[]","contract_is_open":false,"in_tour":false},"yoast_head":"<!-- This site is optimized with the Yoast SEO plugin v27.5 - https:\/\/yoast.com\/product\/yoast-seo-wordpress\/ -->\n<title>Las noches de El Club de la Comedia - Teatre Condal<\/title>\n<meta name=\"robots\" content=\"index, follow, max-snippet:-1, max-image-preview:large, max-video-preview:-1\" \/>\n<link rel=\"canonical\" href=\"https:\/\/www.teatrecondal.cat\/es\/ex\/las-noches-de-el-club-de-la-comedia-159\/\" \/>\n<script type=\"application\/ld+json\" class=\"yoast-schema-graph\">{\"@context\":\"https:\\\/\\\/schema.org\",\"@graph\":[{\"@type\":\"WebPage\",\"@id\":\"https:\\\/\\\/www.teatrecondal.cat\\\/es\\\/ex\\\/las-noches-de-el-club-de-la-comedia-159\\\/\",\"url\":\"https:\\\/\\\/www.teatrecondal.cat\\\/es\\\/ex\\\/las-noches-de-el-club-de-la-comedia-159\\\/\",\"name\":\"Las noches de El Club de la Comedia - Teatre Condal\",\"isPartOf\":{\"@id\":\"https:\\\/\\\/www.teatrecondal.cat\\\/es\\\/#website\"},\"datePublished\":\"2017-09-19T06:23:09+00:00\",\"breadcrumb\":{\"@id\":\"https:\\\/\\\/www.teatrecondal.cat\\\/es\\\/ex\\\/las-noches-de-el-club-de-la-comedia-159\\\/#breadcrumb\"},\"inLanguage\":\"es\",\"potentialAction\":[{\"@type\":\"ReadAction\",\"target\":[\"https:\\\/\\\/www.teatrecondal.cat\\\/es\\\/ex\\\/las-noches-de-el-club-de-la-comedia-159\\\/\"]}]},{\"@type\":\"BreadcrumbList\",\"@id\":\"https:\\\/\\\/www.teatrecondal.cat\\\/es\\\/ex\\\/las-noches-de-el-club-de-la-comedia-159\\\/#breadcrumb\",\"itemListElement\":[{\"@type\":\"ListItem\",\"position\":1,\"name\":\"Inici\",\"item\":\"https:\\\/\\\/www.teatrecondal.cat\\\/es\\\/\"},{\"@type\":\"ListItem\",\"position\":2,\"name\":\"Espectacles\",\"item\":\"https:\\\/\\\/www.teatrecondal.cat\\\/es\\\/ex\\\/\"},{\"@type\":\"ListItem\",\"position\":3,\"name\":\"Las noches de El Club de la Comedia\"}]},{\"@type\":\"WebSite\",\"@id\":\"https:\\\/\\\/www.teatrecondal.cat\\\/es\\\/#website\",\"url\":\"https:\\\/\\\/www.teatrecondal.cat\\\/es\\\/\",\"name\":\"Teatre Condal\",\"description\":\"\",\"publisher\":{\"@id\":\"https:\\\/\\\/www.teatrecondal.cat\\\/es\\\/#organization\"},\"potentialAction\":[{\"@type\":\"SearchAction\",\"target\":{\"@type\":\"EntryPoint\",\"urlTemplate\":\"https:\\\/\\\/www.teatrecondal.cat\\\/es\\\/?s={search_term_string}\"},\"query-input\":{\"@type\":\"PropertyValueSpecification\",\"valueRequired\":true,\"valueName\":\"search_term_string\"}}],\"inLanguage\":\"es\"},{\"@type\":\"Organization\",\"@id\":\"https:\\\/\\\/www.teatrecondal.cat\\\/es\\\/#organization\",\"name\":\"Teatre Condal\",\"url\":\"https:\\\/\\\/www.teatrecondal.cat\\\/es\\\/\",\"logo\":{\"@type\":\"ImageObject\",\"inLanguage\":\"es\",\"@id\":\"https:\\\/\\\/www.teatrecondal.cat\\\/es\\\/#\\\/schema\\\/logo\\\/image\\\/\",\"url\":\"https:\\\/\\\/www.teatrecondal.cat\\\/wp-content\\\/uploads\\\/sites\\\/3\\\/2017\\\/09\\\/teatre-condal-logo.svg\",\"contentUrl\":\"https:\\\/\\\/www.teatrecondal.cat\\\/wp-content\\\/uploads\\\/sites\\\/3\\\/2017\\\/09\\\/teatre-condal-logo.svg\",\"width\":1,\"height\":1,\"caption\":\"Teatre Condal\"},\"image\":{\"@id\":\"https:\\\/\\\/www.teatrecondal.cat\\\/es\\\/#\\\/schema\\\/logo\\\/image\\\/\"},\"sameAs\":[\"http:\\\/\\\/www.facebook.com\\\/TeatreCondal\",\"https:\\\/\\\/x.com\\\/Teatre_Condal\",\"http:\\\/\\\/instagram.com\\\/teatre_condal\",\"http:\\\/\\\/www.youtube.com\\\/user\\\/TeatreCondal\"]}]}<\/script>\n<!-- \/ Yoast SEO plugin. -->","yoast_head_json":{"title":"Las noches de El Club de la Comedia - Teatre Condal","robots":{"index":"index","follow":"follow","max-snippet":"max-snippet:-1","max-image-preview":"max-image-preview:large","max-video-preview":"max-video-preview:-1"},"canonical":"https:\/\/www.teatrecondal.cat\/es\/ex\/las-noches-de-el-club-de-la-comedia-159\/","schema":{"@context":"https:\/\/schema.org","@graph":[{"@type":"WebPage","@id":"https:\/\/www.teatrecondal.cat\/es\/ex\/las-noches-de-el-club-de-la-comedia-159\/","url":"https:\/\/www.teatrecondal.cat\/es\/ex\/las-noches-de-el-club-de-la-comedia-159\/","name":"Las noches de El Club de la Comedia - Teatre Condal","isPartOf":{"@id":"https:\/\/www.teatrecondal.cat\/es\/#website"},"datePublished":"2017-09-19T06:23:09+00:00","breadcrumb":{"@id":"https:\/\/www.teatrecondal.cat\/es\/ex\/las-noches-de-el-club-de-la-comedia-159\/#breadcrumb"},"inLanguage":"es","potentialAction":[{"@type":"ReadAction","target":["https:\/\/www.teatrecondal.cat\/es\/ex\/las-noches-de-el-club-de-la-comedia-159\/"]}]},{"@type":"BreadcrumbList","@id":"https:\/\/www.teatrecondal.cat\/es\/ex\/las-noches-de-el-club-de-la-comedia-159\/#breadcrumb","itemListElement":[{"@type":"ListItem","position":1,"name":"Inici","item":"https:\/\/www.teatrecondal.cat\/es\/"},{"@type":"ListItem","position":2,"name":"Espectacles","item":"https:\/\/www.teatrecondal.cat\/es\/ex\/"},{"@type":"ListItem","position":3,"name":"Las noches de El Club de la Comedia"}]},{"@type":"WebSite","@id":"https:\/\/www.teatrecondal.cat\/es\/#website","url":"https:\/\/www.teatrecondal.cat\/es\/","name":"Teatre Condal","description":"","publisher":{"@id":"https:\/\/www.teatrecondal.cat\/es\/#organization"},"potentialAction":[{"@type":"SearchAction","target":{"@type":"EntryPoint","urlTemplate":"https:\/\/www.teatrecondal.cat\/es\/?s={search_term_string}"},"query-input":{"@type":"PropertyValueSpecification","valueRequired":true,"valueName":"search_term_string"}}],"inLanguage":"es"},{"@type":"Organization","@id":"https:\/\/www.teatrecondal.cat\/es\/#organization","name":"Teatre Condal","url":"https:\/\/www.teatrecondal.cat\/es\/","logo":{"@type":"ImageObject","inLanguage":"es","@id":"https:\/\/www.teatrecondal.cat\/es\/#\/schema\/logo\/image\/","url":"https:\/\/www.teatrecondal.cat\/wp-content\/uploads\/sites\/3\/2017\/09\/teatre-condal-logo.svg","contentUrl":"https:\/\/www.teatrecondal.cat\/wp-content\/uploads\/sites\/3\/2017\/09\/teatre-condal-logo.svg","width":1,"height":1,"caption":"Teatre Condal"},"image":{"@id":"https:\/\/www.teatrecondal.cat\/es\/#\/schema\/logo\/image\/"},"sameAs":["http:\/\/www.facebook.com\/TeatreCondal","https:\/\/x.com\/Teatre_Condal","http:\/\/instagram.com\/teatre_condal","http:\/\/www.youtube.com\/user\/TeatreCondal"]}]}},"translations":[{"id":3645,"locale":"ca"},{"id":4047,"locale":"es"}],"_links":{"self":[{"href":"https:\/\/www.teatrecondal.cat\/es\/wp-json\/wp\/v2\/ex\/4047","targetHints":{"allow":["GET"]}}],"collection":[{"href":"https:\/\/www.teatrecondal.cat\/es\/wp-json\/wp\/v2\/ex"}],"about":[{"href":"https:\/\/www.teatrecondal.cat\/es\/wp-json\/wp\/v2\/types\/ex"}],"author":[{"embeddable":true,"href":"https:\/\/www.teatrecondal.cat\/es\/wp-json\/wp\/v2\/users\/2"}],"replies":[{"embeddable":true,"href":"https:\/\/www.teatrecondal.cat\/es\/wp-json\/wp\/v2\/comments?post=4047"}],"acf:term":[{"embeddable":true,"taxonomy":"season","href":"https:\/\/www.teatrecondal.cat\/es\/wp-json\/wp\/v2\/season\/84"}],"wp:attachment":[{"href":"https:\/\/www.teatrecondal.cat\/es\/wp-json\/wp\/v2\/media?parent=4047"}],"curies":[{"name":"wp","href":"https:\/\/api.w.org\/{rel}","templated":true}]}}

<p align="justify">¿Se te hace corto el programa de <strong>El Club de la Comedia</strong>? ¿Quieres sentir la experiencia de ver a los mejores cómicos del programa en riguroso directo? Ahora tendrás la oportunidad de vivir el ambiente del Club con la gira de directos, con los <strong>mejores cómicos del programa</strong>. ¿Te lo vas a perder?</p>
<p align="justify"><br />Monologuistas de la noche</p>
<p align="justify"><strong><br />Sergio Fernandez "El Monaguillo"<br /></strong>Un malagueño, de Marbella para más señas, y finalista de <em>El Club de la Comedia</em> en el 2002. Disfrutamos&nbsp;con su trabajo en el programa de Onda Cero <em>No</em> <em>son</em> <em>Horas,</em> durante 6 años y en televisión en <em>El Método Gonzo</em> de Antena 3. Actualmente conduce las madrugadas de Onda Cero con <em>La Parroquia de El Monaguillo</em> y acaba de realizar el lanzamiento de su nuevo libro <em>Tonto el que lo lea,</em> junto con Arturo González-Campos.</p>
<p align="justify"><strong>Manu Górriz<br /></strong>Gracias a su humor cínico y su poca confianza en el género humano, ha conquistado a la audiencia de <em>Central de Cómicos</em>. Cinéfilo del género de terror y tuitero, Manu Gorriz escribe relatos de humor y colabora en el&nbsp; programa <em>Mejor que nunca</em>, en la radio de la Universidad Politécnica de Valencia.</p>
<p align="justify"><strong>Miki Dkai</strong><br />Un grande de la comedia, pero de los de verdad. Gaditano, criado en Málaga y residente en Almería que desde 2008 se ha dedicado en cuerpo y alma a la comedia, aunque solo con el cuerpo hubiera sido suficiente. En sus espectáculos practica un humor muy particular basado en hechos reales. Su infancia, anécdotas e historias de un niño sin amigos, cuya madre siente vergüenza al sacarlo a la calle. La historia de un niño que nació con un pan debajo del brazo, pero se lo comió!</p>

<p><strong>MONOLOGUISTAS:</strong> Miki Dkai, El Monaguillo i Manu Górriz </p>
<p><strong>PRODUCCIÓN:</strong> Tras la Risa</p>
