{"id":3983,"date":"2017-09-19T08:22:11","date_gmt":"2017-09-19T06:22:11","guid":{"rendered":"https:\/\/pre.teatrecondal.cat\/ex\/\/resofocos-2\/"},"modified":"2017-09-19T08:22:11","modified_gmt":"2017-09-19T06:22:11","slug":"resofocos","status":"publish","type":"ex","link":"https:\/\/www.teatrecondal.cat\/es\/ex\/resofocos\/","title":{"rendered":"Resofocos"},"content":{"rendered":"","protected":false},"excerpt":{"rendered":"","protected":false},"author":2,"featured_media":0,"comment_status":"closed","ping_status":"closed","template":"","class_list":["post-3983","ex","type-ex","status-publish","hentry","season-2013-14"],"acf":{"txt_synopsis":"<p align=\"justify\">Las actrices Fabiola Toledo, Charo Reina, Elena Mart\u00edn y Soledad Mallol (Las Virtudes) se encargar\u00e1n de demostrar que a partir de los cincuenta las mujeres no entran en el ocaso de su vida ni mucho menos, sino todo lo contario, de una manera desternillante mostrar\u00e1n la parte m\u00e1s tierna y a la vez m\u00e1s sibilina de una mujer fuerte y que viene de vuelta, dejando claro que la menopausia tiene su lado divertido.<br \/><\/p>\n<p align=\"justify\"><strong><font color=\"#ff0000\">ENTRADAS GOLD. TEATRE CONDAL<\/font><\/strong><\/p>\n<p align=\"justify\"><font color=\"#ff0000\">&gt; Las mejores ubicaciones en platea. S\u00f3lo 16 butacas exclusivas en cada funci\u00f3n.<br \/>&gt; Entrada preferente al teatro, tanto por puerta como por horario.<br \/>&gt; Tour guiado al backstage (escenario, zona de camerinos...), una ocasi\u00f3n \u00fanica para conocer c\u00f3mo es el teatro por dentro y vivir los minutos previos al inicio de una funci\u00f3n.&nbsp; (Para la realizaci\u00f3n de la visita es necesario presentarse en la puerta del teatro 45' antes del inicio de la funci\u00f3n)<br \/><\/font><font color=\"#ff0000\">&gt; Invitaci\u00f3n a copa de cava y snacks.<br \/>&gt; Acompa\u00f1amiento individual hasta sus butacas.<br \/>&gt; Presentando la entrada Gold, descuento del 10% en las tiendas Agatha Ruiz de la Prada (salvo Internet).<\/font><br \/><\/p>\n<p align=\"justify\">&nbsp;<\/p>","main_buy_link":"#","main_buy_links":"","group_buy_link":"","show_language":"","show_duration":"","show_start_date":"20140319000000","show_end_date":"20140330000000","show_sort_date":"20140101000000","txt_custom_show_dates":"del 19 al 30 de marzo de 2014","show_disciplines":"","show_ultimes_funcions":false,"hide_tarifes_especials":false,"show_properament":false,"txt_additional_info":"","txt_present":"","show_season":[82],"txt_season":"[\"2013\/14\"]","txt_cycle":"","txt_claim":"","txt_cast_excerpt":"<strong>AUTORES:<\/strong> Juan Luis Iborra, Sonia G\u00f3mez&nbsp;y Antonio Albert<br \/><strong>DIRECTOR:<\/strong> Juan Luis Iborra<br \/>","txt_cast":"<p><strong>AUTORES:<\/strong> Juan Luis Iborra, Sonia G\u00f3mez&nbsp;y Antonio Albert<br \/><strong>DIRECTOR:<\/strong> Juan Luis Iborra<\/p>\n<p><strong>INT\u00c9RPRETES:<\/strong> Fabiola Toledo, Charo Reina, Elena Mart\u00edn&nbsp;y Soledad Mallol (Las Virtudes)<br \/><strong>COLABORACI\u00d3N ESPECIAL:<\/strong> Carlos Sobera<\/p>\n<p><strong>ESCENOGRAF\u00cdA I VESTUARIO:<\/strong> \u00c1gatha Ru\u00edz de la Prada <br \/><strong>CONCEPTO Y DESARROLLO MUSICAL:<\/strong>&nbsp; Luis G\u00f3mez-Escolar, Fernando Sancho&nbsp;y Luis Carlos Esteban<br \/><br \/><strong>PRODUCTORES EJECUTIVOS:<\/strong> Manel Torrents&nbsp;y Jes\u00fas Cimarro<br \/><strong>PRODUCCI\u00d3N:<\/strong> Javier Campillo<br \/><strong><br \/>UNA PRODUCCI\u00d3N DE<\/strong> Himan TV&nbsp;y S\u00ed Teatro<br \/><strong>DISTRIBUCI\u00d3N:<\/strong> Pentaci\u00f3n Espect\u00e1culos<\/p>","txt_reviews":"","hashtag":"","have_promo":"","slogan":"","id_exhibicio":965,"id_versio":759,"id_local":3,"txt_seo_desc":"","data_images":"[{\"localizer\":\"V2PORTADA\",\"url\":\"media\/ver\/port\/312BB\/01_078_00029236\/port3.jpg\",\"thumb_url\":\"media\/ver\/port\/312BB\/01_078_00029236\/port3_thumb.jpg\",\"title\":\"Resofocos\",\"description\":\"Resofocos\",\"copyright\":\"\",\"order\":4},{\"localizer\":\"V2CARTELL\",\"url\":\"media\/ver\/cartell\/312BB\/01_079_00029299\/list3.jpg\",\"thumb_url\":\"media\/ver\/cartell\/312BB\/01_079_00029299\/list3_thumb.jpg\",\"title\":\"Resofocos\",\"description\":\"Resofocos\",\"copyright\":\"https:\/\/d1wfclq6bigznq.cloudfront.net\/tkrfc\/default\/009resofocos02.jpg\",\"order\":5}]","material__texto_intro":"","data_material":null,"data_gallery":"","data_discounts":"[{\"InfoAddicional\":\"<p><strong>Tarifa especial:<\/strong> Tarjeta Rosa, Tarjeta Discapacidad, Club TR3SC&nbsp;y Carnet Jove.*<\/p><p><em>*Descuentos Tarjeta Rosa y Tarjeta Discapacidad s\u00f3lo aplicables comprando en taquilla <\/em><\/p><p><strong>Descuentos para grupos y escuelas<br \/><\/strong><\/p>\",\"Url\":\"http:\/\/www.promentrada.com\",\"Codi\":\"0\",\"LogoUrl\":\"media\/fimage\/31389\/01_005_00038530\/logo_prome_nuevo_v_web.jpg\"},{\"InfoAddicional\":\"<p><strong>Descuentos para particulares<br \/><\/strong><\/p>\",\"Url\":\"http:\/\/vip.promentrada.com\",\"Codi\":\"0\",\"LogoUrl\":\"media\/fimage\/31389\/01_005_00038559\/logo_prome_vip_v_web.jpg\"},{\"InfoAddicional\":\"<p><strong>NUEVOS DESCUENTOS:<\/strong><\/p><p><strong>Martes, d\u00eda del espectador<\/strong>. Consultar precios<\/p><p><strong>Mayores de 65 a\u00f1os, 15% dto*<br \/>Menores de 30 a\u00f1os, 30% dto*<br \/>Menores de 16 a\u00f1os, 16\u20ac*<br \/>Menores de 12 a\u00f1os, 12\u20ac*<\/strong><\/p><p><em>Los precios&nbsp;y descuentos no tienen los gastos de gesti\u00f3n incluidos<br \/>*Descuento aplicable para todas las funciones excepto algunos festivos y excepto determinados espect\u00e1culos de car\u00e1cter familiar, infantil y otros<\/em><br \/><\/p>\",\"Url\":\"[TEXT]\",\"Codi\":\"0\",\"LogoUrl\":\"\"}]","contract_is_open":false,"in_tour":false},"yoast_head":"<!-- This site is optimized with the Yoast SEO plugin v27.5 - https:\/\/yoast.com\/product\/yoast-seo-wordpress\/ -->\n<title>Resofocos - Teatre Condal<\/title>\n<meta name=\"robots\" content=\"index, follow, max-snippet:-1, max-image-preview:large, max-video-preview:-1\" \/>\n<link rel=\"canonical\" href=\"https:\/\/www.teatrecondal.cat\/es\/ex\/resofocos\/\" \/>\n<script type=\"application\/ld+json\" class=\"yoast-schema-graph\">{\"@context\":\"https:\\\/\\\/schema.org\",\"@graph\":[{\"@type\":\"WebPage\",\"@id\":\"https:\\\/\\\/www.teatrecondal.cat\\\/es\\\/ex\\\/resofocos\\\/\",\"url\":\"https:\\\/\\\/www.teatrecondal.cat\\\/es\\\/ex\\\/resofocos\\\/\",\"name\":\"Resofocos - Teatre Condal\",\"isPartOf\":{\"@id\":\"https:\\\/\\\/www.teatrecondal.cat\\\/es\\\/#website\"},\"datePublished\":\"2017-09-19T06:22:11+00:00\",\"breadcrumb\":{\"@id\":\"https:\\\/\\\/www.teatrecondal.cat\\\/es\\\/ex\\\/resofocos\\\/#breadcrumb\"},\"inLanguage\":\"es\",\"potentialAction\":[{\"@type\":\"ReadAction\",\"target\":[\"https:\\\/\\\/www.teatrecondal.cat\\\/es\\\/ex\\\/resofocos\\\/\"]}]},{\"@type\":\"BreadcrumbList\",\"@id\":\"https:\\\/\\\/www.teatrecondal.cat\\\/es\\\/ex\\\/resofocos\\\/#breadcrumb\",\"itemListElement\":[{\"@type\":\"ListItem\",\"position\":1,\"name\":\"Inici\",\"item\":\"https:\\\/\\\/www.teatrecondal.cat\\\/es\\\/\"},{\"@type\":\"ListItem\",\"position\":2,\"name\":\"Espectacles\",\"item\":\"https:\\\/\\\/www.teatrecondal.cat\\\/es\\\/ex\\\/\"},{\"@type\":\"ListItem\",\"position\":3,\"name\":\"Resofocos\"}]},{\"@type\":\"WebSite\",\"@id\":\"https:\\\/\\\/www.teatrecondal.cat\\\/es\\\/#website\",\"url\":\"https:\\\/\\\/www.teatrecondal.cat\\\/es\\\/\",\"name\":\"Teatre Condal\",\"description\":\"\",\"publisher\":{\"@id\":\"https:\\\/\\\/www.teatrecondal.cat\\\/es\\\/#organization\"},\"potentialAction\":[{\"@type\":\"SearchAction\",\"target\":{\"@type\":\"EntryPoint\",\"urlTemplate\":\"https:\\\/\\\/www.teatrecondal.cat\\\/es\\\/?s={search_term_string}\"},\"query-input\":{\"@type\":\"PropertyValueSpecification\",\"valueRequired\":true,\"valueName\":\"search_term_string\"}}],\"inLanguage\":\"es\"},{\"@type\":\"Organization\",\"@id\":\"https:\\\/\\\/www.teatrecondal.cat\\\/es\\\/#organization\",\"name\":\"Teatre Condal\",\"url\":\"https:\\\/\\\/www.teatrecondal.cat\\\/es\\\/\",\"logo\":{\"@type\":\"ImageObject\",\"inLanguage\":\"es\",\"@id\":\"https:\\\/\\\/www.teatrecondal.cat\\\/es\\\/#\\\/schema\\\/logo\\\/image\\\/\",\"url\":\"https:\\\/\\\/www.teatrecondal.cat\\\/wp-content\\\/uploads\\\/sites\\\/3\\\/2017\\\/09\\\/teatre-condal-logo.svg\",\"contentUrl\":\"https:\\\/\\\/www.teatrecondal.cat\\\/wp-content\\\/uploads\\\/sites\\\/3\\\/2017\\\/09\\\/teatre-condal-logo.svg\",\"width\":1,\"height\":1,\"caption\":\"Teatre Condal\"},\"image\":{\"@id\":\"https:\\\/\\\/www.teatrecondal.cat\\\/es\\\/#\\\/schema\\\/logo\\\/image\\\/\"},\"sameAs\":[\"http:\\\/\\\/www.facebook.com\\\/TeatreCondal\",\"https:\\\/\\\/x.com\\\/Teatre_Condal\",\"http:\\\/\\\/instagram.com\\\/teatre_condal\",\"http:\\\/\\\/www.youtube.com\\\/user\\\/TeatreCondal\"]}]}<\/script>\n<!-- \/ Yoast SEO plugin. -->","yoast_head_json":{"title":"Resofocos - Teatre Condal","robots":{"index":"index","follow":"follow","max-snippet":"max-snippet:-1","max-image-preview":"max-image-preview:large","max-video-preview":"max-video-preview:-1"},"canonical":"https:\/\/www.teatrecondal.cat\/es\/ex\/resofocos\/","schema":{"@context":"https:\/\/schema.org","@graph":[{"@type":"WebPage","@id":"https:\/\/www.teatrecondal.cat\/es\/ex\/resofocos\/","url":"https:\/\/www.teatrecondal.cat\/es\/ex\/resofocos\/","name":"Resofocos - Teatre Condal","isPartOf":{"@id":"https:\/\/www.teatrecondal.cat\/es\/#website"},"datePublished":"2017-09-19T06:22:11+00:00","breadcrumb":{"@id":"https:\/\/www.teatrecondal.cat\/es\/ex\/resofocos\/#breadcrumb"},"inLanguage":"es","potentialAction":[{"@type":"ReadAction","target":["https:\/\/www.teatrecondal.cat\/es\/ex\/resofocos\/"]}]},{"@type":"BreadcrumbList","@id":"https:\/\/www.teatrecondal.cat\/es\/ex\/resofocos\/#breadcrumb","itemListElement":[{"@type":"ListItem","position":1,"name":"Inici","item":"https:\/\/www.teatrecondal.cat\/es\/"},{"@type":"ListItem","position":2,"name":"Espectacles","item":"https:\/\/www.teatrecondal.cat\/es\/ex\/"},{"@type":"ListItem","position":3,"name":"Resofocos"}]},{"@type":"WebSite","@id":"https:\/\/www.teatrecondal.cat\/es\/#website","url":"https:\/\/www.teatrecondal.cat\/es\/","name":"Teatre Condal","description":"","publisher":{"@id":"https:\/\/www.teatrecondal.cat\/es\/#organization"},"potentialAction":[{"@type":"SearchAction","target":{"@type":"EntryPoint","urlTemplate":"https:\/\/www.teatrecondal.cat\/es\/?s={search_term_string}"},"query-input":{"@type":"PropertyValueSpecification","valueRequired":true,"valueName":"search_term_string"}}],"inLanguage":"es"},{"@type":"Organization","@id":"https:\/\/www.teatrecondal.cat\/es\/#organization","name":"Teatre Condal","url":"https:\/\/www.teatrecondal.cat\/es\/","logo":{"@type":"ImageObject","inLanguage":"es","@id":"https:\/\/www.teatrecondal.cat\/es\/#\/schema\/logo\/image\/","url":"https:\/\/www.teatrecondal.cat\/wp-content\/uploads\/sites\/3\/2017\/09\/teatre-condal-logo.svg","contentUrl":"https:\/\/www.teatrecondal.cat\/wp-content\/uploads\/sites\/3\/2017\/09\/teatre-condal-logo.svg","width":1,"height":1,"caption":"Teatre Condal"},"image":{"@id":"https:\/\/www.teatrecondal.cat\/es\/#\/schema\/logo\/image\/"},"sameAs":["http:\/\/www.facebook.com\/TeatreCondal","https:\/\/x.com\/Teatre_Condal","http:\/\/instagram.com\/teatre_condal","http:\/\/www.youtube.com\/user\/TeatreCondal"]}]}},"translations":[{"id":3581,"locale":"ca"},{"id":3983,"locale":"es"}],"_links":{"self":[{"href":"https:\/\/www.teatrecondal.cat\/es\/wp-json\/wp\/v2\/ex\/3983","targetHints":{"allow":["GET"]}}],"collection":[{"href":"https:\/\/www.teatrecondal.cat\/es\/wp-json\/wp\/v2\/ex"}],"about":[{"href":"https:\/\/www.teatrecondal.cat\/es\/wp-json\/wp\/v2\/types\/ex"}],"author":[{"embeddable":true,"href":"https:\/\/www.teatrecondal.cat\/es\/wp-json\/wp\/v2\/users\/2"}],"replies":[{"embeddable":true,"href":"https:\/\/www.teatrecondal.cat\/es\/wp-json\/wp\/v2\/comments?post=3983"}],"acf:term":[{"embeddable":true,"taxonomy":"season","href":"https:\/\/www.teatrecondal.cat\/es\/wp-json\/wp\/v2\/season\/82"}],"wp:attachment":[{"href":"https:\/\/www.teatrecondal.cat\/es\/wp-json\/wp\/v2\/media?parent=3983"}],"curies":[{"name":"wp","href":"https:\/\/api.w.org\/{rel}","templated":true}]}}

<p align="justify">Las actrices Fabiola Toledo, Charo Reina, Elena Martín y Soledad Mallol (Las Virtudes) se encargarán de demostrar que a partir de los cincuenta las mujeres no entran en el ocaso de su vida ni mucho menos, sino todo lo contario, de una manera desternillante mostrarán la parte más tierna y a la vez más sibilina de una mujer fuerte y que viene de vuelta, dejando claro que la menopausia tiene su lado divertido.<br /></p>
<p align="justify"><strong><font color="#ff0000">ENTRADAS GOLD. TEATRE CONDAL</font></strong></p>
<p align="justify"><font color="#ff0000">&gt; Las mejores ubicaciones en platea. Sólo 16 butacas exclusivas en cada función.<br />&gt; Entrada preferente al teatro, tanto por puerta como por horario.<br />&gt; Tour guiado al backstage (escenario, zona de camerinos...), una ocasión única para conocer cómo es el teatro por dentro y vivir los minutos previos al inicio de una función.&nbsp; (Para la realización de la visita es necesario presentarse en la puerta del teatro 45' antes del inicio de la función)<br /></font><font color="#ff0000">&gt; Invitación a copa de cava y snacks.<br />&gt; Acompañamiento individual hasta sus butacas.<br />&gt; Presentando la entrada Gold, descuento del 10% en las tiendas Agatha Ruiz de la Prada (salvo Internet).</font><br /></p>
<p align="justify">&nbsp;</p>

<strong>AUTORES:</strong> Juan Luis Iborra, Sonia Gómez&nbsp;y Antonio Albert<br /><strong>DIRECTOR:</strong> Juan Luis Iborra<br />

<p><strong>AUTORES:</strong> Juan Luis Iborra, Sonia Gómez&nbsp;y Antonio Albert<br /><strong>DIRECTOR:</strong> Juan Luis Iborra</p>
<p><strong>INTÉRPRETES:</strong> Fabiola Toledo, Charo Reina, Elena Martín&nbsp;y Soledad Mallol (Las Virtudes)<br /><strong>COLABORACIÓN ESPECIAL:</strong> Carlos Sobera</p>
<p><strong>ESCENOGRAFÍA I VESTUARIO:</strong> Ágatha Ruíz de la Prada <br /><strong>CONCEPTO Y DESARROLLO MUSICAL:</strong>&nbsp; Luis Gómez-Escolar, Fernando Sancho&nbsp;y Luis Carlos Esteban<br /><br /><strong>PRODUCTORES EJECUTIVOS:</strong> Manel Torrents&nbsp;y Jesús Cimarro<br /><strong>PRODUCCIÓN:</strong> Javier Campillo<br /><strong><br />UNA PRODUCCIÓN DE</strong> Himan TV&nbsp;y Sí Teatro<br /><strong>DISTRIBUCIÓN:</strong> Pentación Espectáculos</p>

[{"InfoAddicional":"<p><strong>Tarifa especial:</strong> Tarjeta Rosa, Tarjeta Discapacidad, Club TR3SC&nbsp;y Carnet Jove.*</p><p><em>*Descuentos Tarjeta Rosa y Tarjeta Discapacidad sólo aplicables comprando en taquilla </em></p><p><strong>Descuentos para grupos y escuelas<br /></strong></p>","Url":"http://www.promentrada.com","Codi":"0","LogoUrl":"media/fimage/31389/01_005_00038530/logo_prome_nuevo_v_web.jpg"},{"InfoAddicional":"<p><strong>Descuentos para particulares<br /></strong></p>","Url":"http://vip.promentrada.com","Codi":"0","LogoUrl":"media/fimage/31389/01_005_00038559/logo_prome_vip_v_web.jpg"},{"InfoAddicional":"<p><strong>NUEVOS DESCUENTOS:</strong></p><p><strong>Martes, día del espectador</strong>. Consultar precios</p><p><strong>Mayores de 65 años, 15% dto*<br />Menores de 30 años, 30% dto*<br />Menores de 16 años, 16€*<br />Menores de 12 años, 12€*</strong></p><p><em>Los precios&nbsp;y descuentos no tienen los gastos de gestión incluidos<br />*Descuento aplicable para todas las funciones excepto algunos festivos y excepto determinados espectáculos de carácter familiar, infantil y otros</em><br /></p>","Url":"[TEXT]","Codi":"0","LogoUrl":""}]
