{"id":3972,"date":"2017-09-19T08:22:01","date_gmt":"2017-09-19T06:22:01","guid":{"rendered":"https:\/\/pre.teatrecondal.cat\/ex\/\/la-odisea-2\/"},"modified":"2017-09-19T08:22:01","modified_gmt":"2017-09-19T06:22:01","slug":"la-odisea","status":"publish","type":"ex","link":"https:\/\/www.teatrecondal.cat\/es\/ex\/la-odisea\/","title":{"rendered":"La Odisea"},"content":{"rendered":"","protected":false},"excerpt":{"rendered":"","protected":false},"author":2,"featured_media":0,"comment_status":"closed","ping_status":"closed","template":"","class_list":["post-3972","ex","type-ex","status-publish","hentry","season-2013-14"],"acf":{"txt_synopsis":"<p align=\"justify\">La Odisea sigue el impulso de espect\u00e1culos como Lazarillo de Tormes, El Quijote o El evangelio de San Juan. Sobre la base de un referente cl\u00e1sico de amplia difusi\u00f3n cultural se ofrece al p\u00fablico una lectura renovada de los mismos motivos antiguos, tratando de extraer los valores contenidos en ellos, en una \u00e9poca en la que la informaci\u00f3n, a veces, menoscaba el sentido y la orientaci\u00f3n final del conocimiento. Como siempre estas preocupaciones laten debajo de un esquema sencillo que hace del espect\u00e1culo directo, vivo, popular y en un constante manejo del humor como hilo conductor el relato. La Odisea incorpora la m\u00fasica en vivo con instrumentos tradicionales antiguos que remiten al contexto musical de Oriente, Turqu\u00eda, Bizancio y la India.<\/p>","main_buy_link":"#","main_buy_links":"","group_buy_link":"","show_language":"","show_duration":"","show_start_date":"20140114000000","show_end_date":"20140202000000","show_sort_date":"20131202000000","txt_custom_show_dates":"del 14 de enero al 2 de febrero de 2014","show_disciplines":"","show_ultimes_funcions":false,"hide_tarifes_especials":false,"show_properament":false,"txt_additional_info":"","txt_present":"","show_season":[82],"txt_season":"[\"2013\/14\"]","txt_cycle":"","txt_claim":"","txt_cast_excerpt":"","txt_cast":"<p><strong>DIRECCI\u00d3N:<\/strong> Rafael \u00c1lvarez<br \/><strong>VERSI\u00d3N:<\/strong> Rafael \u00c1lvarez<\/p>\n<p><strong>INT\u00c9RPRETE:<\/strong> Rafael \u00c1lvarez \"El Brujo\"<\/p>\n<p><strong>M\u00daSICOS:<\/strong><br \/>Daniel Su\u00e1rez \"Sena\" (Percussi\u00f3)<br \/>Javier Alejano (Corda)<br \/>Mauricio Loseto (Percussi\u00f3)<\/p>\n<p><strong>DIRECTOR MUSICAL:<\/strong> Javier Alejano<br \/><strong>M\u00daSICA ORIGINAL:<\/strong> Javier Alejano<\/p>\n<p><strong>DISE\u00d1O DE ESCENOGRAF\u00cdA:<\/strong> Equipo Escenogr\u00e1fico PEB<br \/><strong>DISE\u00d1O DE ILUMINACI\u00d3N:<\/strong> Miguel \u00c1ngel Camacho<br \/><strong>DISE\u00d1O DE VESTUARIO:<\/strong> Gergonia E. Moustellier<\/p>","txt_reviews":"","hashtag":"","have_promo":"","slogan":"","id_exhibicio":920,"id_versio":718,"id_local":3,"txt_seo_desc":"","data_images":"[{\"localizer\":\"V2PORTADA\",\"url\":\"media\/ver\/port\/3125E\/01_078_00026669\/port.jpg\",\"thumb_url\":\"media\/ver\/port\/3125E\/01_078_00026669\/port_thumb.jpg\",\"title\":\"La Odisea\",\"description\":\"La Odisea\",\"copyright\":\"\",\"order\":1},{\"localizer\":\"V2CARTELL\",\"url\":\"media\/ver\/cartell\/3125E\/01_079_00026670\/list.jpg\",\"thumb_url\":\"media\/ver\/cartell\/3125E\/01_079_00026670\/list_thumb.jpg\",\"title\":\"La Odisea\",\"description\":\"La Odisea\",\"copyright\":\"https:\/\/d1wfclq6bigznq.cloudfront.net\/tkrfc\/default\/002odis.jpg\",\"order\":2}]","material__texto_intro":"","data_material":null,"data_gallery":"","data_discounts":"[{\"InfoAddicional\":\"<p><strong>NUEVOS DESCUENTOS:<\/strong><\/p><p><strong>Martes, d\u00eda del espectador<\/strong>. Consultar precios<\/p><p><strong>Mayores de 65 a\u00f1os, 15% dto*<br \/>Menores de 30 a\u00f1os, 30% dto*<br \/>Menores de 16 a\u00f1os, 16\u20ac*<br \/>Menores de 12 a\u00f1os, 12\u20ac*<\/strong><\/p><p><em>Los precios&nbsp;y descuentos no tienen los gastos de gesti\u00f3n incluidos<br \/>*Descuento aplicable para todas las funciones excepto algunos festivos y excepto determinados espect\u00e1culos de car\u00e1cter familiar, infantil y otros<\/em><br \/><\/p>\",\"Url\":\"[TEXT]\",\"Codi\":\"0\",\"LogoUrl\":\"\"},{\"InfoAddicional\":\"<p><strong>Tarifa especial:<\/strong> Tarjeta Rosa, Tarjeta Discapacidad, Club TR3SC&nbsp;y Carnet Jove.*<\/p><p><em>*Descuentos Tarjeta Rosa y Tarjeta Discapacidad s\u00f3lo aplicables comprando en taquilla <\/em><\/p><p><strong>Descuentos para grupos y escuelas<br \/><\/strong><\/p>\",\"Url\":\"http:\/\/www.promentrada.com\",\"Codi\":\"0\",\"LogoUrl\":\"media\/fimage\/31389\/01_005_00038530\/logo_prome_nuevo_v_web.jpg\"},{\"InfoAddicional\":\"<p><strong>Descuentos para particulares<br \/><\/strong><\/p>\",\"Url\":\"http:\/\/vip.promentrada.com\",\"Codi\":\"0\",\"LogoUrl\":\"media\/fimage\/31389\/01_005_00038559\/logo_prome_vip_v_web.jpg\"}]","contract_is_open":false,"in_tour":false},"yoast_head":"<!-- This site is optimized with the Yoast SEO plugin v27.5 - https:\/\/yoast.com\/product\/yoast-seo-wordpress\/ -->\n<title>La Odisea - Teatre Condal<\/title>\n<meta name=\"robots\" content=\"index, follow, max-snippet:-1, max-image-preview:large, max-video-preview:-1\" \/>\n<link rel=\"canonical\" href=\"https:\/\/www.teatrecondal.cat\/es\/ex\/la-odisea\/\" \/>\n<script type=\"application\/ld+json\" class=\"yoast-schema-graph\">{\"@context\":\"https:\\\/\\\/schema.org\",\"@graph\":[{\"@type\":\"WebPage\",\"@id\":\"https:\\\/\\\/www.teatrecondal.cat\\\/es\\\/ex\\\/la-odisea\\\/\",\"url\":\"https:\\\/\\\/www.teatrecondal.cat\\\/es\\\/ex\\\/la-odisea\\\/\",\"name\":\"La Odisea - Teatre Condal\",\"isPartOf\":{\"@id\":\"https:\\\/\\\/www.teatrecondal.cat\\\/es\\\/#website\"},\"datePublished\":\"2017-09-19T06:22:01+00:00\",\"breadcrumb\":{\"@id\":\"https:\\\/\\\/www.teatrecondal.cat\\\/es\\\/ex\\\/la-odisea\\\/#breadcrumb\"},\"inLanguage\":\"es\",\"potentialAction\":[{\"@type\":\"ReadAction\",\"target\":[\"https:\\\/\\\/www.teatrecondal.cat\\\/es\\\/ex\\\/la-odisea\\\/\"]}]},{\"@type\":\"BreadcrumbList\",\"@id\":\"https:\\\/\\\/www.teatrecondal.cat\\\/es\\\/ex\\\/la-odisea\\\/#breadcrumb\",\"itemListElement\":[{\"@type\":\"ListItem\",\"position\":1,\"name\":\"Inici\",\"item\":\"https:\\\/\\\/www.teatrecondal.cat\\\/es\\\/\"},{\"@type\":\"ListItem\",\"position\":2,\"name\":\"Espectacles\",\"item\":\"https:\\\/\\\/www.teatrecondal.cat\\\/es\\\/ex\\\/\"},{\"@type\":\"ListItem\",\"position\":3,\"name\":\"La Odisea\"}]},{\"@type\":\"WebSite\",\"@id\":\"https:\\\/\\\/www.teatrecondal.cat\\\/es\\\/#website\",\"url\":\"https:\\\/\\\/www.teatrecondal.cat\\\/es\\\/\",\"name\":\"Teatre Condal\",\"description\":\"\",\"publisher\":{\"@id\":\"https:\\\/\\\/www.teatrecondal.cat\\\/es\\\/#organization\"},\"potentialAction\":[{\"@type\":\"SearchAction\",\"target\":{\"@type\":\"EntryPoint\",\"urlTemplate\":\"https:\\\/\\\/www.teatrecondal.cat\\\/es\\\/?s={search_term_string}\"},\"query-input\":{\"@type\":\"PropertyValueSpecification\",\"valueRequired\":true,\"valueName\":\"search_term_string\"}}],\"inLanguage\":\"es\"},{\"@type\":\"Organization\",\"@id\":\"https:\\\/\\\/www.teatrecondal.cat\\\/es\\\/#organization\",\"name\":\"Teatre Condal\",\"url\":\"https:\\\/\\\/www.teatrecondal.cat\\\/es\\\/\",\"logo\":{\"@type\":\"ImageObject\",\"inLanguage\":\"es\",\"@id\":\"https:\\\/\\\/www.teatrecondal.cat\\\/es\\\/#\\\/schema\\\/logo\\\/image\\\/\",\"url\":\"https:\\\/\\\/www.teatrecondal.cat\\\/wp-content\\\/uploads\\\/sites\\\/3\\\/2017\\\/09\\\/teatre-condal-logo.svg\",\"contentUrl\":\"https:\\\/\\\/www.teatrecondal.cat\\\/wp-content\\\/uploads\\\/sites\\\/3\\\/2017\\\/09\\\/teatre-condal-logo.svg\",\"width\":1,\"height\":1,\"caption\":\"Teatre Condal\"},\"image\":{\"@id\":\"https:\\\/\\\/www.teatrecondal.cat\\\/es\\\/#\\\/schema\\\/logo\\\/image\\\/\"},\"sameAs\":[\"http:\\\/\\\/www.facebook.com\\\/TeatreCondal\",\"https:\\\/\\\/x.com\\\/Teatre_Condal\",\"http:\\\/\\\/instagram.com\\\/teatre_condal\",\"http:\\\/\\\/www.youtube.com\\\/user\\\/TeatreCondal\"]}]}<\/script>\n<!-- \/ Yoast SEO plugin. -->","yoast_head_json":{"title":"La Odisea - Teatre Condal","robots":{"index":"index","follow":"follow","max-snippet":"max-snippet:-1","max-image-preview":"max-image-preview:large","max-video-preview":"max-video-preview:-1"},"canonical":"https:\/\/www.teatrecondal.cat\/es\/ex\/la-odisea\/","schema":{"@context":"https:\/\/schema.org","@graph":[{"@type":"WebPage","@id":"https:\/\/www.teatrecondal.cat\/es\/ex\/la-odisea\/","url":"https:\/\/www.teatrecondal.cat\/es\/ex\/la-odisea\/","name":"La Odisea - Teatre Condal","isPartOf":{"@id":"https:\/\/www.teatrecondal.cat\/es\/#website"},"datePublished":"2017-09-19T06:22:01+00:00","breadcrumb":{"@id":"https:\/\/www.teatrecondal.cat\/es\/ex\/la-odisea\/#breadcrumb"},"inLanguage":"es","potentialAction":[{"@type":"ReadAction","target":["https:\/\/www.teatrecondal.cat\/es\/ex\/la-odisea\/"]}]},{"@type":"BreadcrumbList","@id":"https:\/\/www.teatrecondal.cat\/es\/ex\/la-odisea\/#breadcrumb","itemListElement":[{"@type":"ListItem","position":1,"name":"Inici","item":"https:\/\/www.teatrecondal.cat\/es\/"},{"@type":"ListItem","position":2,"name":"Espectacles","item":"https:\/\/www.teatrecondal.cat\/es\/ex\/"},{"@type":"ListItem","position":3,"name":"La Odisea"}]},{"@type":"WebSite","@id":"https:\/\/www.teatrecondal.cat\/es\/#website","url":"https:\/\/www.teatrecondal.cat\/es\/","name":"Teatre Condal","description":"","publisher":{"@id":"https:\/\/www.teatrecondal.cat\/es\/#organization"},"potentialAction":[{"@type":"SearchAction","target":{"@type":"EntryPoint","urlTemplate":"https:\/\/www.teatrecondal.cat\/es\/?s={search_term_string}"},"query-input":{"@type":"PropertyValueSpecification","valueRequired":true,"valueName":"search_term_string"}}],"inLanguage":"es"},{"@type":"Organization","@id":"https:\/\/www.teatrecondal.cat\/es\/#organization","name":"Teatre Condal","url":"https:\/\/www.teatrecondal.cat\/es\/","logo":{"@type":"ImageObject","inLanguage":"es","@id":"https:\/\/www.teatrecondal.cat\/es\/#\/schema\/logo\/image\/","url":"https:\/\/www.teatrecondal.cat\/wp-content\/uploads\/sites\/3\/2017\/09\/teatre-condal-logo.svg","contentUrl":"https:\/\/www.teatrecondal.cat\/wp-content\/uploads\/sites\/3\/2017\/09\/teatre-condal-logo.svg","width":1,"height":1,"caption":"Teatre Condal"},"image":{"@id":"https:\/\/www.teatrecondal.cat\/es\/#\/schema\/logo\/image\/"},"sameAs":["http:\/\/www.facebook.com\/TeatreCondal","https:\/\/x.com\/Teatre_Condal","http:\/\/instagram.com\/teatre_condal","http:\/\/www.youtube.com\/user\/TeatreCondal"]}]}},"translations":[{"id":3570,"locale":"ca"},{"id":3972,"locale":"es"}],"_links":{"self":[{"href":"https:\/\/www.teatrecondal.cat\/es\/wp-json\/wp\/v2\/ex\/3972","targetHints":{"allow":["GET"]}}],"collection":[{"href":"https:\/\/www.teatrecondal.cat\/es\/wp-json\/wp\/v2\/ex"}],"about":[{"href":"https:\/\/www.teatrecondal.cat\/es\/wp-json\/wp\/v2\/types\/ex"}],"author":[{"embeddable":true,"href":"https:\/\/www.teatrecondal.cat\/es\/wp-json\/wp\/v2\/users\/2"}],"replies":[{"embeddable":true,"href":"https:\/\/www.teatrecondal.cat\/es\/wp-json\/wp\/v2\/comments?post=3972"}],"acf:term":[{"embeddable":true,"taxonomy":"season","href":"https:\/\/www.teatrecondal.cat\/es\/wp-json\/wp\/v2\/season\/82"}],"wp:attachment":[{"href":"https:\/\/www.teatrecondal.cat\/es\/wp-json\/wp\/v2\/media?parent=3972"}],"curies":[{"name":"wp","href":"https:\/\/api.w.org\/{rel}","templated":true}]}}

<p align="justify">La Odisea sigue el impulso de espectáculos como Lazarillo de Tormes, El Quijote o El evangelio de San Juan. Sobre la base de un referente clásico de amplia difusión cultural se ofrece al público una lectura renovada de los mismos motivos antiguos, tratando de extraer los valores contenidos en ellos, en una época en la que la información, a veces, menoscaba el sentido y la orientación final del conocimiento. Como siempre estas preocupaciones laten debajo de un esquema sencillo que hace del espectáculo directo, vivo, popular y en un constante manejo del humor como hilo conductor el relato. La Odisea incorpora la música en vivo con instrumentos tradicionales antiguos que remiten al contexto musical de Oriente, Turquía, Bizancio y la India.</p>

<p><strong>DIRECCIÓN:</strong> Rafael Álvarez<br /><strong>VERSIÓN:</strong> Rafael Álvarez</p>
<p><strong>INTÉRPRETE:</strong> Rafael Álvarez "El Brujo"</p>
<p><strong>MÚSICOS:</strong><br />Daniel Suárez "Sena" (Percussió)<br />Javier Alejano (Corda)<br />Mauricio Loseto (Percussió)</p>
<p><strong>DIRECTOR MUSICAL:</strong> Javier Alejano<br /><strong>MÚSICA ORIGINAL:</strong> Javier Alejano</p>
<p><strong>DISEÑO DE ESCENOGRAFÍA:</strong> Equipo Escenográfico PEB<br /><strong>DISEÑO DE ILUMINACIÓN:</strong> Miguel Ángel Camacho<br /><strong>DISEÑO DE VESTUARIO:</strong> Gergonia E. Moustellier</p>

[{"InfoAddicional":"<p><strong>NUEVOS DESCUENTOS:</strong></p><p><strong>Martes, día del espectador</strong>. Consultar precios</p><p><strong>Mayores de 65 años, 15% dto*<br />Menores de 30 años, 30% dto*<br />Menores de 16 años, 16€*<br />Menores de 12 años, 12€*</strong></p><p><em>Los precios&nbsp;y descuentos no tienen los gastos de gestión incluidos<br />*Descuento aplicable para todas las funciones excepto algunos festivos y excepto determinados espectáculos de carácter familiar, infantil y otros</em><br /></p>","Url":"[TEXT]","Codi":"0","LogoUrl":""},{"InfoAddicional":"<p><strong>Tarifa especial:</strong> Tarjeta Rosa, Tarjeta Discapacidad, Club TR3SC&nbsp;y Carnet Jove.*</p><p><em>*Descuentos Tarjeta Rosa y Tarjeta Discapacidad sólo aplicables comprando en taquilla </em></p><p><strong>Descuentos para grupos y escuelas<br /></strong></p>","Url":"http://www.promentrada.com","Codi":"0","LogoUrl":"media/fimage/31389/01_005_00038530/logo_prome_nuevo_v_web.jpg"},{"InfoAddicional":"<p><strong>Descuentos para particulares<br /></strong></p>","Url":"http://vip.promentrada.com","Codi":"0","LogoUrl":"media/fimage/31389/01_005_00038559/logo_prome_vip_v_web.jpg"}]
