{"id":3934,"date":"2017-09-19T08:21:28","date_gmt":"2017-09-19T06:21:28","guid":{"rendered":"https:\/\/pre.teatrecondal.cat\/ex\/\/de-verden-cuando-2\/"},"modified":"2017-09-19T08:21:28","modified_gmt":"2017-09-19T06:21:28","slug":"de-verden-cuando","status":"publish","type":"ex","link":"https:\/\/www.teatrecondal.cat\/es\/ex\/de-verden-cuando\/","title":{"rendered":"De verden cuando"},"content":{"rendered":"","protected":false},"excerpt":{"rendered":"","protected":false},"author":2,"featured_media":0,"comment_status":"closed","ping_status":"closed","template":"","class_list":["post-3934","ex","type-ex","status-publish","hentry","season-2012-13"],"acf":{"txt_synopsis":"<p align=\"justify\">\u201cDe verden cuando\u201d es otro divertimento humor\u00edsticomusical-cant\u00e1bile para caricato y piano, en clave de M\u00cd mismo, basado en \u201cYo me sub\u00ed a un piano verde\u201d, que para muchos result\u00f3 divertido, humor\u00edstico-musical-cant\u00e1bile, y que tambi\u00e9n fue engendrado por el mismo caricato de hoy con id\u00e9ntico pianista a las teclas.<br \/>Todo esto, que bien pudiera parecer igual, resulta que no es lo mismo. Si me subo de nuevo a un escenario, durante una hora y poco, con gente parecida a vosotros sentada delante, es porque \u201cde verden cuando\u201d sentimos la necesidad de desparramar, cada uno desde su sitio; vosotros sentados y yo subido encima. Y si encima, nos re\u00edmos y aplaudimos \u201cde verden cuando\u201d, ya habr\u00e1 merecido la pena haber perdido los nervios en aparcar el coche, aunque se vuelvan a perder de nuevo, al no acordarse de donde lo hab\u00edamos aparcado, despu\u00e9s\u2026 Eso si consigues encontrarlo, que ya sab\u00e9is que hay mucho chorizo suelto, sin gobierno, dispuestos a \u201crecortar\u201d nuestras pertenencias.<br \/>Lo que quiero deciros, es que lo que vais a ver, no tiene nada que ver con lo que hab\u00edais visto, m\u00e1s que nada porque ya no os acordareis, y sobre todo, porque lo que hoy os ofrezco, s\u00e9 que es lo que dese\u00e1is ver; no s\u00e9 si me explico\u2026<br \/>Lo que quiero es convidaros a un consejo terap\u00e9utico sobre c\u00f3mo ocupar vuestro tiempo libre atrevi\u00e9ndose a hacer lo m\u00e1s absurdo que se pueda uno imaginar, o haciendo lo que siempre hab\u00edais imaginado y nunca os hab\u00edais atrevido a hacer, desde subirse otra vez a un piano verde, hasta subirse a las barbas de tu padre, aunque tu padre sea barbilampi\u00f1o, o aunque tu padre sea la Barbi complementos\u2026 \u201cDe verden cuando\u201d es risa y sonrisa. Es la sal, la pimienta y el \u201caceite\u201d de re\u00edr. Es biograf\u00eda, humor, homenajes, complicidad, canciones\u2026 Recuerdos de un lirismo emocionado\u2026<br \/>Un enorme juego de palabras que, sin ser espectacular, se convierte en un espect\u00e1culo gracias a la tenacidad y el sentido del humor, de ese \u201ccl\u00e1sico gracioso\u201d que represento; un gracioso contento en su cuerda de equilibrista, un gracioso que se juega el hipo demostrando, sin nostalgia, que a\u00fan se mantiene en sus trece y que, pese a quien le pese, sigue teniendo el valor de subirse \u201cDe verden cuando\u201d donde le apetece.<br \/>Os invito a \u00e9ste piano \u2013bar, donde me sentir\u00e9 de nuevo rebelde sin causa y sin motivo justificado. Ya ver\u00e9is. Ah, la pen\u00faltima ronda la pago yo, \u201cDe verden cuando\u201d lo juro por la Encanna. P.D. (El del p\u00f3ster soy yo, jat\u00e9\u2026 No me cabe n\u00e1\u2026 )<br \/><strong><em>Mill\u00e1n<\/em><\/strong><\/p>\n<p align=\"justify\"><em><strong><\/strong><\/em><\/p>\n<p align=\"justify\"><strong>Duraci\u00f3n:<\/strong> 1h 30 min (sin entreacto)<\/p>","main_buy_link":"#","main_buy_links":"","group_buy_link":"","show_language":"","show_duration":"","show_start_date":"20121115000000","show_end_date":"20121202000000","show_sort_date":"20121115000000","txt_custom_show_dates":"del 15 de noviembre al 2 de diciembre de 2012","show_disciplines":"","show_ultimes_funcions":false,"hide_tarifes_especials":false,"show_properament":false,"txt_additional_info":"","txt_present":"","show_season":[81],"txt_season":"[\"2012\/13\"]","txt_cycle":"","txt_claim":"\u00a1El nuevo espect\u00e1culo de Mill\u00e1n Salcedo!","txt_cast_excerpt":"","txt_cast":"","txt_reviews":"","hashtag":"","have_promo":"","slogan":"","id_exhibicio":807,"id_versio":624,"id_local":3,"txt_seo_desc":"","data_images":"[{\"localizer\":\"V2PORTADA\",\"url\":\"media\/ver\/port\/311FA\/01_078_00022764\/port.jpg\",\"thumb_url\":\"media\/ver\/port\/311FA\/01_078_00022764\/port_thumb.jpg\",\"title\":\"De verden cuando\",\"description\":\"De verden cuando\",\"copyright\":\"\",\"order\":2},{\"localizer\":\"V2CARTELL\",\"url\":\"media\/ver\/cartell\/311FB\/01_079_00022860\/imatgedverdencuando.jpg\",\"thumb_url\":\"media\/ver\/cartell\/311FB\/01_079_00022860\/imatgedverdencuando_thumb.jpg\",\"title\":\"De verden cuando\",\"description\":\"De verden cuando\",\"copyright\":\"\",\"order\":5}]","material__texto_intro":"","data_material":null,"data_gallery":"","data_discounts":"[{\"InfoAddicional\":\"<p><strong>Tarifa especial:<\/strong> Tarjeta Rosa, Tarjeta Discapacidad, Club TR3SC&nbsp;y Carnet Jove.*<\/p><p><em>*Descuentos Tarjeta Rosa y Tarjeta Discapacidad s\u00f3lo aplicables comprando en taquilla <\/em><\/p><p><strong>Descuentos para grupos y escuelas<br \/><\/strong><\/p>\",\"Url\":\"http:\/\/www.promentrada.com\",\"Codi\":\"0\",\"LogoUrl\":\"media\/fimage\/31389\/01_005_00038530\/logo_prome_nuevo_v_web.jpg\"},{\"InfoAddicional\":\"<p><strong>Descuentos para particulares<br \/><\/strong><\/p>\",\"Url\":\"http:\/\/vip.promentrada.com\",\"Codi\":\"0\",\"LogoUrl\":\"media\/fimage\/31389\/01_005_00038559\/logo_prome_vip_v_web.jpg\"}]","contract_is_open":false,"in_tour":false},"yoast_head":"<!-- This site is optimized with the Yoast SEO plugin v27.5 - https:\/\/yoast.com\/product\/yoast-seo-wordpress\/ -->\n<title>De verden cuando - Teatre Condal<\/title>\n<meta name=\"robots\" content=\"index, follow, max-snippet:-1, max-image-preview:large, max-video-preview:-1\" \/>\n<link rel=\"canonical\" href=\"https:\/\/www.teatrecondal.cat\/es\/ex\/de-verden-cuando\/\" \/>\n<script type=\"application\/ld+json\" class=\"yoast-schema-graph\">{\"@context\":\"https:\\\/\\\/schema.org\",\"@graph\":[{\"@type\":\"WebPage\",\"@id\":\"https:\\\/\\\/www.teatrecondal.cat\\\/es\\\/ex\\\/de-verden-cuando\\\/\",\"url\":\"https:\\\/\\\/www.teatrecondal.cat\\\/es\\\/ex\\\/de-verden-cuando\\\/\",\"name\":\"De verden cuando - Teatre Condal\",\"isPartOf\":{\"@id\":\"https:\\\/\\\/www.teatrecondal.cat\\\/es\\\/#website\"},\"datePublished\":\"2017-09-19T06:21:28+00:00\",\"breadcrumb\":{\"@id\":\"https:\\\/\\\/www.teatrecondal.cat\\\/es\\\/ex\\\/de-verden-cuando\\\/#breadcrumb\"},\"inLanguage\":\"es\",\"potentialAction\":[{\"@type\":\"ReadAction\",\"target\":[\"https:\\\/\\\/www.teatrecondal.cat\\\/es\\\/ex\\\/de-verden-cuando\\\/\"]}]},{\"@type\":\"BreadcrumbList\",\"@id\":\"https:\\\/\\\/www.teatrecondal.cat\\\/es\\\/ex\\\/de-verden-cuando\\\/#breadcrumb\",\"itemListElement\":[{\"@type\":\"ListItem\",\"position\":1,\"name\":\"Inici\",\"item\":\"https:\\\/\\\/www.teatrecondal.cat\\\/es\\\/\"},{\"@type\":\"ListItem\",\"position\":2,\"name\":\"Espectacles\",\"item\":\"https:\\\/\\\/www.teatrecondal.cat\\\/es\\\/ex\\\/\"},{\"@type\":\"ListItem\",\"position\":3,\"name\":\"De verden cuando\"}]},{\"@type\":\"WebSite\",\"@id\":\"https:\\\/\\\/www.teatrecondal.cat\\\/es\\\/#website\",\"url\":\"https:\\\/\\\/www.teatrecondal.cat\\\/es\\\/\",\"name\":\"Teatre Condal\",\"description\":\"\",\"publisher\":{\"@id\":\"https:\\\/\\\/www.teatrecondal.cat\\\/es\\\/#organization\"},\"potentialAction\":[{\"@type\":\"SearchAction\",\"target\":{\"@type\":\"EntryPoint\",\"urlTemplate\":\"https:\\\/\\\/www.teatrecondal.cat\\\/es\\\/?s={search_term_string}\"},\"query-input\":{\"@type\":\"PropertyValueSpecification\",\"valueRequired\":true,\"valueName\":\"search_term_string\"}}],\"inLanguage\":\"es\"},{\"@type\":\"Organization\",\"@id\":\"https:\\\/\\\/www.teatrecondal.cat\\\/es\\\/#organization\",\"name\":\"Teatre Condal\",\"url\":\"https:\\\/\\\/www.teatrecondal.cat\\\/es\\\/\",\"logo\":{\"@type\":\"ImageObject\",\"inLanguage\":\"es\",\"@id\":\"https:\\\/\\\/www.teatrecondal.cat\\\/es\\\/#\\\/schema\\\/logo\\\/image\\\/\",\"url\":\"https:\\\/\\\/www.teatrecondal.cat\\\/wp-content\\\/uploads\\\/sites\\\/3\\\/2017\\\/09\\\/teatre-condal-logo.svg\",\"contentUrl\":\"https:\\\/\\\/www.teatrecondal.cat\\\/wp-content\\\/uploads\\\/sites\\\/3\\\/2017\\\/09\\\/teatre-condal-logo.svg\",\"width\":1,\"height\":1,\"caption\":\"Teatre Condal\"},\"image\":{\"@id\":\"https:\\\/\\\/www.teatrecondal.cat\\\/es\\\/#\\\/schema\\\/logo\\\/image\\\/\"},\"sameAs\":[\"http:\\\/\\\/www.facebook.com\\\/TeatreCondal\",\"https:\\\/\\\/x.com\\\/Teatre_Condal\",\"http:\\\/\\\/instagram.com\\\/teatre_condal\",\"http:\\\/\\\/www.youtube.com\\\/user\\\/TeatreCondal\"]}]}<\/script>\n<!-- \/ Yoast SEO plugin. -->","yoast_head_json":{"title":"De verden cuando - Teatre Condal","robots":{"index":"index","follow":"follow","max-snippet":"max-snippet:-1","max-image-preview":"max-image-preview:large","max-video-preview":"max-video-preview:-1"},"canonical":"https:\/\/www.teatrecondal.cat\/es\/ex\/de-verden-cuando\/","schema":{"@context":"https:\/\/schema.org","@graph":[{"@type":"WebPage","@id":"https:\/\/www.teatrecondal.cat\/es\/ex\/de-verden-cuando\/","url":"https:\/\/www.teatrecondal.cat\/es\/ex\/de-verden-cuando\/","name":"De verden cuando - Teatre Condal","isPartOf":{"@id":"https:\/\/www.teatrecondal.cat\/es\/#website"},"datePublished":"2017-09-19T06:21:28+00:00","breadcrumb":{"@id":"https:\/\/www.teatrecondal.cat\/es\/ex\/de-verden-cuando\/#breadcrumb"},"inLanguage":"es","potentialAction":[{"@type":"ReadAction","target":["https:\/\/www.teatrecondal.cat\/es\/ex\/de-verden-cuando\/"]}]},{"@type":"BreadcrumbList","@id":"https:\/\/www.teatrecondal.cat\/es\/ex\/de-verden-cuando\/#breadcrumb","itemListElement":[{"@type":"ListItem","position":1,"name":"Inici","item":"https:\/\/www.teatrecondal.cat\/es\/"},{"@type":"ListItem","position":2,"name":"Espectacles","item":"https:\/\/www.teatrecondal.cat\/es\/ex\/"},{"@type":"ListItem","position":3,"name":"De verden cuando"}]},{"@type":"WebSite","@id":"https:\/\/www.teatrecondal.cat\/es\/#website","url":"https:\/\/www.teatrecondal.cat\/es\/","name":"Teatre Condal","description":"","publisher":{"@id":"https:\/\/www.teatrecondal.cat\/es\/#organization"},"potentialAction":[{"@type":"SearchAction","target":{"@type":"EntryPoint","urlTemplate":"https:\/\/www.teatrecondal.cat\/es\/?s={search_term_string}"},"query-input":{"@type":"PropertyValueSpecification","valueRequired":true,"valueName":"search_term_string"}}],"inLanguage":"es"},{"@type":"Organization","@id":"https:\/\/www.teatrecondal.cat\/es\/#organization","name":"Teatre Condal","url":"https:\/\/www.teatrecondal.cat\/es\/","logo":{"@type":"ImageObject","inLanguage":"es","@id":"https:\/\/www.teatrecondal.cat\/es\/#\/schema\/logo\/image\/","url":"https:\/\/www.teatrecondal.cat\/wp-content\/uploads\/sites\/3\/2017\/09\/teatre-condal-logo.svg","contentUrl":"https:\/\/www.teatrecondal.cat\/wp-content\/uploads\/sites\/3\/2017\/09\/teatre-condal-logo.svg","width":1,"height":1,"caption":"Teatre Condal"},"image":{"@id":"https:\/\/www.teatrecondal.cat\/es\/#\/schema\/logo\/image\/"},"sameAs":["http:\/\/www.facebook.com\/TeatreCondal","https:\/\/x.com\/Teatre_Condal","http:\/\/instagram.com\/teatre_condal","http:\/\/www.youtube.com\/user\/TeatreCondal"]}]}},"translations":[{"id":3532,"locale":"ca"},{"id":3934,"locale":"es"}],"_links":{"self":[{"href":"https:\/\/www.teatrecondal.cat\/es\/wp-json\/wp\/v2\/ex\/3934","targetHints":{"allow":["GET"]}}],"collection":[{"href":"https:\/\/www.teatrecondal.cat\/es\/wp-json\/wp\/v2\/ex"}],"about":[{"href":"https:\/\/www.teatrecondal.cat\/es\/wp-json\/wp\/v2\/types\/ex"}],"author":[{"embeddable":true,"href":"https:\/\/www.teatrecondal.cat\/es\/wp-json\/wp\/v2\/users\/2"}],"replies":[{"embeddable":true,"href":"https:\/\/www.teatrecondal.cat\/es\/wp-json\/wp\/v2\/comments?post=3934"}],"acf:term":[{"embeddable":true,"taxonomy":"season","href":"https:\/\/www.teatrecondal.cat\/es\/wp-json\/wp\/v2\/season\/81"}],"wp:attachment":[{"href":"https:\/\/www.teatrecondal.cat\/es\/wp-json\/wp\/v2\/media?parent=3934"}],"curies":[{"name":"wp","href":"https:\/\/api.w.org\/{rel}","templated":true}]}}

<p align="justify">“De verden cuando” es otro divertimento humorísticomusical-cantábile para caricato y piano, en clave de MÍ mismo, basado en “Yo me subí a un piano verde”, que para muchos resultó divertido, humorístico-musical-cantábile, y que también fue engendrado por el mismo caricato de hoy con idéntico pianista a las teclas.<br />Todo esto, que bien pudiera parecer igual, resulta que no es lo mismo. Si me subo de nuevo a un escenario, durante una hora y poco, con gente parecida a vosotros sentada delante, es porque “de verden cuando” sentimos la necesidad de desparramar, cada uno desde su sitio; vosotros sentados y yo subido encima. Y si encima, nos reímos y aplaudimos “de verden cuando”, ya habrá merecido la pena haber perdido los nervios en aparcar el coche, aunque se vuelvan a perder de nuevo, al no acordarse de donde lo habíamos aparcado, después… Eso si consigues encontrarlo, que ya sabéis que hay mucho chorizo suelto, sin gobierno, dispuestos a “recortar” nuestras pertenencias.<br />Lo que quiero deciros, es que lo que vais a ver, no tiene nada que ver con lo que habíais visto, más que nada porque ya no os acordareis, y sobre todo, porque lo que hoy os ofrezco, sé que es lo que deseáis ver; no sé si me explico…<br />Lo que quiero es convidaros a un consejo terapéutico sobre cómo ocupar vuestro tiempo libre atreviéndose a hacer lo más absurdo que se pueda uno imaginar, o haciendo lo que siempre habíais imaginado y nunca os habíais atrevido a hacer, desde subirse otra vez a un piano verde, hasta subirse a las barbas de tu padre, aunque tu padre sea barbilampiño, o aunque tu padre sea la Barbi complementos… “De verden cuando” es risa y sonrisa. Es la sal, la pimienta y el “aceite” de reír. Es biografía, humor, homenajes, complicidad, canciones… Recuerdos de un lirismo emocionado…<br />Un enorme juego de palabras que, sin ser espectacular, se convierte en un espectáculo gracias a la tenacidad y el sentido del humor, de ese “clásico gracioso” que represento; un gracioso contento en su cuerda de equilibrista, un gracioso que se juega el hipo demostrando, sin nostalgia, que aún se mantiene en sus trece y que, pese a quien le pese, sigue teniendo el valor de subirse “De verden cuando” donde le apetece.<br />Os invito a éste piano –bar, donde me sentiré de nuevo rebelde sin causa y sin motivo justificado. Ya veréis. Ah, la penúltima ronda la pago yo, “De verden cuando” lo juro por la Encanna. P.D. (El del póster soy yo, jaté… No me cabe ná… )<br /><strong><em>Millán</em></strong></p>
<p align="justify"><em><strong></strong></em></p>
<p align="justify"><strong>Duración:</strong> 1h 30 min (sin entreacto)</p>

¡El nuevo espectáculo de Millán Salcedo!

[{"InfoAddicional":"<p><strong>Tarifa especial:</strong> Tarjeta Rosa, Tarjeta Discapacidad, Club TR3SC&nbsp;y Carnet Jove.*</p><p><em>*Descuentos Tarjeta Rosa y Tarjeta Discapacidad sólo aplicables comprando en taquilla </em></p><p><strong>Descuentos para grupos y escuelas<br /></strong></p>","Url":"http://www.promentrada.com","Codi":"0","LogoUrl":"media/fimage/31389/01_005_00038530/logo_prome_nuevo_v_web.jpg"},{"InfoAddicional":"<p><strong>Descuentos para particulares<br /></strong></p>","Url":"http://vip.promentrada.com","Codi":"0","LogoUrl":"media/fimage/31389/01_005_00038559/logo_prome_vip_v_web.jpg"}]
