{"id":3887,"date":"2017-09-19T08:20:49","date_gmt":"2017-09-19T06:20:49","guid":{"rendered":"https:\/\/pre.teatrecondal.cat\/ex\/\/misterios-assassinat-a-manhattan-2\/"},"modified":"2017-09-19T08:20:49","modified_gmt":"2017-09-19T06:20:49","slug":"misterios-assassinat-a-manhattan","status":"publish","type":"ex","link":"https:\/\/www.teatrecondal.cat\/es\/ex\/misterios-assassinat-a-manhattan\/","title":{"rendered":"Misteri\u00f3s assassinat a Manhattan"},"content":{"rendered":"","protected":false},"excerpt":{"rendered":"","protected":false},"author":2,"featured_media":0,"comment_status":"closed","ping_status":"closed","template":"","class_list":["post-3887","ex","type-ex","status-publish","hentry","season-2005-06"],"acf":{"txt_synopsis":"<p class=\"MsoNormal\" style=\"MARGIN: 0cm 0cm 0pt\" align=\"justify\">En un lujoso edificio del West Side de Nueva York vive una curiosa comunidad de vecinos. En uno de los pisos vive un matrimonio bien avenido pero con visiones de la vida un poco divergentes. \u00c9l es Tony (Pep Ferrer) un editor con arranques neur\u00f3ticos, y ella es Carol (Montse Guallar) una antigua ejecutiva publicitaria que dej\u00f3 su trabajo para cuidar a su hijo y que se&nbsp;desahoga con la cocina, su gran pasi\u00f3n. Los dos pertenecen al c\u00edrculo literario de la ciudad y tienen amigos como Mark (\u00c0lex Casanoves) un respetado actor, escritor y director, y Marga (Maria Lanau) una prestigiosa escritora. El matrimonio tiene una fant\u00e1stica relaci\u00f3n con una pareja&nbsp;mayor de su mismo bloque, Lidia y Paul. La vida de todos ellos toma otro rumbo cuando misteriosamente Lidia aparece muerta. Carol empieza a sospechar que Paul es el asesino de su propia mujer. Tony se muestra muy esc\u00e9ptico ante las sospechas de su mujer, pero acabar\u00e1 entrando en un c\u00edrculo vicioso de investigaciones y medias palabras de imprevisibles consecuencias.<\/p>\n<p class=\"MsoNormal\" style=\"MARGIN: 0cm 0cm 0pt\" align=\"justify\"><\/p>\n<p class=\"MsoNormal\" style=\"MARGIN: 0cm 0cm 0pt\" align=\"justify\">&nbsp;<\/p>","main_buy_link":"#","main_buy_links":"","group_buy_link":"","show_language":"","show_duration":"","show_start_date":"20060213000000","show_end_date":"20060326000000","show_sort_date":"20060213000000","txt_custom_show_dates":"del 13 de febrero al 26 de marzo de 2006","show_disciplines":"","show_ultimes_funcions":false,"hide_tarifes_especials":false,"show_properament":false,"txt_additional_info":"","txt_present":"","show_season":[74],"txt_season":"[\"2005\/06\"]","txt_cycle":"","txt_claim":"","txt_cast_excerpt":"","txt_cast":"","txt_reviews":"","hashtag":"","have_promo":"","slogan":"","id_exhibicio":244,"id_versio":244,"id_local":3,"txt_seo_desc":"","data_images":"[{\"localizer\":\"WAVERPORTADA\",\"url\":\"media\/archivos\/HIDDEN_128_244_IMATGE_CARTELL_G_sinopsis_gran.jpg\",\"thumb_url\":\"media\/archivos\/HIDDEN_128_244_IMATGE_CARTELL_P_sinopsis_petit.jpg\",\"title\":\"\",\"description\":\"\",\"copyright\":\"\",\"order\":1},{\"localizer\":\"WAVERIMGESPEC\",\"url\":\"media\/archivos\/HIDDEN_149_702_IMATGE_G_imatge_gran_1.jpg\",\"thumb_url\":\"media\/archivos\/HIDDEN_149_702_IMATGE_P_imatge_petita_1.jpg\",\"title\":\"Foto: David Ruano\",\"description\":\"\",\"copyright\":\"\",\"order\":1},{\"localizer\":\"WAVERIMGESPEC\",\"url\":\"media\/archivos\/HIDDEN_149_703_IMATGE_G_imatge_gran_2.jpg\",\"thumb_url\":\"media\/archivos\/HIDDEN_149_703_IMATGE_P_imatge_petita_2.jpg\",\"title\":\"Foto: David Ruano\",\"description\":\"\",\"copyright\":\"\",\"order\":2},{\"localizer\":\"WAVERIMGESPEC\",\"url\":\"media\/archivos\/HIDDEN_149_704_IMATGE_G_imatge_gran_3.jpg\",\"thumb_url\":\"media\/archivos\/HIDDEN_149_704_IMATGE_P_imatge_petita_3.jpg\",\"title\":\"Foto: David Ruano\",\"description\":\"\",\"copyright\":\"\",\"order\":3},{\"localizer\":\"WAVERIMGESPEC\",\"url\":\"media\/archivos\/HIDDEN_149_705_IMATGE_G_imatge_gran_4.jpg\",\"thumb_url\":\"media\/archivos\/HIDDEN_149_705_IMATGE_P_imatge_petita_4.jpg\",\"title\":\"Foto: David Ruano\",\"description\":\"\",\"copyright\":\"\",\"order\":4},{\"localizer\":\"WAVERIMGESPEC\",\"url\":\"media\/archivos\/HIDDEN_149_706_IMATGE_G_imatge_gran_5.jpg\",\"thumb_url\":\"media\/archivos\/HIDDEN_149_706_IMATGE_P_imatge_petita_5.jpg\",\"title\":\"Foto: David Ruano\",\"description\":\"\",\"copyright\":\"\",\"order\":5},{\"localizer\":\"WAVERIMGESPEC\",\"url\":\"media\/archivos\/HIDDEN_149_707_IMATGE_G_imatge_gran_6.jpg\",\"thumb_url\":\"media\/archivos\/HIDDEN_149_707_IMATGE_P_imatge_petita_6.jpg\",\"title\":\"Foto: David Ruano\",\"description\":\"\",\"copyright\":\"\",\"order\":6},{\"localizer\":\"WAVERIMGESPEC\",\"url\":\"media\/archivos\/HIDDEN_149_708_IMATGE_G_imatge_gran_7.jpg\",\"thumb_url\":\"media\/archivos\/HIDDEN_149_708_IMATGE_P_imatge_petita_7.jpg\",\"title\":\"Foto: David Ruano\",\"description\":\"\",\"copyright\":\"\",\"order\":7},{\"localizer\":\"WAVERIMGESPEC\",\"url\":\"media\/archivos\/HIDDEN_149_709_IMATGE_G_imatge_gran_8.jpg\",\"thumb_url\":\"media\/archivos\/HIDDEN_149_709_IMATGE_P_imatge_petita_8.jpg\",\"title\":\"Foto: David Ruano\",\"description\":\"\",\"copyright\":\"\",\"order\":8}]","material__texto_intro":"","data_material":null,"data_gallery":"","data_discounts":"[]","contract_is_open":false,"in_tour":false},"yoast_head":"<!-- This site is optimized with the Yoast SEO plugin v27.5 - https:\/\/yoast.com\/product\/yoast-seo-wordpress\/ -->\n<title>Misteri\u00f3s assassinat a Manhattan - Teatre Condal<\/title>\n<meta name=\"robots\" content=\"index, follow, max-snippet:-1, max-image-preview:large, max-video-preview:-1\" \/>\n<link rel=\"canonical\" href=\"https:\/\/www.teatrecondal.cat\/es\/ex\/misterios-assassinat-a-manhattan\/\" \/>\n<script type=\"application\/ld+json\" class=\"yoast-schema-graph\">{\"@context\":\"https:\\\/\\\/schema.org\",\"@graph\":[{\"@type\":\"WebPage\",\"@id\":\"https:\\\/\\\/www.teatrecondal.cat\\\/es\\\/ex\\\/misterios-assassinat-a-manhattan\\\/\",\"url\":\"https:\\\/\\\/www.teatrecondal.cat\\\/es\\\/ex\\\/misterios-assassinat-a-manhattan\\\/\",\"name\":\"Misteri\u00f3s assassinat a Manhattan - Teatre Condal\",\"isPartOf\":{\"@id\":\"https:\\\/\\\/www.teatrecondal.cat\\\/es\\\/#website\"},\"datePublished\":\"2017-09-19T06:20:49+00:00\",\"breadcrumb\":{\"@id\":\"https:\\\/\\\/www.teatrecondal.cat\\\/es\\\/ex\\\/misterios-assassinat-a-manhattan\\\/#breadcrumb\"},\"inLanguage\":\"es\",\"potentialAction\":[{\"@type\":\"ReadAction\",\"target\":[\"https:\\\/\\\/www.teatrecondal.cat\\\/es\\\/ex\\\/misterios-assassinat-a-manhattan\\\/\"]}]},{\"@type\":\"BreadcrumbList\",\"@id\":\"https:\\\/\\\/www.teatrecondal.cat\\\/es\\\/ex\\\/misterios-assassinat-a-manhattan\\\/#breadcrumb\",\"itemListElement\":[{\"@type\":\"ListItem\",\"position\":1,\"name\":\"Inici\",\"item\":\"https:\\\/\\\/www.teatrecondal.cat\\\/es\\\/\"},{\"@type\":\"ListItem\",\"position\":2,\"name\":\"Espectacles\",\"item\":\"https:\\\/\\\/www.teatrecondal.cat\\\/es\\\/ex\\\/\"},{\"@type\":\"ListItem\",\"position\":3,\"name\":\"Misteri\u00f3s assassinat a Manhattan\"}]},{\"@type\":\"WebSite\",\"@id\":\"https:\\\/\\\/www.teatrecondal.cat\\\/es\\\/#website\",\"url\":\"https:\\\/\\\/www.teatrecondal.cat\\\/es\\\/\",\"name\":\"Teatre Condal\",\"description\":\"\",\"publisher\":{\"@id\":\"https:\\\/\\\/www.teatrecondal.cat\\\/es\\\/#organization\"},\"potentialAction\":[{\"@type\":\"SearchAction\",\"target\":{\"@type\":\"EntryPoint\",\"urlTemplate\":\"https:\\\/\\\/www.teatrecondal.cat\\\/es\\\/?s={search_term_string}\"},\"query-input\":{\"@type\":\"PropertyValueSpecification\",\"valueRequired\":true,\"valueName\":\"search_term_string\"}}],\"inLanguage\":\"es\"},{\"@type\":\"Organization\",\"@id\":\"https:\\\/\\\/www.teatrecondal.cat\\\/es\\\/#organization\",\"name\":\"Teatre Condal\",\"url\":\"https:\\\/\\\/www.teatrecondal.cat\\\/es\\\/\",\"logo\":{\"@type\":\"ImageObject\",\"inLanguage\":\"es\",\"@id\":\"https:\\\/\\\/www.teatrecondal.cat\\\/es\\\/#\\\/schema\\\/logo\\\/image\\\/\",\"url\":\"https:\\\/\\\/www.teatrecondal.cat\\\/wp-content\\\/uploads\\\/sites\\\/3\\\/2017\\\/09\\\/teatre-condal-logo.svg\",\"contentUrl\":\"https:\\\/\\\/www.teatrecondal.cat\\\/wp-content\\\/uploads\\\/sites\\\/3\\\/2017\\\/09\\\/teatre-condal-logo.svg\",\"width\":1,\"height\":1,\"caption\":\"Teatre Condal\"},\"image\":{\"@id\":\"https:\\\/\\\/www.teatrecondal.cat\\\/es\\\/#\\\/schema\\\/logo\\\/image\\\/\"},\"sameAs\":[\"http:\\\/\\\/www.facebook.com\\\/TeatreCondal\",\"https:\\\/\\\/x.com\\\/Teatre_Condal\",\"http:\\\/\\\/instagram.com\\\/teatre_condal\",\"http:\\\/\\\/www.youtube.com\\\/user\\\/TeatreCondal\"]}]}<\/script>\n<!-- \/ Yoast SEO plugin. -->","yoast_head_json":{"title":"Misteri\u00f3s assassinat a Manhattan - Teatre Condal","robots":{"index":"index","follow":"follow","max-snippet":"max-snippet:-1","max-image-preview":"max-image-preview:large","max-video-preview":"max-video-preview:-1"},"canonical":"https:\/\/www.teatrecondal.cat\/es\/ex\/misterios-assassinat-a-manhattan\/","schema":{"@context":"https:\/\/schema.org","@graph":[{"@type":"WebPage","@id":"https:\/\/www.teatrecondal.cat\/es\/ex\/misterios-assassinat-a-manhattan\/","url":"https:\/\/www.teatrecondal.cat\/es\/ex\/misterios-assassinat-a-manhattan\/","name":"Misteri\u00f3s assassinat a Manhattan - Teatre Condal","isPartOf":{"@id":"https:\/\/www.teatrecondal.cat\/es\/#website"},"datePublished":"2017-09-19T06:20:49+00:00","breadcrumb":{"@id":"https:\/\/www.teatrecondal.cat\/es\/ex\/misterios-assassinat-a-manhattan\/#breadcrumb"},"inLanguage":"es","potentialAction":[{"@type":"ReadAction","target":["https:\/\/www.teatrecondal.cat\/es\/ex\/misterios-assassinat-a-manhattan\/"]}]},{"@type":"BreadcrumbList","@id":"https:\/\/www.teatrecondal.cat\/es\/ex\/misterios-assassinat-a-manhattan\/#breadcrumb","itemListElement":[{"@type":"ListItem","position":1,"name":"Inici","item":"https:\/\/www.teatrecondal.cat\/es\/"},{"@type":"ListItem","position":2,"name":"Espectacles","item":"https:\/\/www.teatrecondal.cat\/es\/ex\/"},{"@type":"ListItem","position":3,"name":"Misteri\u00f3s assassinat a Manhattan"}]},{"@type":"WebSite","@id":"https:\/\/www.teatrecondal.cat\/es\/#website","url":"https:\/\/www.teatrecondal.cat\/es\/","name":"Teatre Condal","description":"","publisher":{"@id":"https:\/\/www.teatrecondal.cat\/es\/#organization"},"potentialAction":[{"@type":"SearchAction","target":{"@type":"EntryPoint","urlTemplate":"https:\/\/www.teatrecondal.cat\/es\/?s={search_term_string}"},"query-input":{"@type":"PropertyValueSpecification","valueRequired":true,"valueName":"search_term_string"}}],"inLanguage":"es"},{"@type":"Organization","@id":"https:\/\/www.teatrecondal.cat\/es\/#organization","name":"Teatre Condal","url":"https:\/\/www.teatrecondal.cat\/es\/","logo":{"@type":"ImageObject","inLanguage":"es","@id":"https:\/\/www.teatrecondal.cat\/es\/#\/schema\/logo\/image\/","url":"https:\/\/www.teatrecondal.cat\/wp-content\/uploads\/sites\/3\/2017\/09\/teatre-condal-logo.svg","contentUrl":"https:\/\/www.teatrecondal.cat\/wp-content\/uploads\/sites\/3\/2017\/09\/teatre-condal-logo.svg","width":1,"height":1,"caption":"Teatre Condal"},"image":{"@id":"https:\/\/www.teatrecondal.cat\/es\/#\/schema\/logo\/image\/"},"sameAs":["http:\/\/www.facebook.com\/TeatreCondal","https:\/\/x.com\/Teatre_Condal","http:\/\/instagram.com\/teatre_condal","http:\/\/www.youtube.com\/user\/TeatreCondal"]}]}},"translations":[{"id":3485,"locale":"ca"},{"id":3887,"locale":"es"}],"_links":{"self":[{"href":"https:\/\/www.teatrecondal.cat\/es\/wp-json\/wp\/v2\/ex\/3887","targetHints":{"allow":["GET"]}}],"collection":[{"href":"https:\/\/www.teatrecondal.cat\/es\/wp-json\/wp\/v2\/ex"}],"about":[{"href":"https:\/\/www.teatrecondal.cat\/es\/wp-json\/wp\/v2\/types\/ex"}],"author":[{"embeddable":true,"href":"https:\/\/www.teatrecondal.cat\/es\/wp-json\/wp\/v2\/users\/2"}],"replies":[{"embeddable":true,"href":"https:\/\/www.teatrecondal.cat\/es\/wp-json\/wp\/v2\/comments?post=3887"}],"acf:term":[{"embeddable":true,"taxonomy":"season","href":"https:\/\/www.teatrecondal.cat\/es\/wp-json\/wp\/v2\/season\/74"}],"wp:attachment":[{"href":"https:\/\/www.teatrecondal.cat\/es\/wp-json\/wp\/v2\/media?parent=3887"}],"curies":[{"name":"wp","href":"https:\/\/api.w.org\/{rel}","templated":true}]}}

Misteriós assassinat a Manhattan

<p class="MsoNormal" style="MARGIN: 0cm 0cm 0pt" align="justify">En un lujoso edificio del West Side de Nueva York vive una curiosa comunidad de vecinos. En uno de los pisos vive un matrimonio bien avenido pero con visiones de la vida un poco divergentes. Él es Tony (Pep Ferrer) un editor con arranques neuróticos, y ella es Carol (Montse Guallar) una antigua ejecutiva publicitaria que dejó su trabajo para cuidar a su hijo y que se&nbsp;desahoga con la cocina, su gran pasión. Los dos pertenecen al círculo literario de la ciudad y tienen amigos como Mark (Àlex Casanoves) un respetado actor, escritor y director, y Marga (Maria Lanau) una prestigiosa escritora. El matrimonio tiene una fantástica relación con una pareja&nbsp;mayor de su mismo bloque, Lidia y Paul. La vida de todos ellos toma otro rumbo cuando misteriosamente Lidia aparece muerta. Carol empieza a sospechar que Paul es el asesino de su propia mujer. Tony se muestra muy escéptico ante las sospechas de su mujer, pero acabará entrando en un círculo vicioso de investigaciones y medias palabras de imprevisibles consecuencias.</p>
<p class="MsoNormal" style="MARGIN: 0cm 0cm 0pt" align="justify"></p>
<p class="MsoNormal" style="MARGIN: 0cm 0cm 0pt" align="justify">&nbsp;</p>

<!-- This site is optimized with the Yoast SEO plugin v27.5 - https://yoast.com/product/yoast-seo-wordpress/ -->
<title>Misteriós assassinat a Manhattan - Teatre Condal</title>
<meta name="robots" content="index, follow, max-snippet:-1, max-image-preview:large, max-video-preview:-1" />
<link rel="canonical" href="https://www.teatrecondal.cat/es/ex/misterios-assassinat-a-manhattan/" />
<script type="application/ld+json" class="yoast-schema-graph">{"@context":"https:\/\/schema.org","@graph":[{"@type":"WebPage","@id":"https:\/\/www.teatrecondal.cat\/es\/ex\/misterios-assassinat-a-manhattan\/","url":"https:\/\/www.teatrecondal.cat\/es\/ex\/misterios-assassinat-a-manhattan\/","name":"Misteriós assassinat a Manhattan - Teatre Condal","isPartOf":{"@id":"https:\/\/www.teatrecondal.cat\/es\/#website"},"datePublished":"2017-09-19T06:20:49+00:00","breadcrumb":{"@id":"https:\/\/www.teatrecondal.cat\/es\/ex\/misterios-assassinat-a-manhattan\/#breadcrumb"},"inLanguage":"es","potentialAction":[{"@type":"ReadAction","target":["https:\/\/www.teatrecondal.cat\/es\/ex\/misterios-assassinat-a-manhattan\/"]}]},{"@type":"BreadcrumbList","@id":"https:\/\/www.teatrecondal.cat\/es\/ex\/misterios-assassinat-a-manhattan\/#breadcrumb","itemListElement":[{"@type":"ListItem","position":1,"name":"Inici","item":"https:\/\/www.teatrecondal.cat\/es\/"},{"@type":"ListItem","position":2,"name":"Espectacles","item":"https:\/\/www.teatrecondal.cat\/es\/ex\/"},{"@type":"ListItem","position":3,"name":"Misteriós assassinat a Manhattan"}]},{"@type":"WebSite","@id":"https:\/\/www.teatrecondal.cat\/es\/#website","url":"https:\/\/www.teatrecondal.cat\/es\/","name":"Teatre Condal","description":"","publisher":{"@id":"https:\/\/www.teatrecondal.cat\/es\/#organization"},"potentialAction":[{"@type":"SearchAction","target":{"@type":"EntryPoint","urlTemplate":"https:\/\/www.teatrecondal.cat\/es\/?s={search_term_string}"},"query-input":{"@type":"PropertyValueSpecification","valueRequired":true,"valueName":"search_term_string"}}],"inLanguage":"es"},{"@type":"Organization","@id":"https:\/\/www.teatrecondal.cat\/es\/#organization","name":"Teatre Condal","url":"https:\/\/www.teatrecondal.cat\/es\/","logo":{"@type":"ImageObject","inLanguage":"es","@id":"https:\/\/www.teatrecondal.cat\/es\/#\/schema\/logo\/image\/","url":"https:\/\/www.teatrecondal.cat\/wp-content\/uploads\/sites\/3\/2017\/09\/teatre-condal-logo.svg","contentUrl":"https:\/\/www.teatrecondal.cat\/wp-content\/uploads\/sites\/3\/2017\/09\/teatre-condal-logo.svg","width":1,"height":1,"caption":"Teatre Condal"},"image":{"@id":"https:\/\/www.teatrecondal.cat\/es\/#\/schema\/logo\/image\/"},"sameAs":["http:\/\/www.facebook.com\/TeatreCondal","https:\/\/x.com\/Teatre_Condal","http:\/\/instagram.com\/teatre_condal","http:\/\/www.youtube.com\/user\/TeatreCondal"]}]}</script>
<!-- / Yoast SEO plugin. -->

Misteriós assassinat a Manhattan - Teatre Condal
