{"id":3877,"date":"2017-09-19T08:20:41","date_gmt":"2017-09-19T06:20:41","guid":{"rendered":"https:\/\/pre.teatrecondal.cat\/ex\/\/els-bufons-del-regne-2\/"},"modified":"2017-09-19T08:20:41","modified_gmt":"2017-09-19T06:20:41","slug":"els-bufons-del-regne","status":"publish","type":"ex","link":"https:\/\/www.teatrecondal.cat\/es\/ex\/els-bufons-del-regne\/","title":{"rendered":"Els bufons del regne"},"content":{"rendered":"","protected":false},"excerpt":{"rendered":"","protected":false},"author":2,"featured_media":0,"comment_status":"closed","ping_status":"closed","template":"","class_list":["post-3877","ex","type-ex","status-publish","hentry","season-2002-03"],"acf":{"txt_synopsis":"<p align=\"justify\"><strong>Els bufons del regne<\/strong> es un espect\u00e1culo protagonizado por Toni Alb\u00e0 o mejor dicho por su alter-ego mon\u00e1rquico, popularizado por sus apariciones televisivas.<br \/>Cogiendo como referente diferentes estilos teatrales, los autores (Trotam Teatre y el mismo Toni Alb\u00e0) utilizan el c\u00f3mic, la publicidad, el musical, la danza, el clown y la pantomima para emergernos en su peculiar manera de ver el mundo.<br \/><strong>Els bufons del regne<\/strong> da respuestas a preguntas que en alg\u00fan momento de nuestra vida nos hemos hecho, pero que en absoluto son esenciales para continuar vivi\u00e9ndola. <\/p>","main_buy_link":"#","main_buy_links":"","group_buy_link":"","show_language":"","show_duration":"","show_start_date":"20020910000000","show_end_date":"20021109000000","show_sort_date":"20020910000000","txt_custom_show_dates":"del 10 de septiembre al 9 de noviembre de 2002","show_disciplines":"","show_ultimes_funcions":false,"hide_tarifes_especials":false,"show_properament":false,"txt_additional_info":"","txt_present":"","show_season":[71],"txt_season":"[\"2002\/03\"]","txt_cycle":"","txt_claim":"","txt_cast_excerpt":"","txt_cast":"","txt_reviews":"","hashtag":"","have_promo":"","slogan":"","id_exhibicio":16,"id_versio":16,"id_local":3,"txt_seo_desc":"","data_images":"[{\"localizer\":\"WAVERIMGESPEC\",\"url\":\"media\/archivos\/HIDDEN_149_106_IMATGE_G_b1.jpg\",\"thumb_url\":\"media\/archivos\/HIDDEN_149_106_IMATGE_P_b1.jpg\",\"title\":\" \",\"description\":\"\",\"copyright\":\"\",\"order\":1},{\"localizer\":\"WAVERIMGESPEC\",\"url\":\"media\/archivos\/HIDDEN_149_107_IMATGE_G_b2.jpg\",\"thumb_url\":\"media\/archivos\/HIDDEN_149_107_IMATGE_P_b2.jpg\",\"title\":\" \",\"description\":\"\",\"copyright\":\"\",\"order\":2},{\"localizer\":\"V2SLIDE\",\"url\":\"media\/ftgalslide\/312BA\/01_076_00028125\/bufons.jpg\",\"thumb_url\":\"media\/ftgalslide\/312BA\/01_076_00028125\/bufons_thumb.jpg\",\"title\":\"Els bufons del regne\",\"description\":\" \",\"copyright\":\"\",\"order\":3},{\"localizer\":\"V2SLIDE\",\"url\":\"media\/ftgalslide\/312BA\/01_076_00028126\/bufons2.jpg\",\"thumb_url\":\"media\/ftgalslide\/312BA\/01_076_00028126\/bufons2_thumb.jpg\",\"title\":\"Els bufons del regne\",\"description\":\" \",\"copyright\":\"\",\"order\":4},{\"localizer\":\"VERS_PORTADA_ESPECTACLE\",\"url\":\"media\/obraport\/3106C\/01_014_00003758\/bufons.jpg\",\"thumb_url\":\"\",\"title\":\"Els bufons del regne\",\"description\":\"Els bufons del regne\",\"copyright\":\"\",\"order\":-1}]","material__texto_intro":"","data_material":null,"data_gallery":"","data_discounts":"[]","contract_is_open":false,"in_tour":false},"yoast_head":"<!-- This site is optimized with the Yoast SEO plugin v27.4 - https:\/\/yoast.com\/product\/yoast-seo-wordpress\/ -->\n<title>Els bufons del regne - Teatre Condal<\/title>\n<meta name=\"robots\" content=\"index, follow, max-snippet:-1, max-image-preview:large, max-video-preview:-1\" \/>\n<link rel=\"canonical\" href=\"https:\/\/www.teatrecondal.cat\/es\/ex\/els-bufons-del-regne\/\" \/>\n<script type=\"application\/ld+json\" class=\"yoast-schema-graph\">{\"@context\":\"https:\\\/\\\/schema.org\",\"@graph\":[{\"@type\":\"WebPage\",\"@id\":\"https:\\\/\\\/www.teatrecondal.cat\\\/es\\\/ex\\\/els-bufons-del-regne\\\/\",\"url\":\"https:\\\/\\\/www.teatrecondal.cat\\\/es\\\/ex\\\/els-bufons-del-regne\\\/\",\"name\":\"Els bufons del regne - Teatre Condal\",\"isPartOf\":{\"@id\":\"https:\\\/\\\/www.teatrecondal.cat\\\/es\\\/#website\"},\"datePublished\":\"2017-09-19T06:20:41+00:00\",\"breadcrumb\":{\"@id\":\"https:\\\/\\\/www.teatrecondal.cat\\\/es\\\/ex\\\/els-bufons-del-regne\\\/#breadcrumb\"},\"inLanguage\":\"es\",\"potentialAction\":[{\"@type\":\"ReadAction\",\"target\":[\"https:\\\/\\\/www.teatrecondal.cat\\\/es\\\/ex\\\/els-bufons-del-regne\\\/\"]}]},{\"@type\":\"BreadcrumbList\",\"@id\":\"https:\\\/\\\/www.teatrecondal.cat\\\/es\\\/ex\\\/els-bufons-del-regne\\\/#breadcrumb\",\"itemListElement\":[{\"@type\":\"ListItem\",\"position\":1,\"name\":\"Inici\",\"item\":\"https:\\\/\\\/www.teatrecondal.cat\\\/es\\\/\"},{\"@type\":\"ListItem\",\"position\":2,\"name\":\"Espectacles\",\"item\":\"https:\\\/\\\/www.teatrecondal.cat\\\/es\\\/ex\\\/\"},{\"@type\":\"ListItem\",\"position\":3,\"name\":\"Els bufons del regne\"}]},{\"@type\":\"WebSite\",\"@id\":\"https:\\\/\\\/www.teatrecondal.cat\\\/es\\\/#website\",\"url\":\"https:\\\/\\\/www.teatrecondal.cat\\\/es\\\/\",\"name\":\"Teatre Condal\",\"description\":\"\",\"publisher\":{\"@id\":\"https:\\\/\\\/www.teatrecondal.cat\\\/es\\\/#organization\"},\"potentialAction\":[{\"@type\":\"SearchAction\",\"target\":{\"@type\":\"EntryPoint\",\"urlTemplate\":\"https:\\\/\\\/www.teatrecondal.cat\\\/es\\\/?s={search_term_string}\"},\"query-input\":{\"@type\":\"PropertyValueSpecification\",\"valueRequired\":true,\"valueName\":\"search_term_string\"}}],\"inLanguage\":\"es\"},{\"@type\":\"Organization\",\"@id\":\"https:\\\/\\\/www.teatrecondal.cat\\\/es\\\/#organization\",\"name\":\"Teatre Condal\",\"url\":\"https:\\\/\\\/www.teatrecondal.cat\\\/es\\\/\",\"logo\":{\"@type\":\"ImageObject\",\"inLanguage\":\"es\",\"@id\":\"https:\\\/\\\/www.teatrecondal.cat\\\/es\\\/#\\\/schema\\\/logo\\\/image\\\/\",\"url\":\"https:\\\/\\\/www.teatrecondal.cat\\\/wp-content\\\/uploads\\\/sites\\\/3\\\/2017\\\/09\\\/teatre-condal-logo.svg\",\"contentUrl\":\"https:\\\/\\\/www.teatrecondal.cat\\\/wp-content\\\/uploads\\\/sites\\\/3\\\/2017\\\/09\\\/teatre-condal-logo.svg\",\"width\":1,\"height\":1,\"caption\":\"Teatre Condal\"},\"image\":{\"@id\":\"https:\\\/\\\/www.teatrecondal.cat\\\/es\\\/#\\\/schema\\\/logo\\\/image\\\/\"},\"sameAs\":[\"http:\\\/\\\/www.facebook.com\\\/TeatreCondal\",\"https:\\\/\\\/x.com\\\/Teatre_Condal\",\"http:\\\/\\\/instagram.com\\\/teatre_condal\",\"http:\\\/\\\/www.youtube.com\\\/user\\\/TeatreCondal\"]}]}<\/script>\n<!-- \/ Yoast SEO plugin. -->","yoast_head_json":{"title":"Els bufons del regne - Teatre Condal","robots":{"index":"index","follow":"follow","max-snippet":"max-snippet:-1","max-image-preview":"max-image-preview:large","max-video-preview":"max-video-preview:-1"},"canonical":"https:\/\/www.teatrecondal.cat\/es\/ex\/els-bufons-del-regne\/","schema":{"@context":"https:\/\/schema.org","@graph":[{"@type":"WebPage","@id":"https:\/\/www.teatrecondal.cat\/es\/ex\/els-bufons-del-regne\/","url":"https:\/\/www.teatrecondal.cat\/es\/ex\/els-bufons-del-regne\/","name":"Els bufons del regne - Teatre Condal","isPartOf":{"@id":"https:\/\/www.teatrecondal.cat\/es\/#website"},"datePublished":"2017-09-19T06:20:41+00:00","breadcrumb":{"@id":"https:\/\/www.teatrecondal.cat\/es\/ex\/els-bufons-del-regne\/#breadcrumb"},"inLanguage":"es","potentialAction":[{"@type":"ReadAction","target":["https:\/\/www.teatrecondal.cat\/es\/ex\/els-bufons-del-regne\/"]}]},{"@type":"BreadcrumbList","@id":"https:\/\/www.teatrecondal.cat\/es\/ex\/els-bufons-del-regne\/#breadcrumb","itemListElement":[{"@type":"ListItem","position":1,"name":"Inici","item":"https:\/\/www.teatrecondal.cat\/es\/"},{"@type":"ListItem","position":2,"name":"Espectacles","item":"https:\/\/www.teatrecondal.cat\/es\/ex\/"},{"@type":"ListItem","position":3,"name":"Els bufons del regne"}]},{"@type":"WebSite","@id":"https:\/\/www.teatrecondal.cat\/es\/#website","url":"https:\/\/www.teatrecondal.cat\/es\/","name":"Teatre Condal","description":"","publisher":{"@id":"https:\/\/www.teatrecondal.cat\/es\/#organization"},"potentialAction":[{"@type":"SearchAction","target":{"@type":"EntryPoint","urlTemplate":"https:\/\/www.teatrecondal.cat\/es\/?s={search_term_string}"},"query-input":{"@type":"PropertyValueSpecification","valueRequired":true,"valueName":"search_term_string"}}],"inLanguage":"es"},{"@type":"Organization","@id":"https:\/\/www.teatrecondal.cat\/es\/#organization","name":"Teatre Condal","url":"https:\/\/www.teatrecondal.cat\/es\/","logo":{"@type":"ImageObject","inLanguage":"es","@id":"https:\/\/www.teatrecondal.cat\/es\/#\/schema\/logo\/image\/","url":"https:\/\/www.teatrecondal.cat\/wp-content\/uploads\/sites\/3\/2017\/09\/teatre-condal-logo.svg","contentUrl":"https:\/\/www.teatrecondal.cat\/wp-content\/uploads\/sites\/3\/2017\/09\/teatre-condal-logo.svg","width":1,"height":1,"caption":"Teatre Condal"},"image":{"@id":"https:\/\/www.teatrecondal.cat\/es\/#\/schema\/logo\/image\/"},"sameAs":["http:\/\/www.facebook.com\/TeatreCondal","https:\/\/x.com\/Teatre_Condal","http:\/\/instagram.com\/teatre_condal","http:\/\/www.youtube.com\/user\/TeatreCondal"]}]}},"translations":[{"id":3475,"locale":"ca"},{"id":3877,"locale":"es"}],"_links":{"self":[{"href":"https:\/\/www.teatrecondal.cat\/es\/wp-json\/wp\/v2\/ex\/3877","targetHints":{"allow":["GET"]}}],"collection":[{"href":"https:\/\/www.teatrecondal.cat\/es\/wp-json\/wp\/v2\/ex"}],"about":[{"href":"https:\/\/www.teatrecondal.cat\/es\/wp-json\/wp\/v2\/types\/ex"}],"author":[{"embeddable":true,"href":"https:\/\/www.teatrecondal.cat\/es\/wp-json\/wp\/v2\/users\/2"}],"replies":[{"embeddable":true,"href":"https:\/\/www.teatrecondal.cat\/es\/wp-json\/wp\/v2\/comments?post=3877"}],"acf:term":[{"embeddable":true,"taxonomy":"season","href":"https:\/\/www.teatrecondal.cat\/es\/wp-json\/wp\/v2\/season\/71"}],"wp:attachment":[{"href":"https:\/\/www.teatrecondal.cat\/es\/wp-json\/wp\/v2\/media?parent=3877"}],"curies":[{"name":"wp","href":"https:\/\/api.w.org\/{rel}","templated":true}]}}

<p align="justify"><strong>Els bufons del regne</strong> es un espectáculo protagonizado por Toni Albà o mejor dicho por su alter-ego monárquico, popularizado por sus apariciones televisivas.<br />Cogiendo como referente diferentes estilos teatrales, los autores (Trotam Teatre y el mismo Toni Albà) utilizan el cómic, la publicidad, el musical, la danza, el clown y la pantomima para emergernos en su peculiar manera de ver el mundo.<br /><strong>Els bufons del regne</strong> da respuestas a preguntas que en algún momento de nuestra vida nos hemos hecho, pero que en absoluto son esenciales para continuar viviéndola. </p>
