{"id":3875,"date":"2017-09-19T08:20:40","date_gmt":"2017-09-19T06:20:40","guid":{"rendered":"https:\/\/pre.teatrecondal.cat\/ex\/\/el-sopar-dels-idiotes-2\/"},"modified":"2017-09-19T08:20:40","modified_gmt":"2017-09-19T06:20:40","slug":"el-sopar-dels-idiotes","status":"publish","type":"ex","link":"https:\/\/www.teatrecondal.cat\/es\/ex\/el-sopar-dels-idiotes\/","title":{"rendered":"El sopar dels idiotes"},"content":{"rendered":"","protected":false},"excerpt":{"rendered":"","protected":false},"author":2,"featured_media":0,"comment_status":"closed","ping_status":"closed","template":"","class_list":["post-3875","ex","type-ex","status-publish","hentry","season-2001-02"],"acf":{"txt_synopsis":"<p align=\"justify\">La obra nos explica la historia de un ejecutivo que, en compa\u00f1\u00eda de sus amigos, acostumbra a cenar cada semana con un invitado muy particular; se trata siempre de presentar en petit comit\u00e9 a un desconocido que ha sido seleccionado por el hecho de tener alguna afecci\u00f3n est\u00fapida. Esta vez han elegido a un funcionario de hacienda que tiene la afecci\u00f3n obsesiva de hacer maquetas gigantes con cerillas. Cuando falta poco para cenar, el ejecutivo sufre un ataque de lumbalgia. Pero el invitado se presenta en su casa y con \u00e9l&nbsp;llega el desastre: en un instante consigue, sin desearlo, que el ejecutivo sea abandonado por su mujer, su amante, su m\u00e9dico y que, adem\u00e1s, sufra una severa inspecci\u00f3n de hacienda.<\/p>","main_buy_link":"#","main_buy_links":"","group_buy_link":"","show_language":"","show_duration":"","show_start_date":"20020419000000","show_end_date":"20020526000000","show_sort_date":"20020419000000","txt_custom_show_dates":"del 19 de abril al 26 de mayo de 2002","show_disciplines":"","show_ultimes_funcions":false,"hide_tarifes_especials":false,"show_properament":false,"txt_additional_info":"","txt_present":"","show_season":[70],"txt_season":"[\"2001\/02\"]","txt_cycle":"","txt_claim":"","txt_cast_excerpt":"","txt_cast":"","txt_reviews":"","hashtag":"","have_promo":"","slogan":"","id_exhibicio":384,"id_versio":383,"id_local":3,"txt_seo_desc":"","data_images":"[{\"localizer\":\"VERS_IMATGE_ESPECTACLE\",\"url\":\"media\/ftespect\/3106B\/01_020_00003628\/05.jpg\",\"thumb_url\":\"media\/ftespect\/3106B\/01_020_00003628\/05_thumb.jpg\",\"title\":\"El sopar dels idiotes\",\"description\":\"El sopar dels idiotes\",\"copyright\":\"\",\"order\":-1},{\"localizer\":\"VERS_IMATGE_ESPECTACLE\",\"url\":\"media\/ftespect\/3106B\/01_020_00003626\/03.jpg\",\"thumb_url\":\"media\/ftespect\/3106B\/01_020_00003626\/03_thumb.jpg\",\"title\":\"El sopar dels idiotes\",\"description\":\"El sopar dels idiotes\",\"copyright\":\"\",\"order\":-1},{\"localizer\":\"VERS_PORTADA_ESPECTACLE\",\"url\":\"media\/obraport\/3106C\/01_014_00003815\/05.jpg\",\"thumb_url\":\"\",\"title\":\"El sopar dels idiotes\",\"description\":\"Foto del cartel\",\"copyright\":\"\",\"order\":-1},{\"localizer\":\"VERS_IMATGE_ESPECTACLE\",\"url\":\"media\/ftespect\/3106B\/01_020_00003625\/02.jpg\",\"thumb_url\":\"media\/ftespect\/3106B\/01_020_00003625\/02_thumb.jpg\",\"title\":\"El sopar dels idiotes\",\"description\":\"El sopar dels idiotes\",\"copyright\":\"\",\"order\":-1},{\"localizer\":\"VERS_IMATGE_ESPECTACLE\",\"url\":\"media\/ftespect\/3106B\/01_020_00003623\/01.jpg\",\"thumb_url\":\"media\/ftespect\/3106B\/01_020_00003623\/01_thumb.jpg\",\"title\":\"El sopar dels idiotes\",\"description\":\"El sopar dels idiotes\",\"copyright\":\"\",\"order\":-1},{\"localizer\":\"VERS_IMATGE_ESPECTACLE\",\"url\":\"media\/ftespect\/3106B\/01_020_00003627\/04.jpg\",\"thumb_url\":\"media\/ftespect\/3106B\/01_020_00003627\/04_thumb.jpg\",\"title\":\"El sopar dels idiotes\",\"description\":\"El sopar dels idiotes\",\"copyright\":\"\",\"order\":-1}]","material__texto_intro":"","data_material":null,"data_gallery":"","data_discounts":"[]","contract_is_open":false,"in_tour":false},"yoast_head":"<!-- This site is optimized with the Yoast SEO plugin v27.5 - https:\/\/yoast.com\/product\/yoast-seo-wordpress\/ -->\n<title>El sopar dels idiotes - Teatre Condal<\/title>\n<meta name=\"robots\" content=\"index, follow, max-snippet:-1, max-image-preview:large, max-video-preview:-1\" \/>\n<link rel=\"canonical\" href=\"https:\/\/www.teatrecondal.cat\/es\/ex\/el-sopar-dels-idiotes\/\" \/>\n<script type=\"application\/ld+json\" class=\"yoast-schema-graph\">{\"@context\":\"https:\\\/\\\/schema.org\",\"@graph\":[{\"@type\":\"WebPage\",\"@id\":\"https:\\\/\\\/www.teatrecondal.cat\\\/es\\\/ex\\\/el-sopar-dels-idiotes\\\/\",\"url\":\"https:\\\/\\\/www.teatrecondal.cat\\\/es\\\/ex\\\/el-sopar-dels-idiotes\\\/\",\"name\":\"El sopar dels idiotes - Teatre Condal\",\"isPartOf\":{\"@id\":\"https:\\\/\\\/www.teatrecondal.cat\\\/es\\\/#website\"},\"datePublished\":\"2017-09-19T06:20:40+00:00\",\"breadcrumb\":{\"@id\":\"https:\\\/\\\/www.teatrecondal.cat\\\/es\\\/ex\\\/el-sopar-dels-idiotes\\\/#breadcrumb\"},\"inLanguage\":\"es\",\"potentialAction\":[{\"@type\":\"ReadAction\",\"target\":[\"https:\\\/\\\/www.teatrecondal.cat\\\/es\\\/ex\\\/el-sopar-dels-idiotes\\\/\"]}]},{\"@type\":\"BreadcrumbList\",\"@id\":\"https:\\\/\\\/www.teatrecondal.cat\\\/es\\\/ex\\\/el-sopar-dels-idiotes\\\/#breadcrumb\",\"itemListElement\":[{\"@type\":\"ListItem\",\"position\":1,\"name\":\"Inici\",\"item\":\"https:\\\/\\\/www.teatrecondal.cat\\\/es\\\/\"},{\"@type\":\"ListItem\",\"position\":2,\"name\":\"Espectacles\",\"item\":\"https:\\\/\\\/www.teatrecondal.cat\\\/es\\\/ex\\\/\"},{\"@type\":\"ListItem\",\"position\":3,\"name\":\"El sopar dels idiotes\"}]},{\"@type\":\"WebSite\",\"@id\":\"https:\\\/\\\/www.teatrecondal.cat\\\/es\\\/#website\",\"url\":\"https:\\\/\\\/www.teatrecondal.cat\\\/es\\\/\",\"name\":\"Teatre Condal\",\"description\":\"\",\"publisher\":{\"@id\":\"https:\\\/\\\/www.teatrecondal.cat\\\/es\\\/#organization\"},\"potentialAction\":[{\"@type\":\"SearchAction\",\"target\":{\"@type\":\"EntryPoint\",\"urlTemplate\":\"https:\\\/\\\/www.teatrecondal.cat\\\/es\\\/?s={search_term_string}\"},\"query-input\":{\"@type\":\"PropertyValueSpecification\",\"valueRequired\":true,\"valueName\":\"search_term_string\"}}],\"inLanguage\":\"es\"},{\"@type\":\"Organization\",\"@id\":\"https:\\\/\\\/www.teatrecondal.cat\\\/es\\\/#organization\",\"name\":\"Teatre Condal\",\"url\":\"https:\\\/\\\/www.teatrecondal.cat\\\/es\\\/\",\"logo\":{\"@type\":\"ImageObject\",\"inLanguage\":\"es\",\"@id\":\"https:\\\/\\\/www.teatrecondal.cat\\\/es\\\/#\\\/schema\\\/logo\\\/image\\\/\",\"url\":\"https:\\\/\\\/www.teatrecondal.cat\\\/wp-content\\\/uploads\\\/sites\\\/3\\\/2017\\\/09\\\/teatre-condal-logo.svg\",\"contentUrl\":\"https:\\\/\\\/www.teatrecondal.cat\\\/wp-content\\\/uploads\\\/sites\\\/3\\\/2017\\\/09\\\/teatre-condal-logo.svg\",\"width\":1,\"height\":1,\"caption\":\"Teatre Condal\"},\"image\":{\"@id\":\"https:\\\/\\\/www.teatrecondal.cat\\\/es\\\/#\\\/schema\\\/logo\\\/image\\\/\"},\"sameAs\":[\"http:\\\/\\\/www.facebook.com\\\/TeatreCondal\",\"https:\\\/\\\/x.com\\\/Teatre_Condal\",\"http:\\\/\\\/instagram.com\\\/teatre_condal\",\"http:\\\/\\\/www.youtube.com\\\/user\\\/TeatreCondal\"]}]}<\/script>\n<!-- \/ Yoast SEO plugin. -->","yoast_head_json":{"title":"El sopar dels idiotes - Teatre Condal","robots":{"index":"index","follow":"follow","max-snippet":"max-snippet:-1","max-image-preview":"max-image-preview:large","max-video-preview":"max-video-preview:-1"},"canonical":"https:\/\/www.teatrecondal.cat\/es\/ex\/el-sopar-dels-idiotes\/","schema":{"@context":"https:\/\/schema.org","@graph":[{"@type":"WebPage","@id":"https:\/\/www.teatrecondal.cat\/es\/ex\/el-sopar-dels-idiotes\/","url":"https:\/\/www.teatrecondal.cat\/es\/ex\/el-sopar-dels-idiotes\/","name":"El sopar dels idiotes - Teatre Condal","isPartOf":{"@id":"https:\/\/www.teatrecondal.cat\/es\/#website"},"datePublished":"2017-09-19T06:20:40+00:00","breadcrumb":{"@id":"https:\/\/www.teatrecondal.cat\/es\/ex\/el-sopar-dels-idiotes\/#breadcrumb"},"inLanguage":"es","potentialAction":[{"@type":"ReadAction","target":["https:\/\/www.teatrecondal.cat\/es\/ex\/el-sopar-dels-idiotes\/"]}]},{"@type":"BreadcrumbList","@id":"https:\/\/www.teatrecondal.cat\/es\/ex\/el-sopar-dels-idiotes\/#breadcrumb","itemListElement":[{"@type":"ListItem","position":1,"name":"Inici","item":"https:\/\/www.teatrecondal.cat\/es\/"},{"@type":"ListItem","position":2,"name":"Espectacles","item":"https:\/\/www.teatrecondal.cat\/es\/ex\/"},{"@type":"ListItem","position":3,"name":"El sopar dels idiotes"}]},{"@type":"WebSite","@id":"https:\/\/www.teatrecondal.cat\/es\/#website","url":"https:\/\/www.teatrecondal.cat\/es\/","name":"Teatre Condal","description":"","publisher":{"@id":"https:\/\/www.teatrecondal.cat\/es\/#organization"},"potentialAction":[{"@type":"SearchAction","target":{"@type":"EntryPoint","urlTemplate":"https:\/\/www.teatrecondal.cat\/es\/?s={search_term_string}"},"query-input":{"@type":"PropertyValueSpecification","valueRequired":true,"valueName":"search_term_string"}}],"inLanguage":"es"},{"@type":"Organization","@id":"https:\/\/www.teatrecondal.cat\/es\/#organization","name":"Teatre Condal","url":"https:\/\/www.teatrecondal.cat\/es\/","logo":{"@type":"ImageObject","inLanguage":"es","@id":"https:\/\/www.teatrecondal.cat\/es\/#\/schema\/logo\/image\/","url":"https:\/\/www.teatrecondal.cat\/wp-content\/uploads\/sites\/3\/2017\/09\/teatre-condal-logo.svg","contentUrl":"https:\/\/www.teatrecondal.cat\/wp-content\/uploads\/sites\/3\/2017\/09\/teatre-condal-logo.svg","width":1,"height":1,"caption":"Teatre Condal"},"image":{"@id":"https:\/\/www.teatrecondal.cat\/es\/#\/schema\/logo\/image\/"},"sameAs":["http:\/\/www.facebook.com\/TeatreCondal","https:\/\/x.com\/Teatre_Condal","http:\/\/instagram.com\/teatre_condal","http:\/\/www.youtube.com\/user\/TeatreCondal"]}]}},"translations":[{"id":3473,"locale":"ca"},{"id":3875,"locale":"es"}],"_links":{"self":[{"href":"https:\/\/www.teatrecondal.cat\/es\/wp-json\/wp\/v2\/ex\/3875","targetHints":{"allow":["GET"]}}],"collection":[{"href":"https:\/\/www.teatrecondal.cat\/es\/wp-json\/wp\/v2\/ex"}],"about":[{"href":"https:\/\/www.teatrecondal.cat\/es\/wp-json\/wp\/v2\/types\/ex"}],"author":[{"embeddable":true,"href":"https:\/\/www.teatrecondal.cat\/es\/wp-json\/wp\/v2\/users\/2"}],"replies":[{"embeddable":true,"href":"https:\/\/www.teatrecondal.cat\/es\/wp-json\/wp\/v2\/comments?post=3875"}],"acf:term":[{"embeddable":true,"taxonomy":"season","href":"https:\/\/www.teatrecondal.cat\/es\/wp-json\/wp\/v2\/season\/70"}],"wp:attachment":[{"href":"https:\/\/www.teatrecondal.cat\/es\/wp-json\/wp\/v2\/media?parent=3875"}],"curies":[{"name":"wp","href":"https:\/\/api.w.org\/{rel}","templated":true}]}}

<p align="justify">La obra nos explica la historia de un ejecutivo que, en compañía de sus amigos, acostumbra a cenar cada semana con un invitado muy particular; se trata siempre de presentar en petit comité a un desconocido que ha sido seleccionado por el hecho de tener alguna afección estúpida. Esta vez han elegido a un funcionario de hacienda que tiene la afección obsesiva de hacer maquetas gigantes con cerillas. Cuando falta poco para cenar, el ejecutivo sufre un ataque de lumbalgia. Pero el invitado se presenta en su casa y con él&nbsp;llega el desastre: en un instante consigue, sin desearlo, que el ejecutivo sea abandonado por su mujer, su amante, su médico y que, además, sufra una severa inspección de hacienda.</p>
