{"id":5573,"date":"2026-01-20T17:31:30","date_gmt":"2026-01-20T16:31:30","guid":{"rendered":"https:\/\/www.teatrecondal.cat\/?post_type=ex&#038;p=5573"},"modified":"2026-04-16T17:45:09","modified_gmt":"2026-04-16T15:45:09","slug":"ella-era-anita-1","status":"publish","type":"ex","link":"https:\/\/www.teatrecondal.cat\/ca\/ex\/ella-era-anita-1\/","title":{"rendered":"ELLA ERA ANITA"},"content":{"rendered":"","protected":false},"excerpt":{"rendered":"","protected":false},"author":2,"featured_media":0,"comment_status":"closed","ping_status":"closed","template":"","class_list":["post-5573","ex","type-ex","status-publish","hentry","season-2025-26"],"acf":{"txt_synopsis":"<p><strong>Un homenatge a una figura cabdal de la hist\u00f2ria del teatre musical americ\u00e0 i a totes les dones que han obert portes.<\/strong> <\/p>\r\n<p>L\u2019obra presenta la hist\u00f2ria d\u2019una dona singular, inspirada en la figura de Chita Rivera, llegenda del teatre musical, per\u00f2 narrada a trav\u00e9s de m\u00faltiples miralls i veus. Passarem per la infantesa dins d\u2019una fam\u00edlia porto-riquenya, l\u2019accident que la va portar a la dansa, l\u2019esclat a Broadway amb t\u00edtols com West Side Story, Chicago o Kiss of the Spider Woman. Per\u00f2 tamb\u00e9 els obstacles, la invisibilitzaci\u00f3, la maternitat, la lluita, la soledat. Els personatges que Chita va interpretar esdevenen veus interiors:<br \/>Anita, Velma, Aurora... \u00e0ngels i dimonis d\u2019una identitat constru\u00efda a l\u2019escenari.<\/p>\r\n<p>La hist\u00f2ria porta l\u2019espectador a endinsar-se en una experi\u00e8ncia on els l\u00edmits entre realitat i ficci\u00f3, entre biografia i ficci\u00f3 teatral, es dilueixen. El que es construeix, en el fons, \u00e9s la hist\u00f2ria de qualsevol dona.<\/p>\r\n<p>Un equip format \u00edntegrament per dones, ple d\u2019energia i passi\u00f3 per l\u2019escenari. Cada escena s\u2019acompanya de m\u00fasica en directe que ho fa tot m\u00e9s intens i vibrant. Les coreografies plenes de for\u00e7a i moviment omplen l\u2019espai d\u2019emoci\u00f3. Una narrativa pr\u00f2pia d\u00f3na fil conductor a tot l\u2019espectacle, unificant cada escena. Vibreu amb temes coneguts i d\u2019altres per descobrir.<br \/><\/p>","main_buy_link":"https:\/\/tickets.oneboxtds.com\/teatrecondal\/events\/52002?hl=ca-ES","main_buy_links":"[\"https:\/\/tickets.oneboxtds.com\/teatrecondal\/events\/52002?hl=ca-ES\"]","group_buy_link":"","show_language":"","show_duration":"75","show_start_date":"20260323000000","show_end_date":"20260323000000","show_sort_date":"20260323000000","txt_custom_show_dates":"","show_disciplines":"1","show_ultimes_funcions":false,"hide_tarifes_especials":false,"show_properament":false,"txt_additional_info":"Recomanat a partir de totes les edats.","txt_present":"","show_season":[96],"txt_season":"[\"2025\/26\"]","txt_cycle":"En Paral\u00b7lel","txt_claim":"Un homenatge a una figura cabdal de la hist\u00f2ria del teatre musical americ\u00e0 i a totes les dones que han obert portes.","txt_cast_excerpt":"","txt_cast":"<p>Autoria: <strong>Ester Bartomeu<\/strong> <br>Dramat\u00fargia: <strong>Al\u00edcia Serrat, Gara Roda, Ester Bartomeu <br><\/strong>Text: <strong>Al\u00edcia Serrat<br><\/strong>Traducci\u00f3 i adaptaci\u00f3 de lletres: <strong>Al\u00edcia Serrat i Gara Roda<\/strong> <br>Direcci\u00f3 i arranjaments musicals: <strong>Andrea Puig<\/strong> <br>Direcci\u00f3 t\u00e8cnica vocal: <strong>Susanna Dom\u00e8nech <\/strong><\/p><p><br>Direcci\u00f3: <strong>Gara Roda<\/strong> <br>Coreografia: <strong>Tatiana Monells<br><\/strong>Vestuari: <strong>Montse Amen\u00f3s<\/strong> <br>Il\u00b7luminaci\u00f3: <strong>Paula Costas <\/strong><br>Espai sonor: <strong>Carla Casanovas Escolano <\/strong><\/p><p><br>Int\u00e8rprets: <strong>Ester Bartomeu, Queralt Albinyana, Xaro Campo i J\u00falia P\u00e9rez <br><br><\/strong>Banda:<br><strong>Anna Cruz Mag\u00edn-<\/strong>Contrabaix <br><strong>Jana Gallifa V\u00e0squez<\/strong>-Piano <br><strong>Cec\u00edlia Colla\u00e7o<\/strong>-Bateria<br><strong>Enara Eguileta Delgado<\/strong>-Saxofon <\/p><p><br>Producci\u00f3 executiva: <strong>Cristina Ferrer (Tot Produccions)<\/strong><\/p><p><br>Ajudantia de producci\u00f3: <strong>S\u00edlvia Merc\u00e8<\/strong> <br>Cap t\u00e8cnic del teatre: <strong>Aleix Arbon\u00e8s<\/strong><br>T\u00e8cnics del teatre: <strong>V\u00edctor Bartolom\u00e9<\/strong><br>T\u00e8cnica de so: <strong>Marta Mart\u00ednez G\u00f3mez <\/strong><\/p><p><br>M\u00e0rqueting i comunicaci\u00f3: <strong>Focus<\/strong> <br>Reportatge fotogr\u00e0fic: <strong>Gl\u00f2ria Solsona <br><\/strong>Disseny imatge: <strong>Jan Bartomeu <br><\/strong>Disseny gr\u00e0fic: <strong>Jan Bartomeu i M\u00f2nica Floreta<\/strong> <br><br>Distribuci\u00f3: <strong>Cristina Ferrer (Tot Produccions) <\/strong><\/p><p><br>\u00c9s una producci\u00f3 d&#39;<strong>Ester Bartomeu<br><\/strong><\/p>","txt_reviews":"","hashtag":"EllaeraAnita","have_promo":"","slogan":"","id_exhibicio":2364,"id_versio":1853,"id_local":3,"txt_seo_desc":"","data_images":"[{\"localizer\":\"V4CARTELL\",\"url\":\"media\/ver\/cartell\/v4\/31769\/01_089_00059537\/CARTELL_WEB.jpg\",\"thumb_url\":\"media\/ver\/cartell\/v4\/31769\/01_089_00059537\/CARTELL_WEB.jpg\",\"title\":\"Ella era Anita - Teatre Condal\",\"description\":\"ella era anita al teatre condal\",\"copyright\":\"\",\"order\":7},{\"localizer\":\"V4PORTADA\",\"url\":\"media\/ver\/port\/v4\/31769\/01_090_00059535\/PORTADA_1_Ella_Era_Anita.jpg\",\"thumb_url\":\"media\/ver\/port\/v4\/31769\/01_090_00059535\/PORTADA_1_Ella_Era_Anita.jpg\",\"title\":\"Ella era Anita - Teatre Condal\",\"description\":\"ella era anita al teatre condal\",\"copyright\":\"\",\"order\":6},{\"localizer\":\"V4PORTADAWIDE\",\"url\":\"media\/ver\/port\/wide\/v4\/31769\/01_091_00059534\/PORTADA_0_Ella_Era_Anita.jpg\",\"thumb_url\":\"media\/ver\/port\/wide\/v4\/31769\/01_091_00059534\/PORTADA_0_Ella_Era_Anita.jpg\",\"title\":\"Ella era Anita - Teatre Condal\",\"description\":\"ella era anita al teatre condal\",\"copyright\":\"\",\"order\":5},{\"localizer\":\"V4PORTADAWIDEMOBILE\",\"url\":\"media\/ver\/port\/wide\/mobile\/v4\/31769\/01_092_00059538\/PORTADA_MOBILE_Ella_Era_Anita.jpg\",\"thumb_url\":\"media\/ver\/port\/wide\/mobile\/v4\/31769\/01_092_00059538\/PORTADA_MOBILE_Ella_Era_Anita.jpg\",\"title\":\"Ella era Anita - Teatre Condal\",\"description\":\"ella era anita al teatre condal\",\"copyright\":\"\",\"order\":8}]","material__texto_intro":"","data_material":null,"data_gallery":"","data_discounts":"[]","contract_is_open":false,"in_tour":false},"yoast_head":"<!-- This site is optimized with the Yoast SEO plugin v27.5 - https:\/\/yoast.com\/product\/yoast-seo-wordpress\/ -->\n<title>ELLA ERA ANITA - Teatre Condal<\/title>\n<meta name=\"robots\" content=\"index, follow, max-snippet:-1, max-image-preview:large, max-video-preview:-1\" \/>\n<link rel=\"canonical\" href=\"https:\/\/www.teatrecondal.cat\/ca\/ex\/ella-era-anita-1\/\" \/>\n<script type=\"application\/ld+json\" class=\"yoast-schema-graph\">{\"@context\":\"https:\\\/\\\/schema.org\",\"@graph\":[{\"@type\":\"WebPage\",\"@id\":\"https:\\\/\\\/www.teatrecondal.cat\\\/ca\\\/ex\\\/ella-era-anita-1\\\/\",\"url\":\"https:\\\/\\\/www.teatrecondal.cat\\\/ca\\\/ex\\\/ella-era-anita-1\\\/\",\"name\":\"ELLA ERA ANITA - Teatre Condal\",\"isPartOf\":{\"@id\":\"https:\\\/\\\/www.teatrecondal.cat\\\/ca\\\/#website\"},\"datePublished\":\"2026-01-20T16:31:30+00:00\",\"dateModified\":\"2026-04-16T15:45:09+00:00\",\"breadcrumb\":{\"@id\":\"https:\\\/\\\/www.teatrecondal.cat\\\/ca\\\/ex\\\/ella-era-anita-1\\\/#breadcrumb\"},\"inLanguage\":\"ca\",\"potentialAction\":[{\"@type\":\"ReadAction\",\"target\":[\"https:\\\/\\\/www.teatrecondal.cat\\\/ca\\\/ex\\\/ella-era-anita-1\\\/\"]}]},{\"@type\":\"BreadcrumbList\",\"@id\":\"https:\\\/\\\/www.teatrecondal.cat\\\/ca\\\/ex\\\/ella-era-anita-1\\\/#breadcrumb\",\"itemListElement\":[{\"@type\":\"ListItem\",\"position\":1,\"name\":\"Inici\",\"item\":\"https:\\\/\\\/www.teatrecondal.cat\\\/ca\\\/\"},{\"@type\":\"ListItem\",\"position\":2,\"name\":\"Espectacles\",\"item\":\"https:\\\/\\\/www.teatrecondal.cat\\\/ca\\\/ex\\\/\"},{\"@type\":\"ListItem\",\"position\":3,\"name\":\"ELLA ERA ANITA\"}]},{\"@type\":\"WebSite\",\"@id\":\"https:\\\/\\\/www.teatrecondal.cat\\\/ca\\\/#website\",\"url\":\"https:\\\/\\\/www.teatrecondal.cat\\\/ca\\\/\",\"name\":\"Teatre Condal\",\"description\":\"\",\"publisher\":{\"@id\":\"https:\\\/\\\/www.teatrecondal.cat\\\/ca\\\/#organization\"},\"potentialAction\":[{\"@type\":\"SearchAction\",\"target\":{\"@type\":\"EntryPoint\",\"urlTemplate\":\"https:\\\/\\\/www.teatrecondal.cat\\\/ca\\\/?s={search_term_string}\"},\"query-input\":{\"@type\":\"PropertyValueSpecification\",\"valueRequired\":true,\"valueName\":\"search_term_string\"}}],\"inLanguage\":\"ca\"},{\"@type\":\"Organization\",\"@id\":\"https:\\\/\\\/www.teatrecondal.cat\\\/ca\\\/#organization\",\"name\":\"Teatre Condal\",\"url\":\"https:\\\/\\\/www.teatrecondal.cat\\\/ca\\\/\",\"logo\":{\"@type\":\"ImageObject\",\"inLanguage\":\"ca\",\"@id\":\"https:\\\/\\\/www.teatrecondal.cat\\\/ca\\\/#\\\/schema\\\/logo\\\/image\\\/\",\"url\":\"https:\\\/\\\/www.teatrecondal.cat\\\/wp-content\\\/uploads\\\/sites\\\/3\\\/2017\\\/09\\\/teatre-condal-logo.svg\",\"contentUrl\":\"https:\\\/\\\/www.teatrecondal.cat\\\/wp-content\\\/uploads\\\/sites\\\/3\\\/2017\\\/09\\\/teatre-condal-logo.svg\",\"width\":1,\"height\":1,\"caption\":\"Teatre Condal\"},\"image\":{\"@id\":\"https:\\\/\\\/www.teatrecondal.cat\\\/ca\\\/#\\\/schema\\\/logo\\\/image\\\/\"},\"sameAs\":[\"http:\\\/\\\/www.facebook.com\\\/TeatreCondal\",\"https:\\\/\\\/x.com\\\/Teatre_Condal\",\"http:\\\/\\\/instagram.com\\\/teatre_condal\",\"http:\\\/\\\/www.youtube.com\\\/user\\\/TeatreCondal\"]}]}<\/script>\n<!-- \/ Yoast SEO plugin. -->","yoast_head_json":{"title":"ELLA ERA ANITA - Teatre Condal","robots":{"index":"index","follow":"follow","max-snippet":"max-snippet:-1","max-image-preview":"max-image-preview:large","max-video-preview":"max-video-preview:-1"},"canonical":"https:\/\/www.teatrecondal.cat\/ca\/ex\/ella-era-anita-1\/","schema":{"@context":"https:\/\/schema.org","@graph":[{"@type":"WebPage","@id":"https:\/\/www.teatrecondal.cat\/ca\/ex\/ella-era-anita-1\/","url":"https:\/\/www.teatrecondal.cat\/ca\/ex\/ella-era-anita-1\/","name":"ELLA ERA ANITA - Teatre Condal","isPartOf":{"@id":"https:\/\/www.teatrecondal.cat\/ca\/#website"},"datePublished":"2026-01-20T16:31:30+00:00","dateModified":"2026-04-16T15:45:09+00:00","breadcrumb":{"@id":"https:\/\/www.teatrecondal.cat\/ca\/ex\/ella-era-anita-1\/#breadcrumb"},"inLanguage":"ca","potentialAction":[{"@type":"ReadAction","target":["https:\/\/www.teatrecondal.cat\/ca\/ex\/ella-era-anita-1\/"]}]},{"@type":"BreadcrumbList","@id":"https:\/\/www.teatrecondal.cat\/ca\/ex\/ella-era-anita-1\/#breadcrumb","itemListElement":[{"@type":"ListItem","position":1,"name":"Inici","item":"https:\/\/www.teatrecondal.cat\/ca\/"},{"@type":"ListItem","position":2,"name":"Espectacles","item":"https:\/\/www.teatrecondal.cat\/ca\/ex\/"},{"@type":"ListItem","position":3,"name":"ELLA ERA ANITA"}]},{"@type":"WebSite","@id":"https:\/\/www.teatrecondal.cat\/ca\/#website","url":"https:\/\/www.teatrecondal.cat\/ca\/","name":"Teatre Condal","description":"","publisher":{"@id":"https:\/\/www.teatrecondal.cat\/ca\/#organization"},"potentialAction":[{"@type":"SearchAction","target":{"@type":"EntryPoint","urlTemplate":"https:\/\/www.teatrecondal.cat\/ca\/?s={search_term_string}"},"query-input":{"@type":"PropertyValueSpecification","valueRequired":true,"valueName":"search_term_string"}}],"inLanguage":"ca"},{"@type":"Organization","@id":"https:\/\/www.teatrecondal.cat\/ca\/#organization","name":"Teatre Condal","url":"https:\/\/www.teatrecondal.cat\/ca\/","logo":{"@type":"ImageObject","inLanguage":"ca","@id":"https:\/\/www.teatrecondal.cat\/ca\/#\/schema\/logo\/image\/","url":"https:\/\/www.teatrecondal.cat\/wp-content\/uploads\/sites\/3\/2017\/09\/teatre-condal-logo.svg","contentUrl":"https:\/\/www.teatrecondal.cat\/wp-content\/uploads\/sites\/3\/2017\/09\/teatre-condal-logo.svg","width":1,"height":1,"caption":"Teatre Condal"},"image":{"@id":"https:\/\/www.teatrecondal.cat\/ca\/#\/schema\/logo\/image\/"},"sameAs":["http:\/\/www.facebook.com\/TeatreCondal","https:\/\/x.com\/Teatre_Condal","http:\/\/instagram.com\/teatre_condal","http:\/\/www.youtube.com\/user\/TeatreCondal"]}]}},"translations":[{"id":5573,"locale":"ca"},{"id":5574,"locale":"es"}],"_links":{"self":[{"href":"https:\/\/www.teatrecondal.cat\/ca\/wp-json\/wp\/v2\/ex\/5573","targetHints":{"allow":["GET"]}}],"collection":[{"href":"https:\/\/www.teatrecondal.cat\/ca\/wp-json\/wp\/v2\/ex"}],"about":[{"href":"https:\/\/www.teatrecondal.cat\/ca\/wp-json\/wp\/v2\/types\/ex"}],"author":[{"embeddable":true,"href":"https:\/\/www.teatrecondal.cat\/ca\/wp-json\/wp\/v2\/users\/2"}],"replies":[{"embeddable":true,"href":"https:\/\/www.teatrecondal.cat\/ca\/wp-json\/wp\/v2\/comments?post=5573"}],"acf:term":[{"embeddable":true,"taxonomy":"season","href":"https:\/\/www.teatrecondal.cat\/ca\/wp-json\/wp\/v2\/season\/96"}],"wp:attachment":[{"href":"https:\/\/www.teatrecondal.cat\/ca\/wp-json\/wp\/v2\/media?parent=5573"}],"curies":[{"name":"wp","href":"https:\/\/api.w.org\/{rel}","templated":true}]}}

<p><strong>Un homenatge a una figura cabdal de la història del teatre musical americà i a totes les dones que han obert portes.</strong> </p>
<p>L’obra presenta la història d’una dona singular, inspirada en la figura de Chita Rivera, llegenda del teatre musical, però narrada a través de múltiples miralls i veus. Passarem per la infantesa dins d’una família porto-riquenya, l’accident que la va portar a la dansa, l’esclat a Broadway amb títols com West Side Story, Chicago o Kiss of the Spider Woman. Però també els obstacles, la invisibilització, la maternitat, la lluita, la soledat. Els personatges que Chita va interpretar esdevenen veus interiors:<br />Anita, Velma, Aurora... àngels i dimonis d’una identitat construïda a l’escenari.</p>
<p>La història porta l’espectador a endinsar-se en una experiència on els límits entre realitat i ficció, entre biografia i ficció teatral, es dilueixen. El que es construeix, en el fons, és la història de qualsevol dona.</p>
<p>Un equip format íntegrament per dones, ple d’energia i passió per l’escenari. Cada escena s’acompanya de música en directe que ho fa tot més intens i vibrant. Les coreografies plenes de força i moviment omplen l’espai d’emoció. Una narrativa pròpia dóna fil conductor a tot l’espectacle, unificant cada escena. Vibreu amb temes coneguts i d’altres per descobrir.<br /></p>

Un homenatge a una figura cabdal de la història del teatre musical americà i a totes les dones que han obert portes.

<p>Autoria: <strong>Ester Bartomeu</strong> <br>Dramatúrgia: <strong>Alícia Serrat, Gara Roda, Ester Bartomeu <br></strong>Text: <strong>Alícia Serrat<br></strong>Traducció i adaptació de lletres: <strong>Alícia Serrat i Gara Roda</strong> <br>Direcció i arranjaments musicals: <strong>Andrea Puig</strong> <br>Direcció tècnica vocal: <strong>Susanna Domènech </strong></p><p><br>Direcció: <strong>Gara Roda</strong> <br>Coreografia: <strong>Tatiana Monells<br></strong>Vestuari: <strong>Montse Amenós</strong> <br>Il·luminació: <strong>Paula Costas </strong><br>Espai sonor: <strong>Carla Casanovas Escolano </strong></p><p><br>Intèrprets: <strong>Ester Bartomeu, Queralt Albinyana, Xaro Campo i Júlia Pérez <br><br></strong>Banda:<br><strong>Anna Cruz Magín-</strong>Contrabaix <br><strong>Jana Gallifa Vàsquez</strong>-Piano <br><strong>Cecília Collaço</strong>-Bateria<br><strong>Enara Eguileta Delgado</strong>-Saxofon </p><p><br>Producció executiva: <strong>Cristina Ferrer (Tot Produccions)</strong></p><p><br>Ajudantia de producció: <strong>Sílvia Mercè</strong> <br>Cap tècnic del teatre: <strong>Aleix Arbonès</strong><br>Tècnics del teatre: <strong>Víctor Bartolomé</strong><br>Tècnica de so: <strong>Marta Martínez Gómez </strong></p><p><br>Màrqueting i comunicació: <strong>Focus</strong> <br>Reportatge fotogràfic: <strong>Glòria Solsona <br></strong>Disseny imatge: <strong>Jan Bartomeu <br></strong>Disseny gràfic: <strong>Jan Bartomeu i Mònica Floreta</strong> <br><br>Distribució: <strong>Cristina Ferrer (Tot Produccions) </strong></p><p><br>És una producció d&#39;<strong>Ester Bartomeu<br></strong></p>
