{"id":5548,"date":"2025-12-09T15:22:35","date_gmt":"2025-12-09T14:22:35","guid":{"rendered":"https:\/\/www.teatrecondal.cat\/?post_type=ex&#038;p=5548"},"modified":"2026-04-24T12:26:58","modified_gmt":"2026-04-24T10:26:58","slug":"victor-arbelo-en-concert","status":"publish","type":"ex","link":"https:\/\/www.teatrecondal.cat\/ca\/ex\/victor-arbelo-en-concert\/","title":{"rendered":"V\u00cdCTOR ARBELO EN CONCERT"},"content":{"rendered":"","protected":false},"excerpt":{"rendered":"","protected":false},"author":2,"featured_media":0,"comment_status":"closed","ping_status":"closed","template":"","class_list":["post-5548","ex","type-ex","status-publish","hentry","season-2025-26"],"acf":{"txt_synopsis":"<p><strong>Presentaci\u00f3 en directe del nou disc de V\u00edctor Arbelo<\/strong> <\/p>\r\n<p>El cantant i compositor, que ha protagonitza musicals com Rent, Mar i Cel, Los Miserables o Golfus de Roma, presenta el seu tercer disc, compost \u00edntegrament en catal\u00e0. Influenciat pel rock i el R&B, juga amb un so pop, fresc i \u00e8pic, en una etapa honesta i emotiva en qu\u00e8 potencia la seva veu i sensibilitat. <\/p>\r\n<p> <\/p>","main_buy_link":"https:\/\/tickets.oneboxtds.com\/teatrecondal\/events\/50802?hl=ca-ES","main_buy_links":"[\"https:\/\/tickets.oneboxtds.com\/teatrecondal\/events\/50802?hl=ca-ES\"]","group_buy_link":"","show_language":"Espectacle en catal\u00e0","show_duration":"80","show_start_date":"20260427000000","show_end_date":"20260427000000","show_sort_date":"20260427000000","txt_custom_show_dates":"","show_disciplines":"8","show_ultimes_funcions":false,"hide_tarifes_especials":false,"show_properament":false,"txt_additional_info":"<ul>\r\n<li>Recomanat a partir de 8 anys\u202f<\/li><\/ul>","txt_present":"","show_season":[96],"txt_season":"[\"2025\/26\"]","txt_cycle":"En Paral\u00b7lel","txt_claim":"","txt_cast_excerpt":"","txt_cast":"<p>Direcci\u00f3: <strong>V\u00edctor Arbelo <br><\/strong>Direcci\u00f3 cor: <strong>Judith Sabat\u00e9 <\/strong> <\/p><p> <\/p><p>Int\u00e8rprets <\/p><p><strong>V\u00edctor Arbelo -<\/strong>Veu <br><strong>\u00c0lex \u00c1lvares -<\/strong>Guitarra <br><strong>Leo Golo-<\/strong>Teclats  <\/p><p> <\/p><p>Cor: <strong>Abril Troyano, Adri\u00e0 Cid, Ain\u00e0 Sitj\u00e8s, Alba Cels, Ariadna Romeu, Cristian Caba\u00f1as, Hirut Romero, Ivette G\u00f3mez, Izan Andr\u00e9s, J\u00falia Colom, Lluc Escribano, Oscar Manau, Lucas Nahuel Mu\u00f1oz, Roger Fuentes<\/strong> <\/p><p> <\/p><p> <\/p><p>Vestuari: <strong>Laura Riera i V\u00edctor Arbelo<\/strong> <br>Moviment: <strong>\u00d3scar Reyes<\/strong> <br>Percussi\u00f3: <strong>Cisco Cruz <\/strong> <\/p><p> <\/p><p>Producci\u00f3 executiva: <strong>Nadina Camp\u00e0s <\/strong> <\/p><p> <\/p><p>Cap t\u00e8cnic del teatre: <strong>Aleix Arbon\u00e8s<\/strong> <br>T\u00e8cnics del teatre: <strong>V\u00edctor Bartolom\u00e9 <\/strong> <br><br>M\u00e0rqueting i comunicaci\u00f3: <strong>Focus <\/strong> <br>Reportatge fotogr\u00e0fic: <strong>Paula Costas<\/strong> <\/p><p><br>Agra\u00efments: <strong>Daniel Angl\u00e8s, Aules Arts Esc\u00e8niques i Focus  <\/strong><\/p><p><br>\u00c9s una coproducci\u00f3 de <strong>EM+P Produccions i V\u00edctor Arbelo<\/strong>  <br><\/p>","txt_reviews":"","hashtag":"VictorArbelo","have_promo":"","slogan":"","id_exhibicio":2361,"id_versio":1851,"id_local":3,"txt_seo_desc":"V\u00edctor Arbelo en concert al Teatre Condal de Barcelona","data_images":"[{\"localizer\":\"V3CARTELL\",\"url\":\"media\/ver\/cartell\/v3\/2026\/03\/88e404ec-c4e3-447b-9fb0-7eb1250f25fe.jpg\",\"thumb_url\":\"media\/ver\/cartell\/v3\/2026\/03\/88e404ec-c4e3-447b-9fb0-7eb1250f25fe.jpg\",\"title\":\"V\u00edctor Arbelo - Teatre Condal - Barcelona\",\"description\":\"victor arbelo al teatre condal de barcelona\",\"copyright\":\"\",\"order\":4},{\"localizer\":\"V3PORTADAWIDE\",\"url\":\"media\/ver\/port\/v3wide\/31710\/01_088_00059494\/PORTADA_0victor_arbel.jpg\",\"thumb_url\":\"media\/ver\/port\/v3wide\/31710\/01_088_00059494\/PORTADA_0victor_arbel.jpg\",\"title\":\"V\u00edctor Arbelo al Teatre Condal de Barcelona\",\"description\":\"victor arbelo al teatre condal de barcelona\",\"copyright\":\"\",\"order\":1},{\"localizer\":\"V3SLIDE\",\"url\":\"media\/ftgalslide\/v3\/31769\/01_086_00059583\/Video_(1600_x_900_px)_(1).jpg\",\"thumb_url\":\"media\/ftgalslide\/v3\/31769\/01_086_00059583\/Video_(1600_x_900_px)_(1).jpg\",\"title\":\"Victor Arbelo - Teatre Condal\",\"description\":\"victor arbelo en concert al teatre condal\",\"copyright\":\"https:\/\/www.youtube.com\/watch?v=bKBB3NCJLN0&list=RDbKBB3NCJLN0&start_radio=1\",\"order\":5},{\"localizer\":\"V4PORTADA\",\"url\":\"media\/ver\/port\/v4\/31710\/01_090_00059495\/PORTADA_1victor_arbel.jpg\",\"thumb_url\":\"media\/ver\/port\/v4\/31710\/01_090_00059495\/PORTADA_1victor_arbel.jpg\",\"title\":\"V\u00edctor Arbelo al Teatre Condal de Barcelona\",\"description\":\"victor arbelo al teatre condal de barcelona\",\"copyright\":\"\",\"order\":2},{\"localizer\":\"V4PORTADAWIDEMOBILE\",\"url\":\"media\/ver\/port\/wide\/mobile\/v4\/31710\/01_092_00059496\/PORTADA_MOBILEvictor_arbel.jpg\",\"thumb_url\":\"media\/ver\/port\/wide\/mobile\/v4\/31710\/01_092_00059496\/PORTADA_MOBILEvictor_arbel.jpg\",\"title\":\"V\u00edctor Arbelo al Teatre Condal de Barcelona\",\"description\":\"victor arbelo al teatre condal de barcelona\",\"copyright\":\"\",\"order\":3}]","material__texto_intro":"","data_material":null,"data_gallery":"","data_discounts":"[]","contract_is_open":false,"in_tour":false},"yoast_head":"<!-- This site is optimized with the Yoast SEO plugin v27.5 - https:\/\/yoast.com\/product\/yoast-seo-wordpress\/ -->\n<title>V\u00cdCTOR ARBELO EN CONCERT - Teatre Condal<\/title>\n<meta name=\"robots\" content=\"index, follow, max-snippet:-1, max-image-preview:large, max-video-preview:-1\" \/>\n<link rel=\"canonical\" href=\"https:\/\/www.teatrecondal.cat\/ca\/ex\/victor-arbelo-en-concert\/\" \/>\n<script type=\"application\/ld+json\" class=\"yoast-schema-graph\">{\"@context\":\"https:\\\/\\\/schema.org\",\"@graph\":[{\"@type\":\"WebPage\",\"@id\":\"https:\\\/\\\/www.teatrecondal.cat\\\/ca\\\/ex\\\/victor-arbelo-en-concert\\\/\",\"url\":\"https:\\\/\\\/www.teatrecondal.cat\\\/ca\\\/ex\\\/victor-arbelo-en-concert\\\/\",\"name\":\"V\u00cdCTOR ARBELO EN CONCERT - Teatre Condal\",\"isPartOf\":{\"@id\":\"https:\\\/\\\/www.teatrecondal.cat\\\/ca\\\/#website\"},\"datePublished\":\"2025-12-09T14:22:35+00:00\",\"dateModified\":\"2026-04-24T10:26:58+00:00\",\"breadcrumb\":{\"@id\":\"https:\\\/\\\/www.teatrecondal.cat\\\/ca\\\/ex\\\/victor-arbelo-en-concert\\\/#breadcrumb\"},\"inLanguage\":\"ca\",\"potentialAction\":[{\"@type\":\"ReadAction\",\"target\":[\"https:\\\/\\\/www.teatrecondal.cat\\\/ca\\\/ex\\\/victor-arbelo-en-concert\\\/\"]}]},{\"@type\":\"BreadcrumbList\",\"@id\":\"https:\\\/\\\/www.teatrecondal.cat\\\/ca\\\/ex\\\/victor-arbelo-en-concert\\\/#breadcrumb\",\"itemListElement\":[{\"@type\":\"ListItem\",\"position\":1,\"name\":\"Inici\",\"item\":\"https:\\\/\\\/www.teatrecondal.cat\\\/ca\\\/\"},{\"@type\":\"ListItem\",\"position\":2,\"name\":\"Espectacles\",\"item\":\"https:\\\/\\\/www.teatrecondal.cat\\\/ca\\\/ex\\\/\"},{\"@type\":\"ListItem\",\"position\":3,\"name\":\"V\u00cdCTOR ARBELO EN CONCERT\"}]},{\"@type\":\"WebSite\",\"@id\":\"https:\\\/\\\/www.teatrecondal.cat\\\/ca\\\/#website\",\"url\":\"https:\\\/\\\/www.teatrecondal.cat\\\/ca\\\/\",\"name\":\"Teatre Condal\",\"description\":\"\",\"publisher\":{\"@id\":\"https:\\\/\\\/www.teatrecondal.cat\\\/ca\\\/#organization\"},\"potentialAction\":[{\"@type\":\"SearchAction\",\"target\":{\"@type\":\"EntryPoint\",\"urlTemplate\":\"https:\\\/\\\/www.teatrecondal.cat\\\/ca\\\/?s={search_term_string}\"},\"query-input\":{\"@type\":\"PropertyValueSpecification\",\"valueRequired\":true,\"valueName\":\"search_term_string\"}}],\"inLanguage\":\"ca\"},{\"@type\":\"Organization\",\"@id\":\"https:\\\/\\\/www.teatrecondal.cat\\\/ca\\\/#organization\",\"name\":\"Teatre Condal\",\"url\":\"https:\\\/\\\/www.teatrecondal.cat\\\/ca\\\/\",\"logo\":{\"@type\":\"ImageObject\",\"inLanguage\":\"ca\",\"@id\":\"https:\\\/\\\/www.teatrecondal.cat\\\/ca\\\/#\\\/schema\\\/logo\\\/image\\\/\",\"url\":\"https:\\\/\\\/www.teatrecondal.cat\\\/wp-content\\\/uploads\\\/sites\\\/3\\\/2017\\\/09\\\/teatre-condal-logo.svg\",\"contentUrl\":\"https:\\\/\\\/www.teatrecondal.cat\\\/wp-content\\\/uploads\\\/sites\\\/3\\\/2017\\\/09\\\/teatre-condal-logo.svg\",\"width\":1,\"height\":1,\"caption\":\"Teatre Condal\"},\"image\":{\"@id\":\"https:\\\/\\\/www.teatrecondal.cat\\\/ca\\\/#\\\/schema\\\/logo\\\/image\\\/\"},\"sameAs\":[\"http:\\\/\\\/www.facebook.com\\\/TeatreCondal\",\"https:\\\/\\\/x.com\\\/Teatre_Condal\",\"http:\\\/\\\/instagram.com\\\/teatre_condal\",\"http:\\\/\\\/www.youtube.com\\\/user\\\/TeatreCondal\"]}]}<\/script>\n<!-- \/ Yoast SEO plugin. -->","yoast_head_json":{"title":"V\u00cdCTOR ARBELO EN CONCERT - Teatre Condal","robots":{"index":"index","follow":"follow","max-snippet":"max-snippet:-1","max-image-preview":"max-image-preview:large","max-video-preview":"max-video-preview:-1"},"canonical":"https:\/\/www.teatrecondal.cat\/ca\/ex\/victor-arbelo-en-concert\/","schema":{"@context":"https:\/\/schema.org","@graph":[{"@type":"WebPage","@id":"https:\/\/www.teatrecondal.cat\/ca\/ex\/victor-arbelo-en-concert\/","url":"https:\/\/www.teatrecondal.cat\/ca\/ex\/victor-arbelo-en-concert\/","name":"V\u00cdCTOR ARBELO EN CONCERT - Teatre Condal","isPartOf":{"@id":"https:\/\/www.teatrecondal.cat\/ca\/#website"},"datePublished":"2025-12-09T14:22:35+00:00","dateModified":"2026-04-24T10:26:58+00:00","breadcrumb":{"@id":"https:\/\/www.teatrecondal.cat\/ca\/ex\/victor-arbelo-en-concert\/#breadcrumb"},"inLanguage":"ca","potentialAction":[{"@type":"ReadAction","target":["https:\/\/www.teatrecondal.cat\/ca\/ex\/victor-arbelo-en-concert\/"]}]},{"@type":"BreadcrumbList","@id":"https:\/\/www.teatrecondal.cat\/ca\/ex\/victor-arbelo-en-concert\/#breadcrumb","itemListElement":[{"@type":"ListItem","position":1,"name":"Inici","item":"https:\/\/www.teatrecondal.cat\/ca\/"},{"@type":"ListItem","position":2,"name":"Espectacles","item":"https:\/\/www.teatrecondal.cat\/ca\/ex\/"},{"@type":"ListItem","position":3,"name":"V\u00cdCTOR ARBELO EN CONCERT"}]},{"@type":"WebSite","@id":"https:\/\/www.teatrecondal.cat\/ca\/#website","url":"https:\/\/www.teatrecondal.cat\/ca\/","name":"Teatre Condal","description":"","publisher":{"@id":"https:\/\/www.teatrecondal.cat\/ca\/#organization"},"potentialAction":[{"@type":"SearchAction","target":{"@type":"EntryPoint","urlTemplate":"https:\/\/www.teatrecondal.cat\/ca\/?s={search_term_string}"},"query-input":{"@type":"PropertyValueSpecification","valueRequired":true,"valueName":"search_term_string"}}],"inLanguage":"ca"},{"@type":"Organization","@id":"https:\/\/www.teatrecondal.cat\/ca\/#organization","name":"Teatre Condal","url":"https:\/\/www.teatrecondal.cat\/ca\/","logo":{"@type":"ImageObject","inLanguage":"ca","@id":"https:\/\/www.teatrecondal.cat\/ca\/#\/schema\/logo\/image\/","url":"https:\/\/www.teatrecondal.cat\/wp-content\/uploads\/sites\/3\/2017\/09\/teatre-condal-logo.svg","contentUrl":"https:\/\/www.teatrecondal.cat\/wp-content\/uploads\/sites\/3\/2017\/09\/teatre-condal-logo.svg","width":1,"height":1,"caption":"Teatre Condal"},"image":{"@id":"https:\/\/www.teatrecondal.cat\/ca\/#\/schema\/logo\/image\/"},"sameAs":["http:\/\/www.facebook.com\/TeatreCondal","https:\/\/x.com\/Teatre_Condal","http:\/\/instagram.com\/teatre_condal","http:\/\/www.youtube.com\/user\/TeatreCondal"]}]}},"translations":[{"id":5548,"locale":"ca"},{"id":5549,"locale":"es"}],"_links":{"self":[{"href":"https:\/\/www.teatrecondal.cat\/ca\/wp-json\/wp\/v2\/ex\/5548","targetHints":{"allow":["GET"]}}],"collection":[{"href":"https:\/\/www.teatrecondal.cat\/ca\/wp-json\/wp\/v2\/ex"}],"about":[{"href":"https:\/\/www.teatrecondal.cat\/ca\/wp-json\/wp\/v2\/types\/ex"}],"author":[{"embeddable":true,"href":"https:\/\/www.teatrecondal.cat\/ca\/wp-json\/wp\/v2\/users\/2"}],"replies":[{"embeddable":true,"href":"https:\/\/www.teatrecondal.cat\/ca\/wp-json\/wp\/v2\/comments?post=5548"}],"acf:term":[{"embeddable":true,"taxonomy":"season","href":"https:\/\/www.teatrecondal.cat\/ca\/wp-json\/wp\/v2\/season\/96"}],"wp:attachment":[{"href":"https:\/\/www.teatrecondal.cat\/ca\/wp-json\/wp\/v2\/media?parent=5548"}],"curies":[{"name":"wp","href":"https:\/\/api.w.org\/{rel}","templated":true}]}}

VÍCTOR ARBELO EN CONCERT

<p><strong>Presentació en directe del nou disc de Víctor Arbelo</strong> </p>
<p>El cantant i compositor, que ha protagonitza musicals com Rent, Mar i Cel, Los Miserables o Golfus de Roma, presenta el seu tercer disc, compost íntegrament en català. Influenciat pel rock i el R&B, juga amb un so pop, fresc i èpic, en una etapa honesta i emotiva en què potencia la seva veu i sensibilitat. </p>
<p> </p>

Espectacle en català

<p>Direcció: <strong>Víctor Arbelo <br></strong>Direcció cor: <strong>Judith Sabaté </strong> </p><p> </p><p>Intèrprets </p><p><strong>Víctor Arbelo -</strong>Veu <br><strong>Àlex Álvares -</strong>Guitarra <br><strong>Leo Golo-</strong>Teclats  </p><p> </p><p>Cor: <strong>Abril Troyano, Adrià Cid, Ainà Sitjès, Alba Cels, Ariadna Romeu, Cristian Cabañas, Hirut Romero, Ivette Gómez, Izan Andrés, Júlia Colom, Lluc Escribano, Oscar Manau, Lucas Nahuel Muñoz, Roger Fuentes</strong> </p><p> </p><p> </p><p>Vestuari: <strong>Laura Riera i Víctor Arbelo</strong> <br>Moviment: <strong>Óscar Reyes</strong> <br>Percussió: <strong>Cisco Cruz </strong> </p><p> </p><p>Producció executiva: <strong>Nadina Campàs </strong> </p><p> </p><p>Cap tècnic del teatre: <strong>Aleix Arbonès</strong> <br>Tècnics del teatre: <strong>Víctor Bartolomé </strong> <br><br>Màrqueting i comunicació: <strong>Focus </strong> <br>Reportatge fotogràfic: <strong>Paula Costas</strong> </p><p><br>Agraïments: <strong>Daniel Anglès, Aules Arts Escèniques i Focus  </strong></p><p><br>És una coproducció de <strong>EM+P Produccions i Víctor Arbelo</strong>  <br></p>

Víctor Arbelo en concert al Teatre Condal de Barcelona

[{"localizer":"V3CARTELL","url":"media/ver/cartell/v3/2026/03/88e404ec-c4e3-447b-9fb0-7eb1250f25fe.jpg","thumb_url":"media/ver/cartell/v3/2026/03/88e404ec-c4e3-447b-9fb0-7eb1250f25fe.jpg","title":"Víctor Arbelo - Teatre Condal - Barcelona","description":"victor arbelo al teatre condal de barcelona","copyright":"","order":4},{"localizer":"V3PORTADAWIDE","url":"media/ver/port/v3wide/31710/01_088_00059494/PORTADA_0victor_arbel.jpg","thumb_url":"media/ver/port/v3wide/31710/01_088_00059494/PORTADA_0victor_arbel.jpg","title":"Víctor Arbelo al Teatre Condal de Barcelona","description":"victor arbelo al teatre condal de barcelona","copyright":"","order":1},{"localizer":"V3SLIDE","url":"media/ftgalslide/v3/31769/01_086_00059583/Video_(1600_x_900_px)_(1).jpg","thumb_url":"media/ftgalslide/v3/31769/01_086_00059583/Video_(1600_x_900_px)_(1).jpg","title":"Victor Arbelo - Teatre Condal","description":"victor arbelo en concert al teatre condal","copyright":"https://www.youtube.com/watch?v=bKBB3NCJLN0&list=RDbKBB3NCJLN0&start_radio=1","order":5},{"localizer":"V4PORTADA","url":"media/ver/port/v4/31710/01_090_00059495/PORTADA_1victor_arbel.jpg","thumb_url":"media/ver/port/v4/31710/01_090_00059495/PORTADA_1victor_arbel.jpg","title":"Víctor Arbelo al Teatre Condal de Barcelona","description":"victor arbelo al teatre condal de barcelona","copyright":"","order":2},{"localizer":"V4PORTADAWIDEMOBILE","url":"media/ver/port/wide/mobile/v4/31710/01_092_00059496/PORTADA_MOBILEvictor_arbel.jpg","thumb_url":"media/ver/port/wide/mobile/v4/31710/01_092_00059496/PORTADA_MOBILEvictor_arbel.jpg","title":"Víctor Arbelo al Teatre Condal de Barcelona","description":"victor arbelo al teatre condal de barcelona","copyright":"","order":3}]

<!-- This site is optimized with the Yoast SEO plugin v27.5 - https://yoast.com/product/yoast-seo-wordpress/ -->
<title>VÍCTOR ARBELO EN CONCERT - Teatre Condal</title>
<meta name="robots" content="index, follow, max-snippet:-1, max-image-preview:large, max-video-preview:-1" />
<link rel="canonical" href="https://www.teatrecondal.cat/ca/ex/victor-arbelo-en-concert/" />
<script type="application/ld+json" class="yoast-schema-graph">{"@context":"https:\/\/schema.org","@graph":[{"@type":"WebPage","@id":"https:\/\/www.teatrecondal.cat\/ca\/ex\/victor-arbelo-en-concert\/","url":"https:\/\/www.teatrecondal.cat\/ca\/ex\/victor-arbelo-en-concert\/","name":"VÍCTOR ARBELO EN CONCERT - Teatre Condal","isPartOf":{"@id":"https:\/\/www.teatrecondal.cat\/ca\/#website"},"datePublished":"2025-12-09T14:22:35+00:00","dateModified":"2026-04-24T10:26:58+00:00","breadcrumb":{"@id":"https:\/\/www.teatrecondal.cat\/ca\/ex\/victor-arbelo-en-concert\/#breadcrumb"},"inLanguage":"ca","potentialAction":[{"@type":"ReadAction","target":["https:\/\/www.teatrecondal.cat\/ca\/ex\/victor-arbelo-en-concert\/"]}]},{"@type":"BreadcrumbList","@id":"https:\/\/www.teatrecondal.cat\/ca\/ex\/victor-arbelo-en-concert\/#breadcrumb","itemListElement":[{"@type":"ListItem","position":1,"name":"Inici","item":"https:\/\/www.teatrecondal.cat\/ca\/"},{"@type":"ListItem","position":2,"name":"Espectacles","item":"https:\/\/www.teatrecondal.cat\/ca\/ex\/"},{"@type":"ListItem","position":3,"name":"VÍCTOR ARBELO EN CONCERT"}]},{"@type":"WebSite","@id":"https:\/\/www.teatrecondal.cat\/ca\/#website","url":"https:\/\/www.teatrecondal.cat\/ca\/","name":"Teatre Condal","description":"","publisher":{"@id":"https:\/\/www.teatrecondal.cat\/ca\/#organization"},"potentialAction":[{"@type":"SearchAction","target":{"@type":"EntryPoint","urlTemplate":"https:\/\/www.teatrecondal.cat\/ca\/?s={search_term_string}"},"query-input":{"@type":"PropertyValueSpecification","valueRequired":true,"valueName":"search_term_string"}}],"inLanguage":"ca"},{"@type":"Organization","@id":"https:\/\/www.teatrecondal.cat\/ca\/#organization","name":"Teatre Condal","url":"https:\/\/www.teatrecondal.cat\/ca\/","logo":{"@type":"ImageObject","inLanguage":"ca","@id":"https:\/\/www.teatrecondal.cat\/ca\/#\/schema\/logo\/image\/","url":"https:\/\/www.teatrecondal.cat\/wp-content\/uploads\/sites\/3\/2017\/09\/teatre-condal-logo.svg","contentUrl":"https:\/\/www.teatrecondal.cat\/wp-content\/uploads\/sites\/3\/2017\/09\/teatre-condal-logo.svg","width":1,"height":1,"caption":"Teatre Condal"},"image":{"@id":"https:\/\/www.teatrecondal.cat\/ca\/#\/schema\/logo\/image\/"},"sameAs":["http:\/\/www.facebook.com\/TeatreCondal","https:\/\/x.com\/Teatre_Condal","http:\/\/instagram.com\/teatre_condal","http:\/\/www.youtube.com\/user\/TeatreCondal"]}]}</script>
<!-- / Yoast SEO plugin. -->

VÍCTOR ARBELO EN CONCERT - Teatre Condal
