{"id":5477,"date":"2025-09-29T17:59:58","date_gmt":"2025-09-29T15:59:58","guid":{"rendered":"https:\/\/www.teatrecondal.cat\/ex\/de-lescenari-a-gaza\/"},"modified":"2025-10-09T15:35:20","modified_gmt":"2025-10-09T13:35:20","slug":"de-lescenari-a-gaza","status":"publish","type":"ex","link":"https:\/\/www.teatrecondal.cat\/ca\/ex\/de-lescenari-a-gaza\/","title":{"rendered":"DE L&#8217;ESCENARI A GAZA"},"content":{"rendered":"","protected":false},"excerpt":{"rendered":"","protected":false},"author":2,"featured_media":0,"comment_status":"closed","ping_status":"closed","template":"","class_list":["post-5477","ex","type-ex","status-publish","hentry","season-2025-26"],"acf":{"txt_synopsis":"<p><strong>Concert solidari per recaptar fons per a les fam\u00edlies supervivents de Gaza a trav\u00e9s de \u201cDe Gaza al Mundo\u201d<\/strong> <\/p>\r\n<p>Sent testimonis dia a dia de l\u2019horror, seguim accionant, seguim treballant col\u00b7lectivament, seguim sumant forces per aturar com sigui aquesta barb\u00e0rie.<br \/>Les professionals del teatre musical ens ajuntem per oferir el que sabem fer: un concert solidari per recaptar fons pel projecte De Gaza al Mundo.<br \/>Tots els beneficis aniran destinats \u00edntegrament a fam\u00edlies supervivents de Gaza. <br \/><\/p>","main_buy_link":"https:\/\/tickets.oneboxtds.com\/teatrecondal\/events\/48648?hl=ca-ES","main_buy_links":"[\"https:\/\/tickets.oneboxtds.com\/teatrecondal\/events\/48648?hl=ca-ES\"]","group_buy_link":"","show_language":"Espectacle en catal\u00e0 \/ castell\u00e0 ","show_duration":"75","show_start_date":"20251025000000","show_end_date":"20251025000000","show_sort_date":"20251025000000","txt_custom_show_dates":"el 25 d'octubre de 2025 ","show_disciplines":"8","show_ultimes_funcions":false,"hide_tarifes_especials":true,"show_properament":false,"txt_additional_info":"Recomanat per a tots els p\u00fablics  ","txt_present":"","show_season":[96],"txt_season":"[\"2025\/26\"]","txt_cycle":"En Paral\u00b7lel","txt_claim":"Concert solidari per recaptar fons per a les fam\u00edlies supervivents de Gaza a trav\u00e9s de \u201cDe Gaza al Mundo\u201d ","txt_cast_excerpt":"","txt_cast":"<p>Actuacions musicals<br \/><strong>Andreu Gall\u00e9n i Elena Gadel, Clara Peya, Kathy Sey i Yolanda Sey, Daniel Angl\u00e8s i V\u00edctor Arbelo, M\u00fcrfila i Svetlana<\/strong><\/p>\r\n<p>Ballarins i ballarines<br \/><strong>Aleix Colomer, Aran V\u00e1zquez, Guillem Ripoll, Helena Gispert, J\u00falia Sanz Fernandez, Marc Soler i Pol Rosell\u00f3 amb coreografia d'Ariadna Peya i m\u00fasica de Clara Peya; Cia Miquel Barcelona formada per Miquel Barcelona, Isa Dubroca, Helena Gispert, Mart\u00ed G\u00fcell i Ra\u00fcl Lorenzo<\/strong><\/p>\r\n<p>Cor<br \/><strong>V\u00edctor Arbelo, Rai Borrell, Frank Capdet, Mariona Castillo, Dana Carbonell, Jordi Coll, Cisco Cruz, Elena Escorcia, Irene Garrido, J\u00falia Gen\u00eds, Paula Grande, Gemma Mart\u00ednez, Nacho Mel\u00fas, Roger Padr\u00f3s, La Pau, Laura Pau, Ona Pla, Clara Sol\u00e9 i Albert Triola<br \/><\/strong><br \/><strong>&nbsp;<br \/><\/strong>Cap t\u00e8cnic del teatre: <strong>Jordi Ballb\u00e9<\/strong> <br \/>T\u00e8cnics del teatre: <strong>Aleix Arbon\u00e8s i V\u00edctor Bartolom\u00e9<\/strong> <br \/>&nbsp;<br \/>Comunicaci\u00f3 i xarxes socials: <strong>Clara Badia, Selma Bruna i Anna Candelas<\/strong><br \/>Premsa: <strong>Aloma Vilamala i N\u00faria Oliv\u00e9 \u2013 La Tremenda<\/strong><br \/>M\u00e0rqueting i comunicaci\u00f3 del teatre: <strong>Focus&nbsp; <\/strong><br \/>Disseny gr\u00e0fic: <strong>Pau Oliver&nbsp;<\/strong><br \/>&nbsp;&nbsp;&nbsp;<br \/>Col\u00b7laboradors: <strong>Grup Focus, Teatre Condal, Dagoll Dagom i l\u2019Associaci\u00f3 Crear i Compartir<\/strong><br \/>&nbsp;<br \/>Agra\u00efments: <strong>La Turbo, Escola de dansa Menchu Duran<\/strong><br \/><\/p>","txt_reviews":"","hashtag":"DeL'escenariaGaza","have_promo":"","slogan":"","id_exhibicio":2344,"id_versio":1833,"id_local":3,"txt_seo_desc":"","data_images":"[{\"localizer\":\"V4PORTADAWIDE\",\"url\":\"media\/ver\/port\/wide\/v4\/3170D\/01_091_00059320\/PORTADA_0_GAZA.jpg\",\"thumb_url\":\"\",\"title\":\"De l'escenari a Gaza - Teatre Condal\",\"description\":\"de l'escenari a gaza al teatre condal\",\"copyright\":\"\",\"order\":1},{\"localizer\":\"V4PORTADAWIDEMOBILE\",\"url\":\"media\/ver\/port\/wide\/mobile\/v4\/3170D\/01_092_00059321\/PORTADA_MOBILE_GAZA.jpg\",\"thumb_url\":\"\",\"title\":\"De l'escenari a gaza - Teatre Condal\",\"description\":\"de l'escenari a gaza al teatre condal\",\"copyright\":\"\",\"order\":2},{\"localizer\":\"V4PORTADA\",\"url\":\"media\/ver\/port\/v4\/3170D\/01_090_00059322\/PORTADA_1_GAZA.jpg\",\"thumb_url\":\"\",\"title\":\"de l'escenari a gaza al teatre condal\",\"description\":\"De l'escenari a gaza - Teatre Condal\",\"copyright\":\"\",\"order\":3},{\"localizer\":\"V4CARTELL\",\"url\":\"media\/ver\/cartell\/v4\/3170D\/01_089_00059323\/CARTELL_WEB_GAZA.jpg\",\"thumb_url\":\"\",\"title\":\"De l'escenari a Gaza - Teatre Condal\",\"description\":\"de l'escenari a gaza al teatre condal\",\"copyright\":\"\",\"order\":4}]","material__texto_intro":"","data_material":null,"data_gallery":"","data_discounts":"[]","contract_is_open":false,"in_tour":false},"yoast_head":"<!-- This site is optimized with the Yoast SEO plugin v27.4 - https:\/\/yoast.com\/product\/yoast-seo-wordpress\/ -->\n<title>DE L&#039;ESCENARI A GAZA - Teatre Condal<\/title>\n<meta name=\"robots\" content=\"index, follow, max-snippet:-1, max-image-preview:large, max-video-preview:-1\" \/>\n<link rel=\"canonical\" href=\"https:\/\/www.teatrecondal.cat\/ca\/ex\/de-lescenari-a-gaza\/\" \/>\n<script type=\"application\/ld+json\" class=\"yoast-schema-graph\">{\"@context\":\"https:\\\/\\\/schema.org\",\"@graph\":[{\"@type\":\"WebPage\",\"@id\":\"https:\\\/\\\/www.teatrecondal.cat\\\/ca\\\/ex\\\/de-lescenari-a-gaza\\\/\",\"url\":\"https:\\\/\\\/www.teatrecondal.cat\\\/ca\\\/ex\\\/de-lescenari-a-gaza\\\/\",\"name\":\"DE L'ESCENARI A GAZA - Teatre Condal\",\"isPartOf\":{\"@id\":\"https:\\\/\\\/www.teatrecondal.cat\\\/ca\\\/#website\"},\"datePublished\":\"2025-09-29T15:59:58+00:00\",\"dateModified\":\"2025-10-09T13:35:20+00:00\",\"breadcrumb\":{\"@id\":\"https:\\\/\\\/www.teatrecondal.cat\\\/ca\\\/ex\\\/de-lescenari-a-gaza\\\/#breadcrumb\"},\"inLanguage\":\"ca\",\"potentialAction\":[{\"@type\":\"ReadAction\",\"target\":[\"https:\\\/\\\/www.teatrecondal.cat\\\/ca\\\/ex\\\/de-lescenari-a-gaza\\\/\"]}]},{\"@type\":\"BreadcrumbList\",\"@id\":\"https:\\\/\\\/www.teatrecondal.cat\\\/ca\\\/ex\\\/de-lescenari-a-gaza\\\/#breadcrumb\",\"itemListElement\":[{\"@type\":\"ListItem\",\"position\":1,\"name\":\"Inici\",\"item\":\"https:\\\/\\\/www.teatrecondal.cat\\\/ca\\\/\"},{\"@type\":\"ListItem\",\"position\":2,\"name\":\"Espectacles\",\"item\":\"https:\\\/\\\/www.teatrecondal.cat\\\/ca\\\/ex\\\/\"},{\"@type\":\"ListItem\",\"position\":3,\"name\":\"DE L&#8217;ESCENARI A GAZA\"}]},{\"@type\":\"WebSite\",\"@id\":\"https:\\\/\\\/www.teatrecondal.cat\\\/ca\\\/#website\",\"url\":\"https:\\\/\\\/www.teatrecondal.cat\\\/ca\\\/\",\"name\":\"Teatre Condal\",\"description\":\"\",\"publisher\":{\"@id\":\"https:\\\/\\\/www.teatrecondal.cat\\\/ca\\\/#organization\"},\"potentialAction\":[{\"@type\":\"SearchAction\",\"target\":{\"@type\":\"EntryPoint\",\"urlTemplate\":\"https:\\\/\\\/www.teatrecondal.cat\\\/ca\\\/?s={search_term_string}\"},\"query-input\":{\"@type\":\"PropertyValueSpecification\",\"valueRequired\":true,\"valueName\":\"search_term_string\"}}],\"inLanguage\":\"ca\"},{\"@type\":\"Organization\",\"@id\":\"https:\\\/\\\/www.teatrecondal.cat\\\/ca\\\/#organization\",\"name\":\"Teatre Condal\",\"url\":\"https:\\\/\\\/www.teatrecondal.cat\\\/ca\\\/\",\"logo\":{\"@type\":\"ImageObject\",\"inLanguage\":\"ca\",\"@id\":\"https:\\\/\\\/www.teatrecondal.cat\\\/ca\\\/#\\\/schema\\\/logo\\\/image\\\/\",\"url\":\"https:\\\/\\\/www.teatrecondal.cat\\\/wp-content\\\/uploads\\\/sites\\\/3\\\/2017\\\/09\\\/teatre-condal-logo.svg\",\"contentUrl\":\"https:\\\/\\\/www.teatrecondal.cat\\\/wp-content\\\/uploads\\\/sites\\\/3\\\/2017\\\/09\\\/teatre-condal-logo.svg\",\"width\":1,\"height\":1,\"caption\":\"Teatre Condal\"},\"image\":{\"@id\":\"https:\\\/\\\/www.teatrecondal.cat\\\/ca\\\/#\\\/schema\\\/logo\\\/image\\\/\"},\"sameAs\":[\"http:\\\/\\\/www.facebook.com\\\/TeatreCondal\",\"https:\\\/\\\/x.com\\\/Teatre_Condal\",\"http:\\\/\\\/instagram.com\\\/teatre_condal\",\"http:\\\/\\\/www.youtube.com\\\/user\\\/TeatreCondal\"]}]}<\/script>\n<!-- \/ Yoast SEO plugin. -->","yoast_head_json":{"title":"DE L'ESCENARI A GAZA - Teatre Condal","robots":{"index":"index","follow":"follow","max-snippet":"max-snippet:-1","max-image-preview":"max-image-preview:large","max-video-preview":"max-video-preview:-1"},"canonical":"https:\/\/www.teatrecondal.cat\/ca\/ex\/de-lescenari-a-gaza\/","schema":{"@context":"https:\/\/schema.org","@graph":[{"@type":"WebPage","@id":"https:\/\/www.teatrecondal.cat\/ca\/ex\/de-lescenari-a-gaza\/","url":"https:\/\/www.teatrecondal.cat\/ca\/ex\/de-lescenari-a-gaza\/","name":"DE L'ESCENARI A GAZA - Teatre Condal","isPartOf":{"@id":"https:\/\/www.teatrecondal.cat\/ca\/#website"},"datePublished":"2025-09-29T15:59:58+00:00","dateModified":"2025-10-09T13:35:20+00:00","breadcrumb":{"@id":"https:\/\/www.teatrecondal.cat\/ca\/ex\/de-lescenari-a-gaza\/#breadcrumb"},"inLanguage":"ca","potentialAction":[{"@type":"ReadAction","target":["https:\/\/www.teatrecondal.cat\/ca\/ex\/de-lescenari-a-gaza\/"]}]},{"@type":"BreadcrumbList","@id":"https:\/\/www.teatrecondal.cat\/ca\/ex\/de-lescenari-a-gaza\/#breadcrumb","itemListElement":[{"@type":"ListItem","position":1,"name":"Inici","item":"https:\/\/www.teatrecondal.cat\/ca\/"},{"@type":"ListItem","position":2,"name":"Espectacles","item":"https:\/\/www.teatrecondal.cat\/ca\/ex\/"},{"@type":"ListItem","position":3,"name":"DE L&#8217;ESCENARI A GAZA"}]},{"@type":"WebSite","@id":"https:\/\/www.teatrecondal.cat\/ca\/#website","url":"https:\/\/www.teatrecondal.cat\/ca\/","name":"Teatre Condal","description":"","publisher":{"@id":"https:\/\/www.teatrecondal.cat\/ca\/#organization"},"potentialAction":[{"@type":"SearchAction","target":{"@type":"EntryPoint","urlTemplate":"https:\/\/www.teatrecondal.cat\/ca\/?s={search_term_string}"},"query-input":{"@type":"PropertyValueSpecification","valueRequired":true,"valueName":"search_term_string"}}],"inLanguage":"ca"},{"@type":"Organization","@id":"https:\/\/www.teatrecondal.cat\/ca\/#organization","name":"Teatre Condal","url":"https:\/\/www.teatrecondal.cat\/ca\/","logo":{"@type":"ImageObject","inLanguage":"ca","@id":"https:\/\/www.teatrecondal.cat\/ca\/#\/schema\/logo\/image\/","url":"https:\/\/www.teatrecondal.cat\/wp-content\/uploads\/sites\/3\/2017\/09\/teatre-condal-logo.svg","contentUrl":"https:\/\/www.teatrecondal.cat\/wp-content\/uploads\/sites\/3\/2017\/09\/teatre-condal-logo.svg","width":1,"height":1,"caption":"Teatre Condal"},"image":{"@id":"https:\/\/www.teatrecondal.cat\/ca\/#\/schema\/logo\/image\/"},"sameAs":["http:\/\/www.facebook.com\/TeatreCondal","https:\/\/x.com\/Teatre_Condal","http:\/\/instagram.com\/teatre_condal","http:\/\/www.youtube.com\/user\/TeatreCondal"]}]}},"translations":[{"id":5477,"locale":"ca"},{"id":5478,"locale":"es"}],"_links":{"self":[{"href":"https:\/\/www.teatrecondal.cat\/ca\/wp-json\/wp\/v2\/ex\/5477","targetHints":{"allow":["GET"]}}],"collection":[{"href":"https:\/\/www.teatrecondal.cat\/ca\/wp-json\/wp\/v2\/ex"}],"about":[{"href":"https:\/\/www.teatrecondal.cat\/ca\/wp-json\/wp\/v2\/types\/ex"}],"author":[{"embeddable":true,"href":"https:\/\/www.teatrecondal.cat\/ca\/wp-json\/wp\/v2\/users\/2"}],"replies":[{"embeddable":true,"href":"https:\/\/www.teatrecondal.cat\/ca\/wp-json\/wp\/v2\/comments?post=5477"}],"acf:term":[{"embeddable":true,"taxonomy":"season","href":"https:\/\/www.teatrecondal.cat\/ca\/wp-json\/wp\/v2\/season\/96"}],"wp:attachment":[{"href":"https:\/\/www.teatrecondal.cat\/ca\/wp-json\/wp\/v2\/media?parent=5477"}],"curies":[{"name":"wp","href":"https:\/\/api.w.org\/{rel}","templated":true}]}}

<p><strong>Concert solidari per recaptar fons per a les famílies supervivents de Gaza a través de “De Gaza al Mundo”</strong> </p>
<p>Sent testimonis dia a dia de l’horror, seguim accionant, seguim treballant col·lectivament, seguim sumant forces per aturar com sigui aquesta barbàrie.<br />Les professionals del teatre musical ens ajuntem per oferir el que sabem fer: un concert solidari per recaptar fons pel projecte De Gaza al Mundo.<br />Tots els beneficis aniran destinats íntegrament a famílies supervivents de Gaza. <br /></p>

Espectacle en català / castellà

Recomanat per a tots els públics

Concert solidari per recaptar fons per a les famílies supervivents de Gaza a través de “De Gaza al Mundo”

<p>Actuacions musicals<br /><strong>Andreu Gallén i Elena Gadel, Clara Peya, Kathy Sey i Yolanda Sey, Daniel Anglès i Víctor Arbelo, Mürfila i Svetlana</strong></p>
<p>Ballarins i ballarines<br /><strong>Aleix Colomer, Aran Vázquez, Guillem Ripoll, Helena Gispert, Júlia Sanz Fernandez, Marc Soler i Pol Roselló amb coreografia d'Ariadna Peya i música de Clara Peya; Cia Miquel Barcelona formada per Miquel Barcelona, Isa Dubroca, Helena Gispert, Martí Güell i Raül Lorenzo</strong></p>
<p>Cor<br /><strong>Víctor Arbelo, Rai Borrell, Frank Capdet, Mariona Castillo, Dana Carbonell, Jordi Coll, Cisco Cruz, Elena Escorcia, Irene Garrido, Júlia Genís, Paula Grande, Gemma Martínez, Nacho Melús, Roger Padrós, La Pau, Laura Pau, Ona Pla, Clara Solé i Albert Triola<br /></strong><br /><strong>&nbsp;<br /></strong>Cap tècnic del teatre: <strong>Jordi Ballbé</strong> <br />Tècnics del teatre: <strong>Aleix Arbonès i Víctor Bartolomé</strong> <br />&nbsp;<br />Comunicació i xarxes socials: <strong>Clara Badia, Selma Bruna i Anna Candelas</strong><br />Premsa: <strong>Aloma Vilamala i Núria Olivé – La Tremenda</strong><br />Màrqueting i comunicació del teatre: <strong>Focus&nbsp; </strong><br />Disseny gràfic: <strong>Pau Oliver&nbsp;</strong><br />&nbsp;&nbsp;&nbsp;<br />Col·laboradors: <strong>Grup Focus, Teatre Condal, Dagoll Dagom i l’Associació Crear i Compartir</strong><br />&nbsp;<br />Agraïments: <strong>La Turbo, Escola de dansa Menchu Duran</strong><br /></p>
