{"id":5054,"date":"2024-06-27T11:33:52","date_gmt":"2024-06-27T09:33:52","guid":{"rendered":"https:\/\/www.teatrecondal.cat\/?post_type=ex&#038;p=5054"},"modified":"2024-11-29T14:05:07","modified_gmt":"2024-11-29T13:05:07","slug":"del-deporte-tambien-se-sale","status":"publish","type":"ex","link":"https:\/\/www.teatrecondal.cat\/ca\/ex\/del-deporte-tambien-se-sale\/","title":{"rendered":"Del deporte tambi\u00e9n se sale"},"content":{"rendered":"","protected":false},"excerpt":{"rendered":"","protected":false},"author":2,"featured_media":0,"comment_status":"closed","ping_status":"closed","template":"","class_list":["post-5054","ex","type-ex","status-publish","hentry","season-2024-25"],"acf":{"txt_synopsis":"<p><strong>Un mon\u00f2leg motivacional&nbsp; sobre la necessitat (o no) de practicar esport.<\/strong><\/p>\r\n<p>Bones! Soc en Javi, de veritat, aix\u00f2 ho escric \"de mi per a tu\". El que est\u00e0s llegint \u00e9s la sinopsi del meu nou xou, normalment aix\u00f2 s'escriu per explicar una mica de qu\u00e8 va l'espectacle, per\u00f2 jo a m\u00e9s aprofito per saludar-te i donar-te la benvinguda. <br \/><br \/>T'explico una mica: considero esportista d'elit des del que fa anys que pensa a apuntar-se a un gimn\u00e0s fins al qui guanya la Vuelta Espa\u00f1a. Un cop tenim clar que ets un dels \"esportistes d'elit\" elegits per formar part del meu xou, ser\u00e9 totalment sincer; en aquest espectacle parlo de la meva relaci\u00f3 amor\/odi amb l'esport i de la febre esportiva que ens envolta, tots dos sabem que la gent s'est\u00e0 tornant boja, potser ets un d'ells, per\u00f2 tu moles, els altres no tant. <br \/>T'explicar\u00e9 en confian\u00e7a experi\u00e8ncies en qu\u00e8 estic segur que et sentir\u00e0s identificat, entenc que no ho arribis a recon\u00e8ixer mai per mantenir la teva dignitat, fes-ho tu, que encara pots. A m\u00e9s, et colar\u00e9 moltes coses m\u00e9s: traumes provocats per les meves relacions sentimentals al llarg de la meva vida, \"liades\" de fam\u00edlia, actualitat sobre programes de televisi\u00f3... <br \/><br \/>Si vens a veure'm per haver llegit aix\u00f2, en acabar el xou em dius \"Vinc pel que tu i jo sabem.\" Et prometo que el que passi al xou, es queda al xou, per part meva, tu pots explicar tot el que vulguis en sortir. Segurament has llegit sinopsis molt m\u00e9s xules, per\u00f2 el tema \u00e9s que ho he donat tot muntant el xou, i a aix\u00f2 ja he arribat \"molt cansat\". <br \/><br \/>T'espero al teatre! <\/p>","main_buy_link":"https:\/\/proticketing.com\/teatrecondal\/ca_ES\/entradas\/evento\/38344","main_buy_links":"[\"https:\/\/proticketing.com\/teatrecondal\/ca_ES\/entradas\/evento\/38344\"]","group_buy_link":"","show_language":"Espectacle en castell\u00e0  ","show_duration":"","show_start_date":"20240927000000","show_end_date":"20241129000000","show_sort_date":"20240927000000","txt_custom_show_dates":"del 27 de setembre al 29 de novembre de 2024 ","show_disciplines":"12","show_ultimes_funcions":false,"hide_tarifes_especials":true,"show_properament":false,"txt_additional_info":"<ul>\r\n<li><i class=\"fa fa-deaf fa-2x fa-fw\"><\/i>Edat recomanada a partir de 16 anys. <\/li><\/ul>\r\n<p><\/p>","txt_present":"","show_season":[94],"txt_season":"[\"2024\/25\"]","txt_cycle":"M\u00f2nolegs","txt_claim":"","txt_cast_excerpt":"","txt_cast":"<p>Autoria, direcci\u00f3 i interpretaci\u00f3: <strong>Javi Sancho<\/strong>&nbsp;<\/p>\r\n<p>Cap t\u00e8cnic del teatre:<strong> Jordi Ballb\u00e9\u202f&nbsp; <br \/><\/strong>T\u00e8cnics del teatre: <strong>Aleix Arbon\u00e8s i V\u00edctor Bartolom\u00e9\u202f <\/strong><\/p>\r\n<p>M\u00e0rqueting i comunicaci\u00f3: <strong>Focus <\/strong><\/p>\r\n<p>Distribuci\u00f3: <strong>MPC (Management i Produccions Culturals, SL) <\/strong><\/p>\r\n<p>\u00c9s una producci\u00f3 de <strong>MPC (Management i Produccions Culturals, SL) <\/strong><\/p>","txt_reviews":"","hashtag":"DelDeporteTambienSeSale","have_promo":"","slogan":"","id_exhibicio":2164,"id_versio":1712,"id_local":3,"txt_seo_desc":"Del deporte tambi\u00e9n se sale al Teatre Condal de Barcelona","data_images":"[{\"localizer\":\"V4PORTADAWIDE\",\"url\":\"media\/ver\/port\/wide\/v4\/316A6\/01_091_00058004\/Portada-0-del-deporte-tambien-se-sale-condal.jpg\",\"thumb_url\":\"\",\"title\":\"Del deporte tambi\u00e9n se sale al Teatre Condal de Barcelona\",\"description\":\"del deporte tambi\u00e9n se sale al teatre condal de barcelona\",\"copyright\":\"\",\"order\":1},{\"localizer\":\"V4CARTELL\",\"url\":\"media\/ver\/cartell\/v4\/316A6\/01_089_00058006\/Cartell_Web-del-deporte-tambien-se-sale-condal.jpg\",\"thumb_url\":\"\",\"title\":\"Del deporte tambi\u00e9n se sale al Teatre Condal de Barcelona\",\"description\":\"del deporte tambi\u00e9n se sale al teatre condal de barcelona\",\"copyright\":\"\",\"order\":3},{\"localizer\":\"V3SLIDE\",\"url\":\"media\/ftgalslide\/v3\/316A6\/01_086_00058008\/1600x900_JaviSancho2.jpg\",\"thumb_url\":\"media\/ftgalslide\/v3\/316A6\/01_086_00058008\/1600x900_JaviSancho2_thumb.jpg\",\"title\":\"Del Deporte Tambi\u00e9n se Sale al Teatre Condal de Barcelona\",\"description\":\"del deporte tambien se sale al teatre condal de barcelona\",\"copyright\":\"https:\/\/www.youtube.com\/watch?v=ShPzugZDKW4\",\"order\":5},{\"localizer\":\"V4PORTADAWIDEMOBILE\",\"url\":\"media\/ver\/port\/wide\/mobile\/v4\/316A8\/01_092_00058184\/Portada-mobile-del-deporte-tambien-se-sale-condal.jpg\",\"thumb_url\":\"\",\"title\":\"Del deporte tambien se sale - Teatre Condal\",\"description\":\"del deporte tambien se sale en el teatre condal\",\"copyright\":\"\",\"order\":6},{\"localizer\":\"V4PORTADA\",\"url\":\"media\/ver\/port\/v4\/316AB\/01_090_00058540\/01_DelDeporte_Portada_1.jpg\",\"thumb_url\":\"\",\"title\":\"Del deporte tambi\u00e9n se sale - Teatre Condal\",\"description\":\"del deporte tambi\u00e9n se sale en el teatre condal\",\"copyright\":\"\",\"order\":7}]","material__texto_intro":"","data_material":null,"data_gallery":"","data_discounts":"[]","contract_is_open":false,"in_tour":false},"yoast_head":"<!-- This site is optimized with the Yoast SEO plugin v27.5 - https:\/\/yoast.com\/product\/yoast-seo-wordpress\/ -->\n<title>Del deporte tambi\u00e9n se sale - Teatre Condal<\/title>\n<meta name=\"robots\" content=\"index, follow, max-snippet:-1, max-image-preview:large, max-video-preview:-1\" \/>\n<link rel=\"canonical\" href=\"https:\/\/www.teatrecondal.cat\/ca\/ex\/del-deporte-tambien-se-sale\/\" \/>\n<script type=\"application\/ld+json\" class=\"yoast-schema-graph\">{\"@context\":\"https:\\\/\\\/schema.org\",\"@graph\":[{\"@type\":\"WebPage\",\"@id\":\"https:\\\/\\\/www.teatrecondal.cat\\\/ca\\\/ex\\\/del-deporte-tambien-se-sale\\\/\",\"url\":\"https:\\\/\\\/www.teatrecondal.cat\\\/ca\\\/ex\\\/del-deporte-tambien-se-sale\\\/\",\"name\":\"Del deporte tambi\u00e9n se sale - Teatre Condal\",\"isPartOf\":{\"@id\":\"https:\\\/\\\/www.teatrecondal.cat\\\/ca\\\/#website\"},\"datePublished\":\"2024-06-27T09:33:52+00:00\",\"dateModified\":\"2024-11-29T13:05:07+00:00\",\"breadcrumb\":{\"@id\":\"https:\\\/\\\/www.teatrecondal.cat\\\/ca\\\/ex\\\/del-deporte-tambien-se-sale\\\/#breadcrumb\"},\"inLanguage\":\"ca\",\"potentialAction\":[{\"@type\":\"ReadAction\",\"target\":[\"https:\\\/\\\/www.teatrecondal.cat\\\/ca\\\/ex\\\/del-deporte-tambien-se-sale\\\/\"]}]},{\"@type\":\"BreadcrumbList\",\"@id\":\"https:\\\/\\\/www.teatrecondal.cat\\\/ca\\\/ex\\\/del-deporte-tambien-se-sale\\\/#breadcrumb\",\"itemListElement\":[{\"@type\":\"ListItem\",\"position\":1,\"name\":\"Inici\",\"item\":\"https:\\\/\\\/www.teatrecondal.cat\\\/ca\\\/\"},{\"@type\":\"ListItem\",\"position\":2,\"name\":\"Espectacles\",\"item\":\"https:\\\/\\\/www.teatrecondal.cat\\\/ca\\\/ex\\\/\"},{\"@type\":\"ListItem\",\"position\":3,\"name\":\"Del deporte tambi\u00e9n se sale\"}]},{\"@type\":\"WebSite\",\"@id\":\"https:\\\/\\\/www.teatrecondal.cat\\\/ca\\\/#website\",\"url\":\"https:\\\/\\\/www.teatrecondal.cat\\\/ca\\\/\",\"name\":\"Teatre Condal\",\"description\":\"\",\"publisher\":{\"@id\":\"https:\\\/\\\/www.teatrecondal.cat\\\/ca\\\/#organization\"},\"potentialAction\":[{\"@type\":\"SearchAction\",\"target\":{\"@type\":\"EntryPoint\",\"urlTemplate\":\"https:\\\/\\\/www.teatrecondal.cat\\\/ca\\\/?s={search_term_string}\"},\"query-input\":{\"@type\":\"PropertyValueSpecification\",\"valueRequired\":true,\"valueName\":\"search_term_string\"}}],\"inLanguage\":\"ca\"},{\"@type\":\"Organization\",\"@id\":\"https:\\\/\\\/www.teatrecondal.cat\\\/ca\\\/#organization\",\"name\":\"Teatre Condal\",\"url\":\"https:\\\/\\\/www.teatrecondal.cat\\\/ca\\\/\",\"logo\":{\"@type\":\"ImageObject\",\"inLanguage\":\"ca\",\"@id\":\"https:\\\/\\\/www.teatrecondal.cat\\\/ca\\\/#\\\/schema\\\/logo\\\/image\\\/\",\"url\":\"https:\\\/\\\/www.teatrecondal.cat\\\/wp-content\\\/uploads\\\/sites\\\/3\\\/2017\\\/09\\\/teatre-condal-logo.svg\",\"contentUrl\":\"https:\\\/\\\/www.teatrecondal.cat\\\/wp-content\\\/uploads\\\/sites\\\/3\\\/2017\\\/09\\\/teatre-condal-logo.svg\",\"width\":1,\"height\":1,\"caption\":\"Teatre Condal\"},\"image\":{\"@id\":\"https:\\\/\\\/www.teatrecondal.cat\\\/ca\\\/#\\\/schema\\\/logo\\\/image\\\/\"},\"sameAs\":[\"http:\\\/\\\/www.facebook.com\\\/TeatreCondal\",\"https:\\\/\\\/x.com\\\/Teatre_Condal\",\"http:\\\/\\\/instagram.com\\\/teatre_condal\",\"http:\\\/\\\/www.youtube.com\\\/user\\\/TeatreCondal\"]}]}<\/script>\n<!-- \/ Yoast SEO plugin. -->","yoast_head_json":{"title":"Del deporte tambi\u00e9n se sale - Teatre Condal","robots":{"index":"index","follow":"follow","max-snippet":"max-snippet:-1","max-image-preview":"max-image-preview:large","max-video-preview":"max-video-preview:-1"},"canonical":"https:\/\/www.teatrecondal.cat\/ca\/ex\/del-deporte-tambien-se-sale\/","schema":{"@context":"https:\/\/schema.org","@graph":[{"@type":"WebPage","@id":"https:\/\/www.teatrecondal.cat\/ca\/ex\/del-deporte-tambien-se-sale\/","url":"https:\/\/www.teatrecondal.cat\/ca\/ex\/del-deporte-tambien-se-sale\/","name":"Del deporte tambi\u00e9n se sale - Teatre Condal","isPartOf":{"@id":"https:\/\/www.teatrecondal.cat\/ca\/#website"},"datePublished":"2024-06-27T09:33:52+00:00","dateModified":"2024-11-29T13:05:07+00:00","breadcrumb":{"@id":"https:\/\/www.teatrecondal.cat\/ca\/ex\/del-deporte-tambien-se-sale\/#breadcrumb"},"inLanguage":"ca","potentialAction":[{"@type":"ReadAction","target":["https:\/\/www.teatrecondal.cat\/ca\/ex\/del-deporte-tambien-se-sale\/"]}]},{"@type":"BreadcrumbList","@id":"https:\/\/www.teatrecondal.cat\/ca\/ex\/del-deporte-tambien-se-sale\/#breadcrumb","itemListElement":[{"@type":"ListItem","position":1,"name":"Inici","item":"https:\/\/www.teatrecondal.cat\/ca\/"},{"@type":"ListItem","position":2,"name":"Espectacles","item":"https:\/\/www.teatrecondal.cat\/ca\/ex\/"},{"@type":"ListItem","position":3,"name":"Del deporte tambi\u00e9n se sale"}]},{"@type":"WebSite","@id":"https:\/\/www.teatrecondal.cat\/ca\/#website","url":"https:\/\/www.teatrecondal.cat\/ca\/","name":"Teatre Condal","description":"","publisher":{"@id":"https:\/\/www.teatrecondal.cat\/ca\/#organization"},"potentialAction":[{"@type":"SearchAction","target":{"@type":"EntryPoint","urlTemplate":"https:\/\/www.teatrecondal.cat\/ca\/?s={search_term_string}"},"query-input":{"@type":"PropertyValueSpecification","valueRequired":true,"valueName":"search_term_string"}}],"inLanguage":"ca"},{"@type":"Organization","@id":"https:\/\/www.teatrecondal.cat\/ca\/#organization","name":"Teatre Condal","url":"https:\/\/www.teatrecondal.cat\/ca\/","logo":{"@type":"ImageObject","inLanguage":"ca","@id":"https:\/\/www.teatrecondal.cat\/ca\/#\/schema\/logo\/image\/","url":"https:\/\/www.teatrecondal.cat\/wp-content\/uploads\/sites\/3\/2017\/09\/teatre-condal-logo.svg","contentUrl":"https:\/\/www.teatrecondal.cat\/wp-content\/uploads\/sites\/3\/2017\/09\/teatre-condal-logo.svg","width":1,"height":1,"caption":"Teatre Condal"},"image":{"@id":"https:\/\/www.teatrecondal.cat\/ca\/#\/schema\/logo\/image\/"},"sameAs":["http:\/\/www.facebook.com\/TeatreCondal","https:\/\/x.com\/Teatre_Condal","http:\/\/instagram.com\/teatre_condal","http:\/\/www.youtube.com\/user\/TeatreCondal"]}]}},"translations":[{"id":5054,"locale":"ca"},{"id":5055,"locale":"es"}],"_links":{"self":[{"href":"https:\/\/www.teatrecondal.cat\/ca\/wp-json\/wp\/v2\/ex\/5054","targetHints":{"allow":["GET"]}}],"collection":[{"href":"https:\/\/www.teatrecondal.cat\/ca\/wp-json\/wp\/v2\/ex"}],"about":[{"href":"https:\/\/www.teatrecondal.cat\/ca\/wp-json\/wp\/v2\/types\/ex"}],"author":[{"embeddable":true,"href":"https:\/\/www.teatrecondal.cat\/ca\/wp-json\/wp\/v2\/users\/2"}],"replies":[{"embeddable":true,"href":"https:\/\/www.teatrecondal.cat\/ca\/wp-json\/wp\/v2\/comments?post=5054"}],"acf:term":[{"embeddable":true,"taxonomy":"season","href":"https:\/\/www.teatrecondal.cat\/ca\/wp-json\/wp\/v2\/season\/94"}],"wp:attachment":[{"href":"https:\/\/www.teatrecondal.cat\/ca\/wp-json\/wp\/v2\/media?parent=5054"}],"curies":[{"name":"wp","href":"https:\/\/api.w.org\/{rel}","templated":true}]}}

Del deporte también se sale

<p><strong>Un monòleg motivacional&nbsp; sobre la necessitat (o no) de practicar esport.</strong></p>
<p>Bones! Soc en Javi, de veritat, això ho escric "de mi per a tu". El que estàs llegint és la sinopsi del meu nou xou, normalment això s'escriu per explicar una mica de què va l'espectacle, però jo a més aprofito per saludar-te i donar-te la benvinguda. <br /><br />T'explico una mica: considero esportista d'elit des del que fa anys que pensa a apuntar-se a un gimnàs fins al qui guanya la Vuelta España. Un cop tenim clar que ets un dels "esportistes d'elit" elegits per formar part del meu xou, seré totalment sincer; en aquest espectacle parlo de la meva relació amor/odi amb l'esport i de la febre esportiva que ens envolta, tots dos sabem que la gent s'està tornant boja, potser ets un d'ells, però tu moles, els altres no tant. <br />T'explicaré en confiança experiències en què estic segur que et sentiràs identificat, entenc que no ho arribis a reconèixer mai per mantenir la teva dignitat, fes-ho tu, que encara pots. A més, et colaré moltes coses més: traumes provocats per les meves relacions sentimentals al llarg de la meva vida, "liades" de família, actualitat sobre programes de televisió... <br /><br />Si vens a veure'm per haver llegit això, en acabar el xou em dius "Vinc pel que tu i jo sabem." Et prometo que el que passi al xou, es queda al xou, per part meva, tu pots explicar tot el que vulguis en sortir. Segurament has llegit sinopsis molt més xules, però el tema és que ho he donat tot muntant el xou, i a això ja he arribat "molt cansat". <br /><br />T'espero al teatre! </p>

Espectacle en castellà

Mònolegs

<p>Autoria, direcció i interpretació: <strong>Javi Sancho</strong>&nbsp;</p>
<p>Cap tècnic del teatre:<strong> Jordi Ballbé &nbsp; <br /></strong>Tècnics del teatre: <strong>Aleix Arbonès i Víctor Bartolomé  </strong></p>
<p>Màrqueting i comunicació: <strong>Focus </strong></p>
<p>Distribució: <strong>MPC (Management i Produccions Culturals, SL) </strong></p>
<p>És una producció de <strong>MPC (Management i Produccions Culturals, SL) </strong></p>

Del deporte también se sale al Teatre Condal de Barcelona

[{"localizer":"V4PORTADAWIDE","url":"media/ver/port/wide/v4/316A6/01_091_00058004/Portada-0-del-deporte-tambien-se-sale-condal.jpg","thumb_url":"","title":"Del deporte también se sale al Teatre Condal de Barcelona","description":"del deporte también se sale al teatre condal de barcelona","copyright":"","order":1},{"localizer":"V4CARTELL","url":"media/ver/cartell/v4/316A6/01_089_00058006/Cartell_Web-del-deporte-tambien-se-sale-condal.jpg","thumb_url":"","title":"Del deporte también se sale al Teatre Condal de Barcelona","description":"del deporte también se sale al teatre condal de barcelona","copyright":"","order":3},{"localizer":"V3SLIDE","url":"media/ftgalslide/v3/316A6/01_086_00058008/1600x900_JaviSancho2.jpg","thumb_url":"media/ftgalslide/v3/316A6/01_086_00058008/1600x900_JaviSancho2_thumb.jpg","title":"Del Deporte También se Sale al Teatre Condal de Barcelona","description":"del deporte tambien se sale al teatre condal de barcelona","copyright":"https://www.youtube.com/watch?v=ShPzugZDKW4","order":5},{"localizer":"V4PORTADAWIDEMOBILE","url":"media/ver/port/wide/mobile/v4/316A8/01_092_00058184/Portada-mobile-del-deporte-tambien-se-sale-condal.jpg","thumb_url":"","title":"Del deporte tambien se sale - Teatre Condal","description":"del deporte tambien se sale en el teatre condal","copyright":"","order":6},{"localizer":"V4PORTADA","url":"media/ver/port/v4/316AB/01_090_00058540/01_DelDeporte_Portada_1.jpg","thumb_url":"","title":"Del deporte también se sale - Teatre Condal","description":"del deporte también se sale en el teatre condal","copyright":"","order":7}]

<!-- This site is optimized with the Yoast SEO plugin v27.5 - https://yoast.com/product/yoast-seo-wordpress/ -->
<title>Del deporte también se sale - Teatre Condal</title>
<meta name="robots" content="index, follow, max-snippet:-1, max-image-preview:large, max-video-preview:-1" />
<link rel="canonical" href="https://www.teatrecondal.cat/ca/ex/del-deporte-tambien-se-sale/" />
<script type="application/ld+json" class="yoast-schema-graph">{"@context":"https:\/\/schema.org","@graph":[{"@type":"WebPage","@id":"https:\/\/www.teatrecondal.cat\/ca\/ex\/del-deporte-tambien-se-sale\/","url":"https:\/\/www.teatrecondal.cat\/ca\/ex\/del-deporte-tambien-se-sale\/","name":"Del deporte también se sale - Teatre Condal","isPartOf":{"@id":"https:\/\/www.teatrecondal.cat\/ca\/#website"},"datePublished":"2024-06-27T09:33:52+00:00","dateModified":"2024-11-29T13:05:07+00:00","breadcrumb":{"@id":"https:\/\/www.teatrecondal.cat\/ca\/ex\/del-deporte-tambien-se-sale\/#breadcrumb"},"inLanguage":"ca","potentialAction":[{"@type":"ReadAction","target":["https:\/\/www.teatrecondal.cat\/ca\/ex\/del-deporte-tambien-se-sale\/"]}]},{"@type":"BreadcrumbList","@id":"https:\/\/www.teatrecondal.cat\/ca\/ex\/del-deporte-tambien-se-sale\/#breadcrumb","itemListElement":[{"@type":"ListItem","position":1,"name":"Inici","item":"https:\/\/www.teatrecondal.cat\/ca\/"},{"@type":"ListItem","position":2,"name":"Espectacles","item":"https:\/\/www.teatrecondal.cat\/ca\/ex\/"},{"@type":"ListItem","position":3,"name":"Del deporte también se sale"}]},{"@type":"WebSite","@id":"https:\/\/www.teatrecondal.cat\/ca\/#website","url":"https:\/\/www.teatrecondal.cat\/ca\/","name":"Teatre Condal","description":"","publisher":{"@id":"https:\/\/www.teatrecondal.cat\/ca\/#organization"},"potentialAction":[{"@type":"SearchAction","target":{"@type":"EntryPoint","urlTemplate":"https:\/\/www.teatrecondal.cat\/ca\/?s={search_term_string}"},"query-input":{"@type":"PropertyValueSpecification","valueRequired":true,"valueName":"search_term_string"}}],"inLanguage":"ca"},{"@type":"Organization","@id":"https:\/\/www.teatrecondal.cat\/ca\/#organization","name":"Teatre Condal","url":"https:\/\/www.teatrecondal.cat\/ca\/","logo":{"@type":"ImageObject","inLanguage":"ca","@id":"https:\/\/www.teatrecondal.cat\/ca\/#\/schema\/logo\/image\/","url":"https:\/\/www.teatrecondal.cat\/wp-content\/uploads\/sites\/3\/2017\/09\/teatre-condal-logo.svg","contentUrl":"https:\/\/www.teatrecondal.cat\/wp-content\/uploads\/sites\/3\/2017\/09\/teatre-condal-logo.svg","width":1,"height":1,"caption":"Teatre Condal"},"image":{"@id":"https:\/\/www.teatrecondal.cat\/ca\/#\/schema\/logo\/image\/"},"sameAs":["http:\/\/www.facebook.com\/TeatreCondal","https:\/\/x.com\/Teatre_Condal","http:\/\/instagram.com\/teatre_condal","http:\/\/www.youtube.com\/user\/TeatreCondal"]}]}</script>
<!-- / Yoast SEO plugin. -->

Del deporte también se sale - Teatre Condal
