{"id":4710,"date":"2023-08-16T10:35:36","date_gmt":"2023-08-16T08:35:36","guid":{"rendered":"https:\/\/www.teatrecondal.cat\/ex\/alan-4\/"},"modified":"2023-11-08T13:39:04","modified_gmt":"2023-11-08T12:39:04","slug":"alan","status":"publish","type":"ex","link":"https:\/\/www.teatrecondal.cat\/ca\/ex\/alan\/","title":{"rendered":"Alan"},"content":{"rendered":"","protected":false},"excerpt":{"rendered":"","protected":false},"author":2,"featured_media":0,"comment_status":"closed","ping_status":"closed","template":"","class_list":["post-4710","ex","type-ex","status-publish","hentry","season-2023-24"],"acf":{"txt_synopsis":"Mi:&nbsp;(Entra al final de la can\u00e7\u00f3 i se\u2019l mira) <br \/>&nbsp;&nbsp;&nbsp;&nbsp;&nbsp; &nbsp;Uau! M\u2019encanta!<br \/>A: &nbsp;Segur?<br \/>Mi:&nbsp;Segur\u00edssim<br \/>A: &nbsp;No s\u00e9 si podr\u00e9<br \/>Mi: &nbsp;Clar que s\u00ed. Nosaltres sempre hem sigut capa\u00e7os de tot, no? T\u2019ha vist la mama ja?<br \/>A: &nbsp;No<br \/>Mi: &nbsp;Tens por?<br \/>A: &nbsp;De la mama?<br \/>Mi: &nbsp;No. Del teu primer dia<br \/>A: &nbsp;Nosaltres no tenim mai por.<br \/>","main_buy_link":"https:\/\/proticketing.com\/teatrecondal\/ca_ES\/entradas\/evento\/28236","main_buy_links":"[\"https:\/\/proticketing.com\/teatrecondal\/ca_ES\/entradas\/evento\/28236\"]","group_buy_link":"","show_language":"Espectacle en catal\u00e0","show_duration":"80","show_start_date":"20231009000000","show_end_date":"20231113000000","show_sort_date":"20231009000000","txt_custom_show_dates":"fins al 13 de novembre de 2023 ","show_disciplines":"3","show_ultimes_funcions":true,"hide_tarifes_especials":false,"show_properament":false,"txt_additional_info":"<p><i class=\"fa fa-info fa-2x fa-fw\"><\/i>No recomanada a menors de 10 anys <\/p>","txt_present":"","show_season":[92],"txt_season":"[\"2023\/24\"]","txt_cycle":"","txt_claim":"Les construccions socials i culturals marcades per la societat, la medicina, la fam\u00edlia... no sempre encaixen amb les arrels que realment tenim; aquelles que ens identifiquen i que ens fan existir i ser qui som.","txt_cast_excerpt":"","txt_cast":"<p>Dramat\u00fargia: <strong>Mar Puig i Mateu Peramiquel<\/strong><br \/>Text: <strong>Mar Puig<br \/><\/strong>Composici\u00f3 musical, lletres i arranjament: <strong>Mateu Peramiquel<br \/><\/strong>Direcci\u00f3 esc\u00e8nica: <strong>Mar Puig i Cisco Cruz<br \/><\/strong>Direcci\u00f3 musical: <strong>Mateu Peramiquel<\/strong><\/p>\r\n<p>Int\u00e8rprets: <strong>Ander Matar\u00f3, Patricia Paisal, Vinyet Morral, Cisco Cruz<\/strong><\/p>\r\n<p>M\u00fasica en directe: <strong>Mateu Peramiquel i Danko Compta<\/strong><\/p>\r\n<p>Disseny i construcci\u00f3 d\u2019escenografia: <strong>Albert Ventura<\/strong><br \/>Disseny d\u2019il\u00b7luminaci\u00f3: <strong>Jordi Berch i Adri\u00e0 G\u00f3mez<br \/><\/strong>Disseny sonor: <strong>Carles Bernal<\/strong><\/p>\r\n<p>Producci\u00f3 musical: <strong>Fede Larocca i Mateu Peramiquel<br \/><\/strong>Cap t\u00e8cnic del teatre: <strong>Jordi Ballb\u00e9<\/strong><br \/>&nbsp;<br \/>M\u00e0rqueting i comunicaci\u00f3: <strong>Focus<br \/><\/strong>Comunicaci\u00f3 i premsa: <strong>Aina Font i Torra (WeColorMusic)<br \/><\/strong>Disseny fotogr\u00e0fic i fotografia: <strong>Sergi Panizo<br \/><\/strong>Disseny gr\u00e0fic:<strong> Santi&Kco<\/strong><br \/>&nbsp;<br \/>\u00c9s una producci\u00f3 de <strong>WeColorMusic<\/strong><\/p>","txt_reviews":"","hashtag":"Alan","have_promo":"","slogan":"","id_exhibicio":2023,"id_versio":1586,"id_local":3,"txt_seo_desc":"Alan, un espectacle la hist\u00f2ria d'una persona valenta al Teatre Condal de Barcelona.","data_images":"[{\"localizer\":\"V3SLIDE\",\"url\":\"media\/ftgalslide\/v3\/3163E\/01_086_00055596\/4_Escena-geronimo-obra-alan-el-musical.jpg\",\"thumb_url\":\"media\/ftgalslide\/v3\/3163E\/01_086_00055596\/4_Escena-geronimo-obra-alan-el-musical_thumb.jpg\",\"title\":\"Alan - Teatre Condal\",\"description\":\"alan al teatre condal de barcelona\",\"copyright\":\"\",\"order\":2},{\"localizer\":\"V3SLIDE\",\"url\":\"media\/ftgalslide\/v3\/3163E\/01_086_00055597\/1_foto-Selfie-escena-obra-alan-el-musical.jpg\",\"thumb_url\":\"media\/ftgalslide\/v3\/3163E\/01_086_00055597\/1_foto-Selfie-escena-obra-alan-el-musical_thumb.jpg\",\"title\":\"Alan - Teatre Condal\",\"description\":\"alan al teatre condal de barcelona\",\"copyright\":\"\",\"order\":3},{\"localizer\":\"V3PORTADAWIDE\",\"url\":\"media\/ver\/port\/v3wide\/3163E\/01_088_00055598\/PORTADA_0-Alan-teatre-condal.jpg\",\"thumb_url\":\"media\/ver\/port\/v3wide\/3163E\/01_088_00055598\/PORTADA_0-Alan-teatre-condal_thumb.jpg\",\"title\":\"Alan - Teatre Condal\",\"description\":\"alan al teatre condal de barcelona\",\"copyright\":\"\",\"order\":4},{\"localizer\":\"V3PORTADA\",\"url\":\"media\/ver\/port\/v3\/3163E\/01_084_00055599\/PORTADA_1-Alan-teatre-condal.jpg\",\"thumb_url\":\"media\/ver\/port\/v3\/3163E\/01_084_00055599\/PORTADA_1-Alan-teatre-condal_thumb.jpg\",\"title\":\"Alan - Teatre Condal\",\"description\":\"alan al teatre condal de barcelona\",\"copyright\":\"\",\"order\":5},{\"localizer\":\"V3CARTELL\",\"url\":\"media\/ver\/cartell\/v3\/3163E\/01_085_00055600\/Cartell-web-Alan-teatre-condal.jpg\",\"thumb_url\":\"media\/ver\/cartell\/v3\/3163E\/01_085_00055600\/Cartell-web-Alan-teatre-condal_thumb.jpg\",\"title\":\"Alan - Teatre Condal\",\"description\":\"alan al teatre condal de barcelona\",\"copyright\":\"\",\"order\":6},{\"localizer\":\"V4PORTADA\",\"url\":\"media\/ver\/port\/v4\/31641\/01_090_00056064\/portada-1-nova.jpg\",\"thumb_url\":\"\",\"title\":\"Alan - Teatre Condal\",\"description\":\"alan al teatre condal de barcelona\",\"copyright\":\"\",\"order\":9},{\"localizer\":\"V4CARTELL\",\"url\":\"media\/ver\/cartell\/v4\/31641\/01_089_00056066\/Cartell-webnovaai.jpg\",\"thumb_url\":\"\",\"title\":\"Alan - Teatre Condal\",\"description\":\"alan al teatre condal de barcelona\",\"copyright\":\"\",\"order\":10},{\"localizer\":\"V4PORTADAWIDE\",\"url\":\"media\/ver\/port\/wide\/v4\/31647\/01_091_00056884\/alan-PORTADA-0nova.jpg\",\"thumb_url\":\"\",\"title\":\"\u00daLTIMES FUNCIONS - Alan\",\"description\":\"ultimes funcions alan\",\"copyright\":\"\",\"order\":11},{\"localizer\":\"V4PORTADAWIDEMOBILE\",\"url\":\"media\/ver\/port\/wide\/mobile\/v4\/31647\/01_092_00056885\/_alan-portada-mobile.jpg\",\"thumb_url\":\"\",\"title\":\"\u00daLTIMES FUNCIONS - ALAN\",\"description\":\"ultimes funcions alan\",\"copyright\":\"\",\"order\":12}]","material__texto_intro":"","data_material":null,"data_gallery":"","data_discounts":"[]","contract_is_open":false,"in_tour":false},"yoast_head":"<!-- This site is optimized with the Yoast SEO plugin v27.5 - https:\/\/yoast.com\/product\/yoast-seo-wordpress\/ -->\n<title>Alan - Teatre Condal<\/title>\n<meta name=\"robots\" content=\"index, follow, max-snippet:-1, max-image-preview:large, max-video-preview:-1\" \/>\n<link rel=\"canonical\" href=\"https:\/\/www.teatrecondal.cat\/ca\/ex\/alan\/\" \/>\n<script type=\"application\/ld+json\" class=\"yoast-schema-graph\">{\"@context\":\"https:\\\/\\\/schema.org\",\"@graph\":[{\"@type\":\"WebPage\",\"@id\":\"https:\\\/\\\/www.teatrecondal.cat\\\/ca\\\/ex\\\/alan\\\/\",\"url\":\"https:\\\/\\\/www.teatrecondal.cat\\\/ca\\\/ex\\\/alan\\\/\",\"name\":\"Alan - Teatre Condal\",\"isPartOf\":{\"@id\":\"https:\\\/\\\/www.teatrecondal.cat\\\/ca\\\/#website\"},\"datePublished\":\"2023-08-16T08:35:36+00:00\",\"dateModified\":\"2023-11-08T12:39:04+00:00\",\"breadcrumb\":{\"@id\":\"https:\\\/\\\/www.teatrecondal.cat\\\/ca\\\/ex\\\/alan\\\/#breadcrumb\"},\"inLanguage\":\"ca\",\"potentialAction\":[{\"@type\":\"ReadAction\",\"target\":[\"https:\\\/\\\/www.teatrecondal.cat\\\/ca\\\/ex\\\/alan\\\/\"]}]},{\"@type\":\"BreadcrumbList\",\"@id\":\"https:\\\/\\\/www.teatrecondal.cat\\\/ca\\\/ex\\\/alan\\\/#breadcrumb\",\"itemListElement\":[{\"@type\":\"ListItem\",\"position\":1,\"name\":\"Inici\",\"item\":\"https:\\\/\\\/www.teatrecondal.cat\\\/ca\\\/\"},{\"@type\":\"ListItem\",\"position\":2,\"name\":\"Espectacles\",\"item\":\"https:\\\/\\\/www.teatrecondal.cat\\\/ca\\\/ex\\\/\"},{\"@type\":\"ListItem\",\"position\":3,\"name\":\"Alan\"}]},{\"@type\":\"WebSite\",\"@id\":\"https:\\\/\\\/www.teatrecondal.cat\\\/ca\\\/#website\",\"url\":\"https:\\\/\\\/www.teatrecondal.cat\\\/ca\\\/\",\"name\":\"Teatre Condal\",\"description\":\"\",\"publisher\":{\"@id\":\"https:\\\/\\\/www.teatrecondal.cat\\\/ca\\\/#organization\"},\"potentialAction\":[{\"@type\":\"SearchAction\",\"target\":{\"@type\":\"EntryPoint\",\"urlTemplate\":\"https:\\\/\\\/www.teatrecondal.cat\\\/ca\\\/?s={search_term_string}\"},\"query-input\":{\"@type\":\"PropertyValueSpecification\",\"valueRequired\":true,\"valueName\":\"search_term_string\"}}],\"inLanguage\":\"ca\"},{\"@type\":\"Organization\",\"@id\":\"https:\\\/\\\/www.teatrecondal.cat\\\/ca\\\/#organization\",\"name\":\"Teatre Condal\",\"url\":\"https:\\\/\\\/www.teatrecondal.cat\\\/ca\\\/\",\"logo\":{\"@type\":\"ImageObject\",\"inLanguage\":\"ca\",\"@id\":\"https:\\\/\\\/www.teatrecondal.cat\\\/ca\\\/#\\\/schema\\\/logo\\\/image\\\/\",\"url\":\"https:\\\/\\\/www.teatrecondal.cat\\\/wp-content\\\/uploads\\\/sites\\\/3\\\/2017\\\/09\\\/teatre-condal-logo.svg\",\"contentUrl\":\"https:\\\/\\\/www.teatrecondal.cat\\\/wp-content\\\/uploads\\\/sites\\\/3\\\/2017\\\/09\\\/teatre-condal-logo.svg\",\"width\":1,\"height\":1,\"caption\":\"Teatre Condal\"},\"image\":{\"@id\":\"https:\\\/\\\/www.teatrecondal.cat\\\/ca\\\/#\\\/schema\\\/logo\\\/image\\\/\"},\"sameAs\":[\"http:\\\/\\\/www.facebook.com\\\/TeatreCondal\",\"https:\\\/\\\/x.com\\\/Teatre_Condal\",\"http:\\\/\\\/instagram.com\\\/teatre_condal\",\"http:\\\/\\\/www.youtube.com\\\/user\\\/TeatreCondal\"]}]}<\/script>\n<!-- \/ Yoast SEO plugin. -->","yoast_head_json":{"title":"Alan - Teatre Condal","robots":{"index":"index","follow":"follow","max-snippet":"max-snippet:-1","max-image-preview":"max-image-preview:large","max-video-preview":"max-video-preview:-1"},"canonical":"https:\/\/www.teatrecondal.cat\/ca\/ex\/alan\/","schema":{"@context":"https:\/\/schema.org","@graph":[{"@type":"WebPage","@id":"https:\/\/www.teatrecondal.cat\/ca\/ex\/alan\/","url":"https:\/\/www.teatrecondal.cat\/ca\/ex\/alan\/","name":"Alan - Teatre Condal","isPartOf":{"@id":"https:\/\/www.teatrecondal.cat\/ca\/#website"},"datePublished":"2023-08-16T08:35:36+00:00","dateModified":"2023-11-08T12:39:04+00:00","breadcrumb":{"@id":"https:\/\/www.teatrecondal.cat\/ca\/ex\/alan\/#breadcrumb"},"inLanguage":"ca","potentialAction":[{"@type":"ReadAction","target":["https:\/\/www.teatrecondal.cat\/ca\/ex\/alan\/"]}]},{"@type":"BreadcrumbList","@id":"https:\/\/www.teatrecondal.cat\/ca\/ex\/alan\/#breadcrumb","itemListElement":[{"@type":"ListItem","position":1,"name":"Inici","item":"https:\/\/www.teatrecondal.cat\/ca\/"},{"@type":"ListItem","position":2,"name":"Espectacles","item":"https:\/\/www.teatrecondal.cat\/ca\/ex\/"},{"@type":"ListItem","position":3,"name":"Alan"}]},{"@type":"WebSite","@id":"https:\/\/www.teatrecondal.cat\/ca\/#website","url":"https:\/\/www.teatrecondal.cat\/ca\/","name":"Teatre Condal","description":"","publisher":{"@id":"https:\/\/www.teatrecondal.cat\/ca\/#organization"},"potentialAction":[{"@type":"SearchAction","target":{"@type":"EntryPoint","urlTemplate":"https:\/\/www.teatrecondal.cat\/ca\/?s={search_term_string}"},"query-input":{"@type":"PropertyValueSpecification","valueRequired":true,"valueName":"search_term_string"}}],"inLanguage":"ca"},{"@type":"Organization","@id":"https:\/\/www.teatrecondal.cat\/ca\/#organization","name":"Teatre Condal","url":"https:\/\/www.teatrecondal.cat\/ca\/","logo":{"@type":"ImageObject","inLanguage":"ca","@id":"https:\/\/www.teatrecondal.cat\/ca\/#\/schema\/logo\/image\/","url":"https:\/\/www.teatrecondal.cat\/wp-content\/uploads\/sites\/3\/2017\/09\/teatre-condal-logo.svg","contentUrl":"https:\/\/www.teatrecondal.cat\/wp-content\/uploads\/sites\/3\/2017\/09\/teatre-condal-logo.svg","width":1,"height":1,"caption":"Teatre Condal"},"image":{"@id":"https:\/\/www.teatrecondal.cat\/ca\/#\/schema\/logo\/image\/"},"sameAs":["http:\/\/www.facebook.com\/TeatreCondal","https:\/\/x.com\/Teatre_Condal","http:\/\/instagram.com\/teatre_condal","http:\/\/www.youtube.com\/user\/TeatreCondal"]}]}},"translations":[{"id":4710,"locale":"ca"},{"id":4712,"locale":"es"}],"_links":{"self":[{"href":"https:\/\/www.teatrecondal.cat\/ca\/wp-json\/wp\/v2\/ex\/4710","targetHints":{"allow":["GET"]}}],"collection":[{"href":"https:\/\/www.teatrecondal.cat\/ca\/wp-json\/wp\/v2\/ex"}],"about":[{"href":"https:\/\/www.teatrecondal.cat\/ca\/wp-json\/wp\/v2\/types\/ex"}],"author":[{"embeddable":true,"href":"https:\/\/www.teatrecondal.cat\/ca\/wp-json\/wp\/v2\/users\/2"}],"replies":[{"embeddable":true,"href":"https:\/\/www.teatrecondal.cat\/ca\/wp-json\/wp\/v2\/comments?post=4710"}],"acf:term":[{"embeddable":true,"taxonomy":"season","href":"https:\/\/www.teatrecondal.cat\/ca\/wp-json\/wp\/v2\/season\/92"}],"wp:attachment":[{"href":"https:\/\/www.teatrecondal.cat\/ca\/wp-json\/wp\/v2\/media?parent=4710"}],"curies":[{"name":"wp","href":"https:\/\/api.w.org\/{rel}","templated":true}]}}

Mi:&nbsp;(Entra al final de la cançó i se’l mira) <br />&nbsp;&nbsp;&nbsp;&nbsp;&nbsp; &nbsp;Uau! M’encanta!<br />A: &nbsp;Segur?<br />Mi:&nbsp;Seguríssim<br />A: &nbsp;No sé si podré<br />Mi: &nbsp;Clar que sí. Nosaltres sempre hem sigut capaços de tot, no? T’ha vist la mama ja?<br />A: &nbsp;No<br />Mi: &nbsp;Tens por?<br />A: &nbsp;De la mama?<br />Mi: &nbsp;No. Del teu primer dia<br />A: &nbsp;Nosaltres no tenim mai por.<br />

Espectacle en català

Les construccions socials i culturals marcades per la societat, la medicina, la família... no sempre encaixen amb les arrels que realment tenim; aquelles que ens identifiquen i que ens fan existir i ser qui som.

<p>Dramatúrgia: <strong>Mar Puig i Mateu Peramiquel</strong><br />Text: <strong>Mar Puig<br /></strong>Composició musical, lletres i arranjament: <strong>Mateu Peramiquel<br /></strong>Direcció escènica: <strong>Mar Puig i Cisco Cruz<br /></strong>Direcció musical: <strong>Mateu Peramiquel</strong></p>
<p>Intèrprets: <strong>Ander Mataró, Patricia Paisal, Vinyet Morral, Cisco Cruz</strong></p>
<p>Música en directe: <strong>Mateu Peramiquel i Danko Compta</strong></p>
<p>Disseny i construcció d’escenografia: <strong>Albert Ventura</strong><br />Disseny d’il·luminació: <strong>Jordi Berch i Adrià Gómez<br /></strong>Disseny sonor: <strong>Carles Bernal</strong></p>
<p>Producció musical: <strong>Fede Larocca i Mateu Peramiquel<br /></strong>Cap tècnic del teatre: <strong>Jordi Ballbé</strong><br />&nbsp;<br />Màrqueting i comunicació: <strong>Focus<br /></strong>Comunicació i premsa: <strong>Aina Font i Torra (WeColorMusic)<br /></strong>Disseny fotogràfic i fotografia: <strong>Sergi Panizo<br /></strong>Disseny gràfic:<strong> Santi&Kco</strong><br />&nbsp;<br />És una producció de <strong>WeColorMusic</strong></p>

Alan, un espectacle la història d'una persona valenta al Teatre Condal de Barcelona.

[{"localizer":"V3SLIDE","url":"media/ftgalslide/v3/3163E/01_086_00055596/4_Escena-geronimo-obra-alan-el-musical.jpg","thumb_url":"media/ftgalslide/v3/3163E/01_086_00055596/4_Escena-geronimo-obra-alan-el-musical_thumb.jpg","title":"Alan - Teatre Condal","description":"alan al teatre condal de barcelona","copyright":"","order":2},{"localizer":"V3SLIDE","url":"media/ftgalslide/v3/3163E/01_086_00055597/1_foto-Selfie-escena-obra-alan-el-musical.jpg","thumb_url":"media/ftgalslide/v3/3163E/01_086_00055597/1_foto-Selfie-escena-obra-alan-el-musical_thumb.jpg","title":"Alan - Teatre Condal","description":"alan al teatre condal de barcelona","copyright":"","order":3},{"localizer":"V3PORTADAWIDE","url":"media/ver/port/v3wide/3163E/01_088_00055598/PORTADA_0-Alan-teatre-condal.jpg","thumb_url":"media/ver/port/v3wide/3163E/01_088_00055598/PORTADA_0-Alan-teatre-condal_thumb.jpg","title":"Alan - Teatre Condal","description":"alan al teatre condal de barcelona","copyright":"","order":4},{"localizer":"V3PORTADA","url":"media/ver/port/v3/3163E/01_084_00055599/PORTADA_1-Alan-teatre-condal.jpg","thumb_url":"media/ver/port/v3/3163E/01_084_00055599/PORTADA_1-Alan-teatre-condal_thumb.jpg","title":"Alan - Teatre Condal","description":"alan al teatre condal de barcelona","copyright":"","order":5},{"localizer":"V3CARTELL","url":"media/ver/cartell/v3/3163E/01_085_00055600/Cartell-web-Alan-teatre-condal.jpg","thumb_url":"media/ver/cartell/v3/3163E/01_085_00055600/Cartell-web-Alan-teatre-condal_thumb.jpg","title":"Alan - Teatre Condal","description":"alan al teatre condal de barcelona","copyright":"","order":6},{"localizer":"V4PORTADA","url":"media/ver/port/v4/31641/01_090_00056064/portada-1-nova.jpg","thumb_url":"","title":"Alan - Teatre Condal","description":"alan al teatre condal de barcelona","copyright":"","order":9},{"localizer":"V4CARTELL","url":"media/ver/cartell/v4/31641/01_089_00056066/Cartell-webnovaai.jpg","thumb_url":"","title":"Alan - Teatre Condal","description":"alan al teatre condal de barcelona","copyright":"","order":10},{"localizer":"V4PORTADAWIDE","url":"media/ver/port/wide/v4/31647/01_091_00056884/alan-PORTADA-0nova.jpg","thumb_url":"","title":"ÚLTIMES FUNCIONS - Alan","description":"ultimes funcions alan","copyright":"","order":11},{"localizer":"V4PORTADAWIDEMOBILE","url":"media/ver/port/wide/mobile/v4/31647/01_092_00056885/_alan-portada-mobile.jpg","thumb_url":"","title":"ÚLTIMES FUNCIONS - ALAN","description":"ultimes funcions alan","copyright":"","order":12}]
