{"id":3840,"date":"2023-01-04T10:34:35","date_gmt":"2023-01-04T09:34:35","guid":{"rendered":"https:\/\/pre.teatrecondal.cat\/ex\/\/ate-risa-como-puedas\/"},"modified":"2023-01-04T10:34:35","modified_gmt":"2023-01-04T09:34:35","slug":"ate-risa-como-puedas","status":"publish","type":"ex","link":"https:\/\/www.teatrecondal.cat\/ca\/ex\/ate-risa-como-puedas\/","title":{"rendered":"ATE-RISA como puedas"},"content":{"rendered":"","protected":false},"excerpt":{"rendered":"","protected":false},"author":2,"featured_media":0,"comment_status":"closed","ping_status":"open","template":"","class_list":["post-3840","ex","type-ex","status-publish","hentry","season-2022-23"],"acf":{"txt_synopsis":"Ate-RISA como puedas \u00e9s el nou xou de l'humorista Jorge Bola\u00f1os. En la nova aposta, Bola\u00f1os conjuga an\u00e8cdotes de la seva vida quotidiana i en parella, amb escenes d'improvisaci\u00f3 i m\u00fasica en directe, creant un escenari rocambolesc i singular. Un espectacle en qu\u00e8 el riure \u00e9s el principal protagonista.","main_buy_link":"https:\/\/proticketing.com\/teatrecondal\/ca_ES\/entradas\/evento\/27489","main_buy_links":"[\"https:\/\/proticketing.com\/teatrecondal\/ca_ES\/entradas\/evento\/27489\"]","group_buy_link":"","show_language":"Espectacle en castell\u00e0","show_duration":"70","show_start_date":"20230225000000","show_end_date":"20230225000000","show_sort_date":"20230225000000","txt_custom_show_dates":"el 25 de febrer de 2023","show_disciplines":"7","show_ultimes_funcions":false,"hide_tarifes_especials":false,"show_properament":false,"txt_additional_info":"","txt_present":"","show_season":[41],"txt_season":"[\"2022\/23\"]","txt_cycle":"","txt_claim":"Ate-RISA como puedas \u00e9s el nou xou de l'humorista Jorge Bola\u00f1os.","txt_cast_excerpt":"","txt_cast":"<p>Autoria i direcci\u00f3: <strong>Jorge Bola\u00f1os<\/strong><\/p>\n<p>Int\u00e8rpret:<strong> Jorge Bola\u00f1os<\/strong><\/p>\n<p>Producci\u00f3 executiva: <strong>La Barriga Producciones<br \/><\/strong>Productor:<strong> Sergio Torres<br \/><\/strong>Direcci\u00f3 t\u00e8cnica: <strong>Jorge Bola\u00f1os<br \/><\/strong>Coordinaci\u00f3 t\u00e8cnica: <strong>Eduardo Do\u00f1ate<\/strong><\/p>\n<p>Cap t\u00e8cnic del teatre: <strong>Jordi Ballb\u00e9<br \/><\/strong>&nbsp;<br \/>M\u00e0rqueting i comunicaci\u00f3: <strong>La Barriga Producciones<br \/><\/strong>Disseny imatge: <strong>Rebeca Reyes<br \/><\/strong>Disseny gr\u00e0fic: <strong>Eduardo Cabrera<\/strong><\/p>\n<p>\u00c9s una producci\u00f3 de <strong>La Barriga Producciones<br \/><\/strong>&nbsp;<br \/>Distribuci\u00f3: <strong>La Barriga Producciones<\/strong><\/p>","txt_reviews":"","hashtag":"Ate_RISA","have_promo":"","slogan":"","id_exhibicio":1984,"id_versio":1582,"id_local":3,"txt_seo_desc":"ATE-RISA como puedas \u00e9s un mon\u00f2leg de Jorge Bola\u00f1os que es podr\u00e0 veure al Teatre Condal de Barcelona","data_images":"[{\"localizer\":\"V3PORTADA\",\"url\":\"media\/ver\/port\/v3\/3163D\/01_084_00055484\/Portada-1-ate-risa-teatre-condal.jpg\",\"thumb_url\":\"media\/ver\/port\/v3\/3163D\/01_084_00055484\/Portada-1-ate-risa-teatre-condal_thumb.jpg\",\"title\":\"ATE-RISA como puedas - Teatre Condal\",\"description\":\"ate-risa como puedas al teatre condal de barcelona\",\"copyright\":\"\",\"order\":1},{\"localizer\":\"V3CARTELL\",\"url\":\"media\/ver\/cartell\/v3\/3163D\/01_085_00055485\/Cartell-web-ate-risa-teatre-condal.jpg\",\"thumb_url\":\"media\/ver\/cartell\/v3\/3163D\/01_085_00055485\/Cartell-web-ate-risa-teatre-condal_thumb.jpg\",\"title\":\"ATE-RISA como puedas - Teatre Condal\",\"description\":\"ate-risa como puedas al teatre condal de barcelona\",\"copyright\":\"\",\"order\":2}]","material__texto_intro":"","data_material":null,"data_gallery":"","data_discounts":"[]","contract_is_open":false,"in_tour":false},"yoast_head":"<!-- This site is optimized with the Yoast SEO plugin v27.5 - https:\/\/yoast.com\/product\/yoast-seo-wordpress\/ -->\n<title>ATE-RISA como puedas - Teatre Condal<\/title>\n<meta name=\"robots\" content=\"index, follow, max-snippet:-1, max-image-preview:large, max-video-preview:-1\" \/>\n<link rel=\"canonical\" href=\"https:\/\/www.teatrecondal.cat\/ca\/ex\/ate-risa-como-puedas\/\" \/>\n<script type=\"application\/ld+json\" class=\"yoast-schema-graph\">{\"@context\":\"https:\\\/\\\/schema.org\",\"@graph\":[{\"@type\":\"WebPage\",\"@id\":\"https:\\\/\\\/www.teatrecondal.cat\\\/ca\\\/ex\\\/ate-risa-como-puedas\\\/\",\"url\":\"https:\\\/\\\/www.teatrecondal.cat\\\/ca\\\/ex\\\/ate-risa-como-puedas\\\/\",\"name\":\"ATE-RISA como puedas - Teatre Condal\",\"isPartOf\":{\"@id\":\"https:\\\/\\\/www.teatrecondal.cat\\\/ca\\\/#website\"},\"datePublished\":\"2023-01-04T09:34:35+00:00\",\"breadcrumb\":{\"@id\":\"https:\\\/\\\/www.teatrecondal.cat\\\/ca\\\/ex\\\/ate-risa-como-puedas\\\/#breadcrumb\"},\"inLanguage\":\"ca\",\"potentialAction\":[{\"@type\":\"ReadAction\",\"target\":[\"https:\\\/\\\/www.teatrecondal.cat\\\/ca\\\/ex\\\/ate-risa-como-puedas\\\/\"]}]},{\"@type\":\"BreadcrumbList\",\"@id\":\"https:\\\/\\\/www.teatrecondal.cat\\\/ca\\\/ex\\\/ate-risa-como-puedas\\\/#breadcrumb\",\"itemListElement\":[{\"@type\":\"ListItem\",\"position\":1,\"name\":\"Inici\",\"item\":\"https:\\\/\\\/www.teatrecondal.cat\\\/ca\\\/\"},{\"@type\":\"ListItem\",\"position\":2,\"name\":\"Espectacles\",\"item\":\"https:\\\/\\\/www.teatrecondal.cat\\\/ca\\\/ex\\\/\"},{\"@type\":\"ListItem\",\"position\":3,\"name\":\"ATE-RISA como puedas\"}]},{\"@type\":\"WebSite\",\"@id\":\"https:\\\/\\\/www.teatrecondal.cat\\\/ca\\\/#website\",\"url\":\"https:\\\/\\\/www.teatrecondal.cat\\\/ca\\\/\",\"name\":\"Teatre Condal\",\"description\":\"\",\"publisher\":{\"@id\":\"https:\\\/\\\/www.teatrecondal.cat\\\/ca\\\/#organization\"},\"potentialAction\":[{\"@type\":\"SearchAction\",\"target\":{\"@type\":\"EntryPoint\",\"urlTemplate\":\"https:\\\/\\\/www.teatrecondal.cat\\\/ca\\\/?s={search_term_string}\"},\"query-input\":{\"@type\":\"PropertyValueSpecification\",\"valueRequired\":true,\"valueName\":\"search_term_string\"}}],\"inLanguage\":\"ca\"},{\"@type\":\"Organization\",\"@id\":\"https:\\\/\\\/www.teatrecondal.cat\\\/ca\\\/#organization\",\"name\":\"Teatre Condal\",\"url\":\"https:\\\/\\\/www.teatrecondal.cat\\\/ca\\\/\",\"logo\":{\"@type\":\"ImageObject\",\"inLanguage\":\"ca\",\"@id\":\"https:\\\/\\\/www.teatrecondal.cat\\\/ca\\\/#\\\/schema\\\/logo\\\/image\\\/\",\"url\":\"https:\\\/\\\/www.teatrecondal.cat\\\/wp-content\\\/uploads\\\/sites\\\/3\\\/2017\\\/09\\\/teatre-condal-logo.svg\",\"contentUrl\":\"https:\\\/\\\/www.teatrecondal.cat\\\/wp-content\\\/uploads\\\/sites\\\/3\\\/2017\\\/09\\\/teatre-condal-logo.svg\",\"width\":1,\"height\":1,\"caption\":\"Teatre Condal\"},\"image\":{\"@id\":\"https:\\\/\\\/www.teatrecondal.cat\\\/ca\\\/#\\\/schema\\\/logo\\\/image\\\/\"},\"sameAs\":[\"http:\\\/\\\/www.facebook.com\\\/TeatreCondal\",\"https:\\\/\\\/x.com\\\/Teatre_Condal\",\"http:\\\/\\\/instagram.com\\\/teatre_condal\",\"http:\\\/\\\/www.youtube.com\\\/user\\\/TeatreCondal\"]}]}<\/script>\n<!-- \/ Yoast SEO plugin. -->","yoast_head_json":{"title":"ATE-RISA como puedas - Teatre Condal","robots":{"index":"index","follow":"follow","max-snippet":"max-snippet:-1","max-image-preview":"max-image-preview:large","max-video-preview":"max-video-preview:-1"},"canonical":"https:\/\/www.teatrecondal.cat\/ca\/ex\/ate-risa-como-puedas\/","schema":{"@context":"https:\/\/schema.org","@graph":[{"@type":"WebPage","@id":"https:\/\/www.teatrecondal.cat\/ca\/ex\/ate-risa-como-puedas\/","url":"https:\/\/www.teatrecondal.cat\/ca\/ex\/ate-risa-como-puedas\/","name":"ATE-RISA como puedas - Teatre Condal","isPartOf":{"@id":"https:\/\/www.teatrecondal.cat\/ca\/#website"},"datePublished":"2023-01-04T09:34:35+00:00","breadcrumb":{"@id":"https:\/\/www.teatrecondal.cat\/ca\/ex\/ate-risa-como-puedas\/#breadcrumb"},"inLanguage":"ca","potentialAction":[{"@type":"ReadAction","target":["https:\/\/www.teatrecondal.cat\/ca\/ex\/ate-risa-como-puedas\/"]}]},{"@type":"BreadcrumbList","@id":"https:\/\/www.teatrecondal.cat\/ca\/ex\/ate-risa-como-puedas\/#breadcrumb","itemListElement":[{"@type":"ListItem","position":1,"name":"Inici","item":"https:\/\/www.teatrecondal.cat\/ca\/"},{"@type":"ListItem","position":2,"name":"Espectacles","item":"https:\/\/www.teatrecondal.cat\/ca\/ex\/"},{"@type":"ListItem","position":3,"name":"ATE-RISA como puedas"}]},{"@type":"WebSite","@id":"https:\/\/www.teatrecondal.cat\/ca\/#website","url":"https:\/\/www.teatrecondal.cat\/ca\/","name":"Teatre Condal","description":"","publisher":{"@id":"https:\/\/www.teatrecondal.cat\/ca\/#organization"},"potentialAction":[{"@type":"SearchAction","target":{"@type":"EntryPoint","urlTemplate":"https:\/\/www.teatrecondal.cat\/ca\/?s={search_term_string}"},"query-input":{"@type":"PropertyValueSpecification","valueRequired":true,"valueName":"search_term_string"}}],"inLanguage":"ca"},{"@type":"Organization","@id":"https:\/\/www.teatrecondal.cat\/ca\/#organization","name":"Teatre Condal","url":"https:\/\/www.teatrecondal.cat\/ca\/","logo":{"@type":"ImageObject","inLanguage":"ca","@id":"https:\/\/www.teatrecondal.cat\/ca\/#\/schema\/logo\/image\/","url":"https:\/\/www.teatrecondal.cat\/wp-content\/uploads\/sites\/3\/2017\/09\/teatre-condal-logo.svg","contentUrl":"https:\/\/www.teatrecondal.cat\/wp-content\/uploads\/sites\/3\/2017\/09\/teatre-condal-logo.svg","width":1,"height":1,"caption":"Teatre Condal"},"image":{"@id":"https:\/\/www.teatrecondal.cat\/ca\/#\/schema\/logo\/image\/"},"sameAs":["http:\/\/www.facebook.com\/TeatreCondal","https:\/\/x.com\/Teatre_Condal","http:\/\/instagram.com\/teatre_condal","http:\/\/www.youtube.com\/user\/TeatreCondal"]}]}},"translations":[{"id":3840,"locale":"ca"},{"id":4258,"locale":"es"}],"_links":{"self":[{"href":"https:\/\/www.teatrecondal.cat\/ca\/wp-json\/wp\/v2\/ex\/3840","targetHints":{"allow":["GET"]}}],"collection":[{"href":"https:\/\/www.teatrecondal.cat\/ca\/wp-json\/wp\/v2\/ex"}],"about":[{"href":"https:\/\/www.teatrecondal.cat\/ca\/wp-json\/wp\/v2\/types\/ex"}],"author":[{"embeddable":true,"href":"https:\/\/www.teatrecondal.cat\/ca\/wp-json\/wp\/v2\/users\/2"}],"replies":[{"embeddable":true,"href":"https:\/\/www.teatrecondal.cat\/ca\/wp-json\/wp\/v2\/comments?post=3840"}],"acf:term":[{"embeddable":true,"taxonomy":"season","href":"https:\/\/www.teatrecondal.cat\/ca\/wp-json\/wp\/v2\/season\/41"}],"wp:attachment":[{"href":"https:\/\/www.teatrecondal.cat\/ca\/wp-json\/wp\/v2\/media?parent=3840"}],"curies":[{"name":"wp","href":"https:\/\/api.w.org\/{rel}","templated":true}]}}

Ate-RISA como puedas és el nou xou de l'humorista Jorge Bolaños. En la nova aposta, Bolaños conjuga anècdotes de la seva vida quotidiana i en parella, amb escenes d'improvisació i música en directe, creant un escenari rocambolesc i singular. Un espectacle en què el riure és el principal protagonista.

Espectacle en castellà

Ate-RISA como puedas és el nou xou de l'humorista Jorge Bolaños.

<p>Autoria i direcció: <strong>Jorge Bolaños</strong></p>
<p>Intèrpret:<strong> Jorge Bolaños</strong></p>
<p>Producció executiva: <strong>La Barriga Producciones<br /></strong>Productor:<strong> Sergio Torres<br /></strong>Direcció tècnica: <strong>Jorge Bolaños<br /></strong>Coordinació tècnica: <strong>Eduardo Doñate</strong></p>
<p>Cap tècnic del teatre: <strong>Jordi Ballbé<br /></strong>&nbsp;<br />Màrqueting i comunicació: <strong>La Barriga Producciones<br /></strong>Disseny imatge: <strong>Rebeca Reyes<br /></strong>Disseny gràfic: <strong>Eduardo Cabrera</strong></p>
<p>És una producció de <strong>La Barriga Producciones<br /></strong>&nbsp;<br />Distribució: <strong>La Barriga Producciones</strong></p>

ATE-RISA como puedas és un monòleg de Jorge Bolaños que es podrà veure al Teatre Condal de Barcelona
