{"id":3836,"date":"2022-11-28T15:03:15","date_gmt":"2022-11-28T14:03:15","guid":{"rendered":"https:\/\/pre.teatrecondal.cat\/ex\/\/akelarre\/"},"modified":"2022-11-28T15:03:15","modified_gmt":"2022-11-28T14:03:15","slug":"akelarre","status":"publish","type":"ex","link":"https:\/\/www.teatrecondal.cat\/ca\/ex\/akelarre\/","title":{"rendered":"Akelarre"},"content":{"rendered":"","protected":false},"excerpt":{"rendered":"","protected":false},"author":2,"featured_media":0,"comment_status":"closed","ping_status":"open","template":"","class_list":["post-3836","ex","type-ex","status-publish","hentry","season-2022-23"],"acf":{"txt_synopsis":"The Feliuettes retornen al cabaret m\u00e9s genu\u00ed, amb m\u00fasica, gamberrisme, reivindicaci\u00f3, com\u00e8dia i autopar\u00f2dia, dirigides per M\u00edriam Escurriola, amb textos de Cl\u00e0udia Ced\u00f3, Cristina Clemente, Xavi Morat\u00f3, Mireia Gir\u00f3, Gerard Ses\u00e9, The Feliuettes i M\u00edriam Escurriola i m\u00fasica de Clara Peya, Arnau Tordera, Ariadna Cabir\u00f3 i Gerard Ses\u00e9. The Feliuettes ens conviden al seu aquelarre, on ens interpel\u00b7len, es pregunten sobre el m\u00f3n que els ha tocat viure i sobre com transformar-lo, sent dones. A trav\u00e9s de l'esperit nascut del cabaret m\u00e9s personal, personatges inesperats posaran en q\u00fcesti\u00f3 situacions quotidianes i no tan quotidianes, deformant-les amb un mirall ple de possibilitats. Humor negre, faula idiota i perversa, el kitsch, l'absurd, l'stand up comedy, l'esperit punk... ingredients en el nostre c\u00f2ctel per parlar amb llibertat i humor.","main_buy_link":"https:\/\/proticketing.com\/teatrecondal\/ca_ES\/entradas\/evento\/27374","main_buy_links":"[\"https:\/\/proticketing.com\/teatrecondal\/ca_ES\/entradas\/evento\/27374\"]","group_buy_link":"","show_language":"Espectacle en catal\u00e0","show_duration":"70","show_start_date":"20230417000000","show_end_date":"20230424000000","show_sort_date":"20230417000000","txt_custom_show_dates":"del 17 al 24 d'abril de 2023","show_disciplines":"11","show_ultimes_funcions":false,"hide_tarifes_especials":false,"show_properament":false,"txt_additional_info":"","txt_present":"","show_season":[41],"txt_season":"[\"2022\/23\"]","txt_cycle":"","txt_claim":"","txt_cast_excerpt":"","txt_cast":"<p>T\u00edtol original: <strong>Akelarre<br \/><\/strong>Idea original: <strong>The Feliuettes<br \/><\/strong>Llibret: <strong>Mireia Gir\u00f3, Xavi Morat\u00f3, Cl\u00e0udia Ced\u00f3, Cristina Clemente, Gerard Ses\u00e9, Laia Alsina Riera, Laura Pau, M\u00edriam Escurriola.<br \/><\/strong>Dramat\u00fargia: <strong>The Feliuettes i M\u00edriam Escurriola<br \/><\/strong>Composici\u00f3 musical: <strong>Ariadna Cabir\u00f3, Arnau Tordera, Clara Peya, Gerard Ses\u00e9.<\/strong><\/p>\n<p>Direcci\u00f3: <strong>M\u00edriam Escurriola<br \/><\/strong>Coreografia: <strong>Anna Roman\u00ed<br \/><\/strong>Direcci\u00f3 Musical: <strong>Gerard Ses\u00e9<\/strong> <br \/>Espai i vestuari: <strong>Maria Monseny i Paula Font<br \/><\/strong>Il\u00b7luminaci\u00f3: <strong>Adri\u00e0 Aubert i M\u00edriam Escurriola<\/strong><\/p>\n<p>Int\u00e8rprets:<strong> Laia Alsina Riera, Anna Herebia, Gerard Ses\u00e9 i Laura Pau. Amb la col\u00b7laboraci\u00f3 especial de Vicky Pe\u00f1a com a Madame Big Lips.<\/strong><\/p>\n<p>Producci\u00f3 executiva: <strong>Marina Marcos<br \/><\/strong>Producci\u00f3: <strong>Montse Farrarons<\/strong><\/p>\n<p>Ajudantia de direcci\u00f3: <strong>N\u00faria Ruiz<\/strong><br \/>Cap t\u00e8cnic del teatre: <strong>Jordi Ballb\u00e9<\/strong><\/p>\n<p>M\u00e0rqueting: <strong>Sem Pons<br \/><\/strong>Premsa i comunicaci\u00f3: <strong>Ester C\u00e1novas<br \/><\/strong>M\u00e0rqueting i comunicaci\u00f3: <strong>Focus <br \/><\/strong>Reportatge fotogr\u00e0fic: <strong>N\u00faria G\u00e0miz<br \/><\/strong>Disseny gr\u00e0fic: <strong>Santi&Kco<\/strong><\/p>\n<p>\u00c9s una producci\u00f3 de <strong>Marina Marcos \u2013 El Mald\u00e0<\/strong><\/p>\n<p>Distribuci\u00f3: <strong>El Mald\u00e0<br \/><\/strong><\/p>","txt_reviews":"","hashtag":"Akelarre","have_promo":"","slogan":"","id_exhibicio":1967,"id_versio":1572,"id_local":3,"txt_seo_desc":"Akelarre, un espectacle sobre cabaret al teatre condal de barcelona","data_images":"[{\"localizer\":\"V3PORTADA\",\"url\":\"media\/ver\/port\/v3\/315E3\/01_084_00055201\/Portada-1-akelarre-teatre-condal.jpg\",\"thumb_url\":\"media\/ver\/port\/v3\/315E3\/01_084_00055201\/Portada-1-akelarre-teatre-condal_thumb.jpg\",\"title\":\"Akelarre - Teatre Condal\",\"description\":\"akelarre al teatre condal de barcelona\",\"copyright\":\"\",\"order\":1},{\"localizer\":\"V3SLIDE\",\"url\":\"media\/ftgalslide\/v3\/315E3\/01_086_00055218\/NL_FOTOS.jpg\",\"thumb_url\":\"media\/ftgalslide\/v3\/315E3\/01_086_00055218\/NL_FOTOS_thumb.jpg\",\"title\":\"Akelarre - Teatre Condal\",\"description\":\"akelarre al teatre condal\",\"copyright\":\"https:\/\/www.youtube.com\/watch?v=U2-e_GR9wxg\",\"order\":2},{\"localizer\":\"V3SLIDE\",\"url\":\"media\/ftgalslide\/v3\/315E3\/01_086_00055217\/FTT06558.JPG\",\"thumb_url\":\"media\/ftgalslide\/v3\/315E3\/01_086_00055217\/FTT06558_thumb.jpg\",\"title\":\"Akelarre - Teatre Condal\",\"description\":\"akelarre al teatre condal\",\"copyright\":\"\",\"order\":3},{\"localizer\":\"V3CARTELL\",\"url\":\"media\/ver\/cartell\/v3\/315E3\/01_085_00055216\/Cartell-web-akelarre-teatre-condal.jpg\",\"thumb_url\":\"media\/ver\/cartell\/v3\/315E3\/01_085_00055216\/Cartell-web-akelarre-teatre-condal_thumb.jpg\",\"title\":\"Akelarre - Teatre Condal\",\"description\":\"akelarre al teatre condal\",\"copyright\":\"\",\"order\":4},{\"localizer\":\"V3SLIDE\",\"url\":\"media\/ftgalslide\/v3\/315E3\/01_086_00055204\/FTT06528.JPG\",\"thumb_url\":\"media\/ftgalslide\/v3\/315E3\/01_086_00055204\/FTT06528_thumb.jpg\",\"title\":\"Akelarre - Teatre Condal\",\"description\":\"akelarre al teatre condal de barcelona\",\"copyright\":\"\",\"order\":4}]","material__texto_intro":"","data_material":null,"data_gallery":"","data_discounts":"[]","contract_is_open":false,"in_tour":false},"yoast_head":"<!-- This site is optimized with the Yoast SEO plugin v27.5 - https:\/\/yoast.com\/product\/yoast-seo-wordpress\/ -->\n<title>Akelarre - Teatre Condal<\/title>\n<meta name=\"robots\" content=\"index, follow, max-snippet:-1, max-image-preview:large, max-video-preview:-1\" \/>\n<link rel=\"canonical\" href=\"https:\/\/www.teatrecondal.cat\/ca\/ex\/akelarre\/\" \/>\n<script type=\"application\/ld+json\" class=\"yoast-schema-graph\">{\"@context\":\"https:\\\/\\\/schema.org\",\"@graph\":[{\"@type\":\"WebPage\",\"@id\":\"https:\\\/\\\/www.teatrecondal.cat\\\/ca\\\/ex\\\/akelarre\\\/\",\"url\":\"https:\\\/\\\/www.teatrecondal.cat\\\/ca\\\/ex\\\/akelarre\\\/\",\"name\":\"Akelarre - Teatre Condal\",\"isPartOf\":{\"@id\":\"https:\\\/\\\/www.teatrecondal.cat\\\/ca\\\/#website\"},\"datePublished\":\"2022-11-28T14:03:15+00:00\",\"breadcrumb\":{\"@id\":\"https:\\\/\\\/www.teatrecondal.cat\\\/ca\\\/ex\\\/akelarre\\\/#breadcrumb\"},\"inLanguage\":\"ca\",\"potentialAction\":[{\"@type\":\"ReadAction\",\"target\":[\"https:\\\/\\\/www.teatrecondal.cat\\\/ca\\\/ex\\\/akelarre\\\/\"]}]},{\"@type\":\"BreadcrumbList\",\"@id\":\"https:\\\/\\\/www.teatrecondal.cat\\\/ca\\\/ex\\\/akelarre\\\/#breadcrumb\",\"itemListElement\":[{\"@type\":\"ListItem\",\"position\":1,\"name\":\"Inici\",\"item\":\"https:\\\/\\\/www.teatrecondal.cat\\\/ca\\\/\"},{\"@type\":\"ListItem\",\"position\":2,\"name\":\"Espectacles\",\"item\":\"https:\\\/\\\/www.teatrecondal.cat\\\/ca\\\/ex\\\/\"},{\"@type\":\"ListItem\",\"position\":3,\"name\":\"Akelarre\"}]},{\"@type\":\"WebSite\",\"@id\":\"https:\\\/\\\/www.teatrecondal.cat\\\/ca\\\/#website\",\"url\":\"https:\\\/\\\/www.teatrecondal.cat\\\/ca\\\/\",\"name\":\"Teatre Condal\",\"description\":\"\",\"publisher\":{\"@id\":\"https:\\\/\\\/www.teatrecondal.cat\\\/ca\\\/#organization\"},\"potentialAction\":[{\"@type\":\"SearchAction\",\"target\":{\"@type\":\"EntryPoint\",\"urlTemplate\":\"https:\\\/\\\/www.teatrecondal.cat\\\/ca\\\/?s={search_term_string}\"},\"query-input\":{\"@type\":\"PropertyValueSpecification\",\"valueRequired\":true,\"valueName\":\"search_term_string\"}}],\"inLanguage\":\"ca\"},{\"@type\":\"Organization\",\"@id\":\"https:\\\/\\\/www.teatrecondal.cat\\\/ca\\\/#organization\",\"name\":\"Teatre Condal\",\"url\":\"https:\\\/\\\/www.teatrecondal.cat\\\/ca\\\/\",\"logo\":{\"@type\":\"ImageObject\",\"inLanguage\":\"ca\",\"@id\":\"https:\\\/\\\/www.teatrecondal.cat\\\/ca\\\/#\\\/schema\\\/logo\\\/image\\\/\",\"url\":\"https:\\\/\\\/www.teatrecondal.cat\\\/wp-content\\\/uploads\\\/sites\\\/3\\\/2017\\\/09\\\/teatre-condal-logo.svg\",\"contentUrl\":\"https:\\\/\\\/www.teatrecondal.cat\\\/wp-content\\\/uploads\\\/sites\\\/3\\\/2017\\\/09\\\/teatre-condal-logo.svg\",\"width\":1,\"height\":1,\"caption\":\"Teatre Condal\"},\"image\":{\"@id\":\"https:\\\/\\\/www.teatrecondal.cat\\\/ca\\\/#\\\/schema\\\/logo\\\/image\\\/\"},\"sameAs\":[\"http:\\\/\\\/www.facebook.com\\\/TeatreCondal\",\"https:\\\/\\\/x.com\\\/Teatre_Condal\",\"http:\\\/\\\/instagram.com\\\/teatre_condal\",\"http:\\\/\\\/www.youtube.com\\\/user\\\/TeatreCondal\"]}]}<\/script>\n<!-- \/ Yoast SEO plugin. -->","yoast_head_json":{"title":"Akelarre - Teatre Condal","robots":{"index":"index","follow":"follow","max-snippet":"max-snippet:-1","max-image-preview":"max-image-preview:large","max-video-preview":"max-video-preview:-1"},"canonical":"https:\/\/www.teatrecondal.cat\/ca\/ex\/akelarre\/","schema":{"@context":"https:\/\/schema.org","@graph":[{"@type":"WebPage","@id":"https:\/\/www.teatrecondal.cat\/ca\/ex\/akelarre\/","url":"https:\/\/www.teatrecondal.cat\/ca\/ex\/akelarre\/","name":"Akelarre - Teatre Condal","isPartOf":{"@id":"https:\/\/www.teatrecondal.cat\/ca\/#website"},"datePublished":"2022-11-28T14:03:15+00:00","breadcrumb":{"@id":"https:\/\/www.teatrecondal.cat\/ca\/ex\/akelarre\/#breadcrumb"},"inLanguage":"ca","potentialAction":[{"@type":"ReadAction","target":["https:\/\/www.teatrecondal.cat\/ca\/ex\/akelarre\/"]}]},{"@type":"BreadcrumbList","@id":"https:\/\/www.teatrecondal.cat\/ca\/ex\/akelarre\/#breadcrumb","itemListElement":[{"@type":"ListItem","position":1,"name":"Inici","item":"https:\/\/www.teatrecondal.cat\/ca\/"},{"@type":"ListItem","position":2,"name":"Espectacles","item":"https:\/\/www.teatrecondal.cat\/ca\/ex\/"},{"@type":"ListItem","position":3,"name":"Akelarre"}]},{"@type":"WebSite","@id":"https:\/\/www.teatrecondal.cat\/ca\/#website","url":"https:\/\/www.teatrecondal.cat\/ca\/","name":"Teatre Condal","description":"","publisher":{"@id":"https:\/\/www.teatrecondal.cat\/ca\/#organization"},"potentialAction":[{"@type":"SearchAction","target":{"@type":"EntryPoint","urlTemplate":"https:\/\/www.teatrecondal.cat\/ca\/?s={search_term_string}"},"query-input":{"@type":"PropertyValueSpecification","valueRequired":true,"valueName":"search_term_string"}}],"inLanguage":"ca"},{"@type":"Organization","@id":"https:\/\/www.teatrecondal.cat\/ca\/#organization","name":"Teatre Condal","url":"https:\/\/www.teatrecondal.cat\/ca\/","logo":{"@type":"ImageObject","inLanguage":"ca","@id":"https:\/\/www.teatrecondal.cat\/ca\/#\/schema\/logo\/image\/","url":"https:\/\/www.teatrecondal.cat\/wp-content\/uploads\/sites\/3\/2017\/09\/teatre-condal-logo.svg","contentUrl":"https:\/\/www.teatrecondal.cat\/wp-content\/uploads\/sites\/3\/2017\/09\/teatre-condal-logo.svg","width":1,"height":1,"caption":"Teatre Condal"},"image":{"@id":"https:\/\/www.teatrecondal.cat\/ca\/#\/schema\/logo\/image\/"},"sameAs":["http:\/\/www.facebook.com\/TeatreCondal","https:\/\/x.com\/Teatre_Condal","http:\/\/instagram.com\/teatre_condal","http:\/\/www.youtube.com\/user\/TeatreCondal"]}]}},"translations":[{"id":3836,"locale":"ca"},{"id":4254,"locale":"es"}],"_links":{"self":[{"href":"https:\/\/www.teatrecondal.cat\/ca\/wp-json\/wp\/v2\/ex\/3836","targetHints":{"allow":["GET"]}}],"collection":[{"href":"https:\/\/www.teatrecondal.cat\/ca\/wp-json\/wp\/v2\/ex"}],"about":[{"href":"https:\/\/www.teatrecondal.cat\/ca\/wp-json\/wp\/v2\/types\/ex"}],"author":[{"embeddable":true,"href":"https:\/\/www.teatrecondal.cat\/ca\/wp-json\/wp\/v2\/users\/2"}],"replies":[{"embeddable":true,"href":"https:\/\/www.teatrecondal.cat\/ca\/wp-json\/wp\/v2\/comments?post=3836"}],"acf:term":[{"embeddable":true,"taxonomy":"season","href":"https:\/\/www.teatrecondal.cat\/ca\/wp-json\/wp\/v2\/season\/41"}],"wp:attachment":[{"href":"https:\/\/www.teatrecondal.cat\/ca\/wp-json\/wp\/v2\/media?parent=3836"}],"curies":[{"name":"wp","href":"https:\/\/api.w.org\/{rel}","templated":true}]}}

The Feliuettes retornen al cabaret més genuí, amb música, gamberrisme, reivindicació, comèdia i autoparòdia, dirigides per Míriam Escurriola, amb textos de Clàudia Cedó, Cristina Clemente, Xavi Morató, Mireia Giró, Gerard Sesé, The Feliuettes i Míriam Escurriola i música de Clara Peya, Arnau Tordera, Ariadna Cabiró i Gerard Sesé. The Feliuettes ens conviden al seu aquelarre, on ens interpel·len, es pregunten sobre el món que els ha tocat viure i sobre com transformar-lo, sent dones. A través de l'esperit nascut del cabaret més personal, personatges inesperats posaran en qüestió situacions quotidianes i no tan quotidianes, deformant-les amb un mirall ple de possibilitats. Humor negre, faula idiota i perversa, el kitsch, l'absurd, l'stand up comedy, l'esperit punk... ingredients en el nostre còctel per parlar amb llibertat i humor.

Espectacle en català

<p>Títol original: <strong>Akelarre<br /></strong>Idea original: <strong>The Feliuettes<br /></strong>Llibret: <strong>Mireia Giró, Xavi Morató, Clàudia Cedó, Cristina Clemente, Gerard Sesé, Laia Alsina Riera, Laura Pau, Míriam Escurriola.<br /></strong>Dramatúrgia: <strong>The Feliuettes i Míriam Escurriola<br /></strong>Composició musical: <strong>Ariadna Cabiró, Arnau Tordera, Clara Peya, Gerard Sesé.</strong></p>
<p>Direcció: <strong>Míriam Escurriola<br /></strong>Coreografia: <strong>Anna Romaní<br /></strong>Direcció Musical: <strong>Gerard Sesé</strong> <br />Espai i vestuari: <strong>Maria Monseny i Paula Font<br /></strong>Il·luminació: <strong>Adrià Aubert i Míriam Escurriola</strong></p>
<p>Intèrprets:<strong> Laia Alsina Riera, Anna Herebia, Gerard Sesé i Laura Pau. Amb la col·laboració especial de Vicky Peña com a Madame Big Lips.</strong></p>
<p>Producció executiva: <strong>Marina Marcos<br /></strong>Producció: <strong>Montse Farrarons</strong></p>
<p>Ajudantia de direcció: <strong>Núria Ruiz</strong><br />Cap tècnic del teatre: <strong>Jordi Ballbé</strong></p>
<p>Màrqueting: <strong>Sem Pons<br /></strong>Premsa i comunicació: <strong>Ester Cánovas<br /></strong>Màrqueting i comunicació: <strong>Focus <br /></strong>Reportatge fotogràfic: <strong>Núria Gàmiz<br /></strong>Disseny gràfic: <strong>Santi&Kco</strong></p>
<p>És una producció de <strong>Marina Marcos – El Maldà</strong></p>
<p>Distribució: <strong>El Maldà<br /></strong></p>
