{"id":3815,"date":"2021-12-13T15:13:07","date_gmt":"2021-12-13T14:13:07","guid":{"rendered":"https:\/\/pre.teatrecondal.cat\/ex\/\/arnau-tordera-i-presenta-el-joglar\/"},"modified":"2021-12-13T15:13:07","modified_gmt":"2021-12-13T14:13:07","slug":"arnau-tordera-i-presenta-el-joglar","status":"publish","type":"ex","link":"https:\/\/www.teatrecondal.cat\/ca\/ex\/arnau-tordera-i-presenta-el-joglar\/","title":{"rendered":"Arnau Tordera I presenta El Joglar"},"content":{"rendered":"","protected":false},"excerpt":{"rendered":"","protected":false},"author":2,"featured_media":0,"comment_status":"closed","ping_status":"open","template":"","class_list":["post-3815","ex","type-ex","status-publish","hentry","season-2021-22"],"acf":{"txt_synopsis":"<p>Durant els segles XII i XIII els joglars eren els encarregats d\u2019interpretar les obres que escrivien els trobadors. Recorrien les diverses corts, places i palaus dels regnes per cantar-hi els versos de les composicions \u00e8piques i l\u00edriques m\u00e9s aclamades dels seus temps. <\/p>\n<p>El 2022 commemorem 120 anys de la mort de Jacint Verdaguer i Arnau Tordera I s\u2019ha proposat de fer reviure aquest format als nostres dies per tal d\u2019homenatjar l\u2019efem\u00e8ride.<\/p>\n<p>Si Verdaguer \u2013 cim de la poesia i la llengua catalana \u2013 \u00e9s el trobador, ell ser\u00e0 el joglar que difongui els seus versos submergint-se en el seu projecte m\u00e9s auster, m\u00e9s intimista i genu\u00ed. Amb l\u2019\u00fanic acompanyament de la veu i la guitarra cl\u00e0ssica interpretar\u00e0 \u00edntegrament l\u2019obra \u201cVerdaguer, ombres i maduixes\u201d que OBESES va publicar l\u2019any 2017. Un gir absolut de la partitura amb un nou arranjament complet que cercar\u00e0 l\u2019ess\u00e8ncia de la trobada entre m\u00fasica i poesia. <br \/>Totes les peces de l\u2019obra, tots els personatges i tots els versos de Verdaguer quedaran conjugats en el cant del Joglar que rescatar\u00e0 de l\u2019oblit aquesta forma arcaica&nbsp; i preciosa d\u2019explicar hist\u00f2ries. <br \/><\/p>","main_buy_link":"https:\/\/grupfocus.4tickets.es\/TeatreCondal\/public\/janto\/?Nivel=Evento&idEvento=CON156&Idioma=CA","main_buy_links":"","group_buy_link":"","show_language":"Espectacle en catal\u00e0","show_duration":"90","show_start_date":"20220411000000","show_end_date":"20220411000000","show_sort_date":"20220411000000","txt_custom_show_dates":"l'11 d'abril de 2022","show_disciplines":"","show_ultimes_funcions":false,"hide_tarifes_especials":false,"show_properament":false,"txt_additional_info":"","txt_present":"","show_season":[40],"txt_season":"[\"2021\/22\"]","txt_cycle":"","txt_claim":"","txt_cast_excerpt":"","txt_cast":"<p>Director: <strong>Arnau Tordera I<\/strong><br \/>Lletra <strong>Jacint Verdaguer<\/strong>, m\u00fasica <strong>Arnau Tordera I<\/strong><\/p>\n<p>Int\u00e8rpret: <strong>Arnau Tordera I<\/strong><\/p>\n<p>Producci\u00f3 executiva: <strong>Sente Fontestad<\/strong><\/p>\n<p>Reportatge fotogr\u00e0fic: <strong>Jordi Galderic<br \/><\/strong>Disseny gr\u00e0fic: <strong>Arnau Tordera I<\/strong><br \/>&nbsp;<br \/>\u00c9s una producci\u00f3 de <strong>Im\u00e9s Management<\/strong><\/p>","txt_reviews":"","hashtag":"ElJoglar","have_promo":"","slogan":"","id_exhibicio":1881,"id_versio":1503,"id_local":3,"txt_seo_desc":"Arnau Tordera, compositor i cantant del grup catal\u00e0 Obeses presenta al Teatre Condal de Barcelona un homenatge als 120 anys de la mort de Jacint Verdaguer.","data_images":"[{\"localizer\":\"V3PORTADA\",\"url\":\"media\/ver\/port\/v3\/31580\/01_084_00052566\/1-arnau-tordera-el-joglar-teatre-condal.jpg\",\"thumb_url\":\"media\/ver\/port\/v3\/31580\/01_084_00052566\/1-arnau-tordera-el-joglar-teatre-condal_thumb.jpg\",\"title\":\"Arnau Tordera I presenta El Joglar\",\"description\":\"arnau tordera 1 presenta el joglar al teatre condal de barcelona\",\"copyright\":\"\",\"order\":1},{\"localizer\":\"V3CARTELL\",\"url\":\"media\/ver\/cartell\/v3\/31580\/01_085_00052586\/cartell-web-arnau-tordera-el-joglar-teatre-condal.jpg\",\"thumb_url\":\"media\/ver\/cartell\/v3\/31580\/01_085_00052586\/cartell-web-arnau-tordera-el-joglar-teatre-condal_thumb.jpg\",\"title\":\"Arnau Tordera I presenta el Joglar - Teatre Condal\",\"description\":\"arnau tordera 1 presenta el joglar al teatre condal de barcelona\",\"copyright\":\"\",\"order\":2},{\"localizer\":\"V3SLIDE\",\"url\":\"media\/ftgalslide\/v3\/315DA\/01_086_00053081\/ARNAU-TORDERA-I_EL-JOGLAR_OSONA_ALTA-RESOLUCIO_JORDI-GALDERIC_C2_3923.JPG\",\"thumb_url\":\"media\/ftgalslide\/v3\/315DA\/01_086_00053081\/ARNAU-TORDERA-I_EL-JOGLAR_OSONA_ALTA-RESOLUCIO_JORDI-GALDERIC_C2_3923_thumb.jpg\",\"title\":\"Arnau Tordera - Teatre Condal\",\"description\":\"arnau tordera al teatre condal de barcelona\",\"copyright\":\"\",\"order\":4}]","material__texto_intro":"","data_material":null,"data_gallery":"","data_discounts":"[]","contract_is_open":false,"in_tour":false},"yoast_head":"<!-- This site is optimized with the Yoast SEO plugin v27.5 - https:\/\/yoast.com\/product\/yoast-seo-wordpress\/ -->\n<title>Arnau Tordera I presenta El Joglar - Teatre Condal<\/title>\n<meta name=\"robots\" content=\"index, follow, max-snippet:-1, max-image-preview:large, max-video-preview:-1\" \/>\n<link rel=\"canonical\" href=\"https:\/\/www.teatrecondal.cat\/ca\/ex\/arnau-tordera-i-presenta-el-joglar\/\" \/>\n<script type=\"application\/ld+json\" class=\"yoast-schema-graph\">{\"@context\":\"https:\\\/\\\/schema.org\",\"@graph\":[{\"@type\":\"WebPage\",\"@id\":\"https:\\\/\\\/www.teatrecondal.cat\\\/ca\\\/ex\\\/arnau-tordera-i-presenta-el-joglar\\\/\",\"url\":\"https:\\\/\\\/www.teatrecondal.cat\\\/ca\\\/ex\\\/arnau-tordera-i-presenta-el-joglar\\\/\",\"name\":\"Arnau Tordera I presenta El Joglar - Teatre Condal\",\"isPartOf\":{\"@id\":\"https:\\\/\\\/www.teatrecondal.cat\\\/ca\\\/#website\"},\"datePublished\":\"2021-12-13T14:13:07+00:00\",\"breadcrumb\":{\"@id\":\"https:\\\/\\\/www.teatrecondal.cat\\\/ca\\\/ex\\\/arnau-tordera-i-presenta-el-joglar\\\/#breadcrumb\"},\"inLanguage\":\"ca\",\"potentialAction\":[{\"@type\":\"ReadAction\",\"target\":[\"https:\\\/\\\/www.teatrecondal.cat\\\/ca\\\/ex\\\/arnau-tordera-i-presenta-el-joglar\\\/\"]}]},{\"@type\":\"BreadcrumbList\",\"@id\":\"https:\\\/\\\/www.teatrecondal.cat\\\/ca\\\/ex\\\/arnau-tordera-i-presenta-el-joglar\\\/#breadcrumb\",\"itemListElement\":[{\"@type\":\"ListItem\",\"position\":1,\"name\":\"Inici\",\"item\":\"https:\\\/\\\/www.teatrecondal.cat\\\/ca\\\/\"},{\"@type\":\"ListItem\",\"position\":2,\"name\":\"Espectacles\",\"item\":\"https:\\\/\\\/www.teatrecondal.cat\\\/ca\\\/ex\\\/\"},{\"@type\":\"ListItem\",\"position\":3,\"name\":\"Arnau Tordera I presenta El Joglar\"}]},{\"@type\":\"WebSite\",\"@id\":\"https:\\\/\\\/www.teatrecondal.cat\\\/ca\\\/#website\",\"url\":\"https:\\\/\\\/www.teatrecondal.cat\\\/ca\\\/\",\"name\":\"Teatre Condal\",\"description\":\"\",\"publisher\":{\"@id\":\"https:\\\/\\\/www.teatrecondal.cat\\\/ca\\\/#organization\"},\"potentialAction\":[{\"@type\":\"SearchAction\",\"target\":{\"@type\":\"EntryPoint\",\"urlTemplate\":\"https:\\\/\\\/www.teatrecondal.cat\\\/ca\\\/?s={search_term_string}\"},\"query-input\":{\"@type\":\"PropertyValueSpecification\",\"valueRequired\":true,\"valueName\":\"search_term_string\"}}],\"inLanguage\":\"ca\"},{\"@type\":\"Organization\",\"@id\":\"https:\\\/\\\/www.teatrecondal.cat\\\/ca\\\/#organization\",\"name\":\"Teatre Condal\",\"url\":\"https:\\\/\\\/www.teatrecondal.cat\\\/ca\\\/\",\"logo\":{\"@type\":\"ImageObject\",\"inLanguage\":\"ca\",\"@id\":\"https:\\\/\\\/www.teatrecondal.cat\\\/ca\\\/#\\\/schema\\\/logo\\\/image\\\/\",\"url\":\"https:\\\/\\\/www.teatrecondal.cat\\\/wp-content\\\/uploads\\\/sites\\\/3\\\/2017\\\/09\\\/teatre-condal-logo.svg\",\"contentUrl\":\"https:\\\/\\\/www.teatrecondal.cat\\\/wp-content\\\/uploads\\\/sites\\\/3\\\/2017\\\/09\\\/teatre-condal-logo.svg\",\"width\":1,\"height\":1,\"caption\":\"Teatre Condal\"},\"image\":{\"@id\":\"https:\\\/\\\/www.teatrecondal.cat\\\/ca\\\/#\\\/schema\\\/logo\\\/image\\\/\"},\"sameAs\":[\"http:\\\/\\\/www.facebook.com\\\/TeatreCondal\",\"https:\\\/\\\/x.com\\\/Teatre_Condal\",\"http:\\\/\\\/instagram.com\\\/teatre_condal\",\"http:\\\/\\\/www.youtube.com\\\/user\\\/TeatreCondal\"]}]}<\/script>\n<!-- \/ Yoast SEO plugin. -->","yoast_head_json":{"title":"Arnau Tordera I presenta El Joglar - Teatre Condal","robots":{"index":"index","follow":"follow","max-snippet":"max-snippet:-1","max-image-preview":"max-image-preview:large","max-video-preview":"max-video-preview:-1"},"canonical":"https:\/\/www.teatrecondal.cat\/ca\/ex\/arnau-tordera-i-presenta-el-joglar\/","schema":{"@context":"https:\/\/schema.org","@graph":[{"@type":"WebPage","@id":"https:\/\/www.teatrecondal.cat\/ca\/ex\/arnau-tordera-i-presenta-el-joglar\/","url":"https:\/\/www.teatrecondal.cat\/ca\/ex\/arnau-tordera-i-presenta-el-joglar\/","name":"Arnau Tordera I presenta El Joglar - Teatre Condal","isPartOf":{"@id":"https:\/\/www.teatrecondal.cat\/ca\/#website"},"datePublished":"2021-12-13T14:13:07+00:00","breadcrumb":{"@id":"https:\/\/www.teatrecondal.cat\/ca\/ex\/arnau-tordera-i-presenta-el-joglar\/#breadcrumb"},"inLanguage":"ca","potentialAction":[{"@type":"ReadAction","target":["https:\/\/www.teatrecondal.cat\/ca\/ex\/arnau-tordera-i-presenta-el-joglar\/"]}]},{"@type":"BreadcrumbList","@id":"https:\/\/www.teatrecondal.cat\/ca\/ex\/arnau-tordera-i-presenta-el-joglar\/#breadcrumb","itemListElement":[{"@type":"ListItem","position":1,"name":"Inici","item":"https:\/\/www.teatrecondal.cat\/ca\/"},{"@type":"ListItem","position":2,"name":"Espectacles","item":"https:\/\/www.teatrecondal.cat\/ca\/ex\/"},{"@type":"ListItem","position":3,"name":"Arnau Tordera I presenta El Joglar"}]},{"@type":"WebSite","@id":"https:\/\/www.teatrecondal.cat\/ca\/#website","url":"https:\/\/www.teatrecondal.cat\/ca\/","name":"Teatre Condal","description":"","publisher":{"@id":"https:\/\/www.teatrecondal.cat\/ca\/#organization"},"potentialAction":[{"@type":"SearchAction","target":{"@type":"EntryPoint","urlTemplate":"https:\/\/www.teatrecondal.cat\/ca\/?s={search_term_string}"},"query-input":{"@type":"PropertyValueSpecification","valueRequired":true,"valueName":"search_term_string"}}],"inLanguage":"ca"},{"@type":"Organization","@id":"https:\/\/www.teatrecondal.cat\/ca\/#organization","name":"Teatre Condal","url":"https:\/\/www.teatrecondal.cat\/ca\/","logo":{"@type":"ImageObject","inLanguage":"ca","@id":"https:\/\/www.teatrecondal.cat\/ca\/#\/schema\/logo\/image\/","url":"https:\/\/www.teatrecondal.cat\/wp-content\/uploads\/sites\/3\/2017\/09\/teatre-condal-logo.svg","contentUrl":"https:\/\/www.teatrecondal.cat\/wp-content\/uploads\/sites\/3\/2017\/09\/teatre-condal-logo.svg","width":1,"height":1,"caption":"Teatre Condal"},"image":{"@id":"https:\/\/www.teatrecondal.cat\/ca\/#\/schema\/logo\/image\/"},"sameAs":["http:\/\/www.facebook.com\/TeatreCondal","https:\/\/x.com\/Teatre_Condal","http:\/\/instagram.com\/teatre_condal","http:\/\/www.youtube.com\/user\/TeatreCondal"]}]}},"translations":[{"id":3815,"locale":"ca"},{"id":4233,"locale":"es"}],"_links":{"self":[{"href":"https:\/\/www.teatrecondal.cat\/ca\/wp-json\/wp\/v2\/ex\/3815","targetHints":{"allow":["GET"]}}],"collection":[{"href":"https:\/\/www.teatrecondal.cat\/ca\/wp-json\/wp\/v2\/ex"}],"about":[{"href":"https:\/\/www.teatrecondal.cat\/ca\/wp-json\/wp\/v2\/types\/ex"}],"author":[{"embeddable":true,"href":"https:\/\/www.teatrecondal.cat\/ca\/wp-json\/wp\/v2\/users\/2"}],"replies":[{"embeddable":true,"href":"https:\/\/www.teatrecondal.cat\/ca\/wp-json\/wp\/v2\/comments?post=3815"}],"acf:term":[{"embeddable":true,"taxonomy":"season","href":"https:\/\/www.teatrecondal.cat\/ca\/wp-json\/wp\/v2\/season\/40"}],"wp:attachment":[{"href":"https:\/\/www.teatrecondal.cat\/ca\/wp-json\/wp\/v2\/media?parent=3815"}],"curies":[{"name":"wp","href":"https:\/\/api.w.org\/{rel}","templated":true}]}}

<p>Durant els segles XII i XIII els joglars eren els encarregats d’interpretar les obres que escrivien els trobadors. Recorrien les diverses corts, places i palaus dels regnes per cantar-hi els versos de les composicions èpiques i líriques més aclamades dels seus temps. </p>
<p>El 2022 commemorem 120 anys de la mort de Jacint Verdaguer i Arnau Tordera I s’ha proposat de fer reviure aquest format als nostres dies per tal d’homenatjar l’efemèride.</p>
<p>Si Verdaguer – cim de la poesia i la llengua catalana – és el trobador, ell serà el joglar que difongui els seus versos submergint-se en el seu projecte més auster, més intimista i genuí. Amb l’únic acompanyament de la veu i la guitarra clàssica interpretarà íntegrament l’obra “Verdaguer, ombres i maduixes” que OBESES va publicar l’any 2017. Un gir absolut de la partitura amb un nou arranjament complet que cercarà l’essència de la trobada entre música i poesia. <br />Totes les peces de l’obra, tots els personatges i tots els versos de Verdaguer quedaran conjugats en el cant del Joglar que rescatarà de l’oblit aquesta forma arcaica&nbsp; i preciosa d’explicar històries. <br /></p>

Espectacle en català

<p>Director: <strong>Arnau Tordera I</strong><br />Lletra <strong>Jacint Verdaguer</strong>, música <strong>Arnau Tordera I</strong></p>
<p>Intèrpret: <strong>Arnau Tordera I</strong></p>
<p>Producció executiva: <strong>Sente Fontestad</strong></p>
<p>Reportatge fotogràfic: <strong>Jordi Galderic<br /></strong>Disseny gràfic: <strong>Arnau Tordera I</strong><br />&nbsp;<br />És una producció de <strong>Imés Management</strong></p>

Arnau Tordera, compositor i cantant del grup català Obeses presenta al Teatre Condal de Barcelona un homenatge als 120 anys de la mort de Jacint Verdaguer.
