{"id":3797,"date":"2021-04-01T11:21:53","date_gmt":"2021-04-01T09:21:53","guid":{"rendered":"https:\/\/pre.teatrecondal.cat\/ex\/\/una-llum-timida\/"},"modified":"2024-04-11T09:31:46","modified_gmt":"2024-04-11T07:31:46","slug":"una-llum-timida-21-22","status":"publish","type":"ex","link":"https:\/\/www.teatrecondal.cat\/ca\/ex\/una-llum-timida-21-22\/","title":{"rendered":"Una llum t\u00edmida"},"content":{"rendered":"","protected":false},"excerpt":{"rendered":"","protected":false},"author":2,"featured_media":0,"comment_status":"closed","ping_status":"closed","template":"","class_list":["post-3797","ex","type-ex","status-publish","hentry","season-2020-21"],"acf":{"txt_synopsis":"Isabel \u00e9s una jove professora d\u2019hist\u00f2ria d\u2019una escola de Barcelona durant els anys del franquisme a Espanya i est\u00e0 profundament enamorada de Carmen, la professora de literatura.\r\n\r\nSense voler per\u00f2 sense poder evitar-ho, neix una hist\u00f2ria d\u2019amor entre elles dues que semblar\u00e0 haver-se d\u2019acabar quan la fam\u00edlia de Carmen, de pensament fortament conservador, l\u2019obliga a internar-se a un hospital de malalts ps\u00edquics per curar-se d\u2019aquest amor que no pot ser i que no est\u00e0 ben vist. Temps despr\u00e9s, Carmen retorna a casa amb Isabel, deixant fam\u00edlia, hospital i feina enrere, havent d\u2019enfrontar-se ara a les seq\u00fceles que els electro-shocks que ha estat rebent a l\u2019hospital li estan causant. Isabel intentar\u00e0 ajudar-la a sobreviure fins les \u00faltimes conseq\u00fc\u00e8ncies.\r\n\r\nEl Col\u00b7lectiu La Cicatriz porta aquesta hist\u00f2ria, inspirada en fets reals, als escenaris, de la m\u00e0 de la direcci\u00f3 de Marilia Samper i amb un format \u00fanic. La combinaci\u00f3 de text i m\u00fasica en una obra que pret\u00e9n trencar amb el silenci, i reivindicar les vides de les lesbianes com el que s\u00f3n: la mem\u00f2ria hist\u00f2rica del nostre pa\u00eds.","main_buy_link":"","main_buy_links":"","group_buy_link":"","show_language":"Espectacle biling\u00fce (Castell\u00e0 i Catal\u00e0)","show_duration":"100","show_start_date":"20210522000000","show_end_date":"20210522000000","show_sort_date":"20210522000000","txt_custom_show_dates":"el 22 de maig de 2021","show_disciplines":"11,1","show_ultimes_funcions":false,"hide_tarifes_especials":true,"show_properament":false,"txt_additional_info":"<i class=\"fa fa-info fa-2x fa-fw\"><\/i>El paper de Isabel ser\u00e0 substitu\u00eft per <strong>Clara Altarriba <\/strong>a la funci\u00f3 del 28\/03","txt_present":"","show_season":[39],"txt_season":"[\"2020\/21\"]","txt_cycle":"","txt_claim":"Isabel \u00e9s una jove professora d\u2019hist\u00f2ria d\u2019una escola de Barcelona durant els anys del franquisme a Espanya i est\u00e0 profundament enamorada de Carmen, la professora de literatura.","txt_cast_excerpt":"","txt_cast":"Dramat\u00fargia:\u00a0 <strong>\u00c0frica Alonso Bada\r\n<\/strong>Composici\u00f3 musical: <strong>Andrea Puig Doria | \u00c0frica Alonso Bada\r\n<\/strong>Repartiment:\r\nCarmen -\u00a0<strong>J\u00falia Jov\u00e9<\/strong>\r\nIsabel -\u00a0<strong>\u00c0frica Alonso Bada<\/strong>\r\nDirecci\u00f3 Esc\u00e8nica:\u00a0 <strong>Marilia Samper\r\n<\/strong>M\u00fasica en Directe: <strong>Andrea Puig Doria I\u00a0Laura Masferrer\r\n<\/strong>Direcci\u00f3 Musical: <strong>Andrea Puig Doria<\/strong>\r\nIl\u00b7luminaci\u00f3: <strong>Esther Porcel\u00a0i Arnau Ribell <\/strong>\r\nSo:\u00a0 <strong>Nu\u00f1o V\u00e1zquez\r\n<\/strong>Concepci\u00f3 de l\u2019Espai:\u00a0 <strong>Idoia Costa\r\n<\/strong>Escenograf\u00eda | Vestuari:\u00a0 <strong>La Cicatriz\r\n<\/strong>Assessorament de moviment:\u00a0 <strong>Nora Baylach\u00a0i Kevin Antequera\r\n<\/strong>Fotografia:\u00a0 <strong>Nora Baylach<\/strong>\r\nProducci\u00f3 Executiva: <strong>Clara Oliveras\u00a0i Daria Nicolau\r\n<\/strong>Ajudant de Direcci\u00f3: <strong>Laia Nogueras\u00a0i Sergi Salicr\u00fa<\/strong>\r\nGrafisme | Disseny | Xarxes: <strong>J\u00falia Millet<\/strong>\r\n\r\nCap t\u00e8cnic del teatre: <strong>Jordi Ballb\u00e9<\/strong>\r\nT\u00e8cnic de llums: <strong>V\u00edctor C\u00e1rdenas<\/strong>\r\nPremsa: <strong>Albert L\u00f3pez i Judit Hern\u00e1ndez<\/strong>\r\nM\u00e0rqueting i comunicaci\u00f3: <strong>Publispec<\/strong>\r\nAplicacions gr\u00e0fiques: <strong>Santi&amp;Kco<\/strong>","txt_reviews":"","hashtag":"UnaLlumT\u00edmida","have_promo":"","slogan":"","id_exhibicio":1798,"id_versio":1451,"id_local":3,"txt_seo_desc":"Una llum t\u00edmida, un espectacle musical d'\u00c1frica Alonso Bada i Andrea Puig Doria dirigit per Marilia Samper i protagonitzat per J\u00falia Jov\u00e9, \u00c0frica Alonso Bada, Andrea Puig Doria i Laura Masferrer, al Teatre Condal de Barcelona","data_images":"[{\"localizer\":\"V3SLIDE\",\"url\":\"media\/ftgalslide\/v3\/31578\/01_086_00051231\/Nora_Baylach_2.jpg\",\"thumb_url\":\"media\/ftgalslide\/v3\/31578\/01_086_00051231\/Nora_Baylach_2_thumb.jpg\",\"title\":\"Una llum t\u00edmida - Teatre Condal\",\"description\":\"una llum t\u00edmida al teatre condal de barcelona\",\"copyright\":\"\",\"order\":7},{\"localizer\":\"V3PORTADAWIDE\",\"url\":\"media\/ver\/port\/v3wide\/3157D\/01_088_00051815\/0-una-llum-timida-teatre-condal.jpg\",\"thumb_url\":\"media\/ver\/port\/v3wide\/3157D\/01_088_00051815\/0-una-llum-timida-teatre-condal_thumb.jpg\",\"title\":\"Una llum t\u00edimida - Teatre Condal\",\"description\":\"una llum \u00edmida al teatre condal de barcelona\",\"copyright\":\"\",\"order\":11},{\"localizer\":\"V3PORTADA\",\"url\":\"media\/ver\/port\/v3\/3157D\/01_084_00051836\/1-una-llum-timida-teatre-condal.jpg\",\"thumb_url\":\"media\/ver\/port\/v3\/3157D\/01_084_00051836\/1-una-llum-timida-teatre-condal_thumb.jpg\",\"title\":\"Una llum t\u00edmida - Teatre Condal\",\"description\":\"una llum t\u00edmida al teatre condal de barcelona\",\"copyright\":\"\",\"order\":14},{\"localizer\":\"V3CARTELL\",\"url\":\"media\/ver\/cartell\/v3\/3157D\/01_085_00051837\/cartell-web-una-llum-timida-teatre-condal.jpg\",\"thumb_url\":\"media\/ver\/cartell\/v3\/3157D\/01_085_00051837\/cartell-web-una-llum-timida-teatre-condal_thumb.jpg\",\"title\":\"Una llum t\u00edmida - Teatre Condal\",\"description\":\"una llum t\u00edmida al teatre condal de barcelona\",\"copyright\":\"\",\"order\":15}]","material__texto_intro":"","data_material":null,"data_gallery":"","data_discounts":"[]","contract_is_open":false,"in_tour":false},"yoast_head":"<!-- This site is optimized with the Yoast SEO plugin v27.5 - https:\/\/yoast.com\/product\/yoast-seo-wordpress\/ -->\n<title>Una llum t\u00edmida - Teatre Condal<\/title>\n<meta name=\"robots\" content=\"index, follow, max-snippet:-1, max-image-preview:large, max-video-preview:-1\" \/>\n<link rel=\"canonical\" href=\"https:\/\/www.teatrecondal.cat\/ca\/ex\/una-llum-timida-21-22\/\" \/>\n<script type=\"application\/ld+json\" class=\"yoast-schema-graph\">{\"@context\":\"https:\\\/\\\/schema.org\",\"@graph\":[{\"@type\":\"WebPage\",\"@id\":\"https:\\\/\\\/www.teatrecondal.cat\\\/ca\\\/ex\\\/una-llum-timida-21-22\\\/\",\"url\":\"https:\\\/\\\/www.teatrecondal.cat\\\/ca\\\/ex\\\/una-llum-timida-21-22\\\/\",\"name\":\"Una llum t\u00edmida - Teatre Condal\",\"isPartOf\":{\"@id\":\"https:\\\/\\\/www.teatrecondal.cat\\\/ca\\\/#website\"},\"datePublished\":\"2021-04-01T09:21:53+00:00\",\"dateModified\":\"2024-04-11T07:31:46+00:00\",\"breadcrumb\":{\"@id\":\"https:\\\/\\\/www.teatrecondal.cat\\\/ca\\\/ex\\\/una-llum-timida-21-22\\\/#breadcrumb\"},\"inLanguage\":\"ca\",\"potentialAction\":[{\"@type\":\"ReadAction\",\"target\":[\"https:\\\/\\\/www.teatrecondal.cat\\\/ca\\\/ex\\\/una-llum-timida-21-22\\\/\"]}]},{\"@type\":\"BreadcrumbList\",\"@id\":\"https:\\\/\\\/www.teatrecondal.cat\\\/ca\\\/ex\\\/una-llum-timida-21-22\\\/#breadcrumb\",\"itemListElement\":[{\"@type\":\"ListItem\",\"position\":1,\"name\":\"Inici\",\"item\":\"https:\\\/\\\/www.teatrecondal.cat\\\/ca\\\/\"},{\"@type\":\"ListItem\",\"position\":2,\"name\":\"Espectacles\",\"item\":\"https:\\\/\\\/www.teatrecondal.cat\\\/ca\\\/ex\\\/\"},{\"@type\":\"ListItem\",\"position\":3,\"name\":\"Una llum t\u00edmida\"}]},{\"@type\":\"WebSite\",\"@id\":\"https:\\\/\\\/www.teatrecondal.cat\\\/ca\\\/#website\",\"url\":\"https:\\\/\\\/www.teatrecondal.cat\\\/ca\\\/\",\"name\":\"Teatre Condal\",\"description\":\"\",\"publisher\":{\"@id\":\"https:\\\/\\\/www.teatrecondal.cat\\\/ca\\\/#organization\"},\"potentialAction\":[{\"@type\":\"SearchAction\",\"target\":{\"@type\":\"EntryPoint\",\"urlTemplate\":\"https:\\\/\\\/www.teatrecondal.cat\\\/ca\\\/?s={search_term_string}\"},\"query-input\":{\"@type\":\"PropertyValueSpecification\",\"valueRequired\":true,\"valueName\":\"search_term_string\"}}],\"inLanguage\":\"ca\"},{\"@type\":\"Organization\",\"@id\":\"https:\\\/\\\/www.teatrecondal.cat\\\/ca\\\/#organization\",\"name\":\"Teatre Condal\",\"url\":\"https:\\\/\\\/www.teatrecondal.cat\\\/ca\\\/\",\"logo\":{\"@type\":\"ImageObject\",\"inLanguage\":\"ca\",\"@id\":\"https:\\\/\\\/www.teatrecondal.cat\\\/ca\\\/#\\\/schema\\\/logo\\\/image\\\/\",\"url\":\"https:\\\/\\\/www.teatrecondal.cat\\\/wp-content\\\/uploads\\\/sites\\\/3\\\/2017\\\/09\\\/teatre-condal-logo.svg\",\"contentUrl\":\"https:\\\/\\\/www.teatrecondal.cat\\\/wp-content\\\/uploads\\\/sites\\\/3\\\/2017\\\/09\\\/teatre-condal-logo.svg\",\"width\":1,\"height\":1,\"caption\":\"Teatre Condal\"},\"image\":{\"@id\":\"https:\\\/\\\/www.teatrecondal.cat\\\/ca\\\/#\\\/schema\\\/logo\\\/image\\\/\"},\"sameAs\":[\"http:\\\/\\\/www.facebook.com\\\/TeatreCondal\",\"https:\\\/\\\/x.com\\\/Teatre_Condal\",\"http:\\\/\\\/instagram.com\\\/teatre_condal\",\"http:\\\/\\\/www.youtube.com\\\/user\\\/TeatreCondal\"]}]}<\/script>\n<!-- \/ Yoast SEO plugin. -->","yoast_head_json":{"title":"Una llum t\u00edmida - Teatre Condal","robots":{"index":"index","follow":"follow","max-snippet":"max-snippet:-1","max-image-preview":"max-image-preview:large","max-video-preview":"max-video-preview:-1"},"canonical":"https:\/\/www.teatrecondal.cat\/ca\/ex\/una-llum-timida-21-22\/","schema":{"@context":"https:\/\/schema.org","@graph":[{"@type":"WebPage","@id":"https:\/\/www.teatrecondal.cat\/ca\/ex\/una-llum-timida-21-22\/","url":"https:\/\/www.teatrecondal.cat\/ca\/ex\/una-llum-timida-21-22\/","name":"Una llum t\u00edmida - Teatre Condal","isPartOf":{"@id":"https:\/\/www.teatrecondal.cat\/ca\/#website"},"datePublished":"2021-04-01T09:21:53+00:00","dateModified":"2024-04-11T07:31:46+00:00","breadcrumb":{"@id":"https:\/\/www.teatrecondal.cat\/ca\/ex\/una-llum-timida-21-22\/#breadcrumb"},"inLanguage":"ca","potentialAction":[{"@type":"ReadAction","target":["https:\/\/www.teatrecondal.cat\/ca\/ex\/una-llum-timida-21-22\/"]}]},{"@type":"BreadcrumbList","@id":"https:\/\/www.teatrecondal.cat\/ca\/ex\/una-llum-timida-21-22\/#breadcrumb","itemListElement":[{"@type":"ListItem","position":1,"name":"Inici","item":"https:\/\/www.teatrecondal.cat\/ca\/"},{"@type":"ListItem","position":2,"name":"Espectacles","item":"https:\/\/www.teatrecondal.cat\/ca\/ex\/"},{"@type":"ListItem","position":3,"name":"Una llum t\u00edmida"}]},{"@type":"WebSite","@id":"https:\/\/www.teatrecondal.cat\/ca\/#website","url":"https:\/\/www.teatrecondal.cat\/ca\/","name":"Teatre Condal","description":"","publisher":{"@id":"https:\/\/www.teatrecondal.cat\/ca\/#organization"},"potentialAction":[{"@type":"SearchAction","target":{"@type":"EntryPoint","urlTemplate":"https:\/\/www.teatrecondal.cat\/ca\/?s={search_term_string}"},"query-input":{"@type":"PropertyValueSpecification","valueRequired":true,"valueName":"search_term_string"}}],"inLanguage":"ca"},{"@type":"Organization","@id":"https:\/\/www.teatrecondal.cat\/ca\/#organization","name":"Teatre Condal","url":"https:\/\/www.teatrecondal.cat\/ca\/","logo":{"@type":"ImageObject","inLanguage":"ca","@id":"https:\/\/www.teatrecondal.cat\/ca\/#\/schema\/logo\/image\/","url":"https:\/\/www.teatrecondal.cat\/wp-content\/uploads\/sites\/3\/2017\/09\/teatre-condal-logo.svg","contentUrl":"https:\/\/www.teatrecondal.cat\/wp-content\/uploads\/sites\/3\/2017\/09\/teatre-condal-logo.svg","width":1,"height":1,"caption":"Teatre Condal"},"image":{"@id":"https:\/\/www.teatrecondal.cat\/ca\/#\/schema\/logo\/image\/"},"sameAs":["http:\/\/www.facebook.com\/TeatreCondal","https:\/\/x.com\/Teatre_Condal","http:\/\/instagram.com\/teatre_condal","http:\/\/www.youtube.com\/user\/TeatreCondal"]}]}},"translations":[{"id":3797,"locale":"ca"},{"id":4215,"locale":"es"}],"_links":{"self":[{"href":"https:\/\/www.teatrecondal.cat\/ca\/wp-json\/wp\/v2\/ex\/3797","targetHints":{"allow":["GET"]}}],"collection":[{"href":"https:\/\/www.teatrecondal.cat\/ca\/wp-json\/wp\/v2\/ex"}],"about":[{"href":"https:\/\/www.teatrecondal.cat\/ca\/wp-json\/wp\/v2\/types\/ex"}],"author":[{"embeddable":true,"href":"https:\/\/www.teatrecondal.cat\/ca\/wp-json\/wp\/v2\/users\/2"}],"replies":[{"embeddable":true,"href":"https:\/\/www.teatrecondal.cat\/ca\/wp-json\/wp\/v2\/comments?post=3797"}],"acf:term":[{"embeddable":true,"taxonomy":"season","href":"https:\/\/www.teatrecondal.cat\/ca\/wp-json\/wp\/v2\/season\/39"}],"wp:attachment":[{"href":"https:\/\/www.teatrecondal.cat\/ca\/wp-json\/wp\/v2\/media?parent=3797"}],"curies":[{"name":"wp","href":"https:\/\/api.w.org\/{rel}","templated":true}]}}

Una llum tímida

Isabel és una jove professora d’història d’una escola de Barcelona durant els anys del franquisme a Espanya i està profundament enamorada de Carmen, la professora de literatura.

Sense voler però sense poder evitar-ho, neix una història d’amor entre elles dues que semblarà haver-se d’acabar quan la família de Carmen, de pensament fortament conservador, l’obliga a internar-se a un hospital de malalts psíquics per curar-se d’aquest amor que no pot ser i que no està ben vist. Temps després, Carmen retorna a casa amb Isabel, deixant família, hospital i feina enrere, havent d’enfrontar-se ara a les seqüeles que els electro-shocks que ha estat rebent a l’hospital li estan causant. Isabel intentarà ajudar-la a sobreviure fins les últimes conseqüències.

El Col·lectiu La Cicatriz porta aquesta història, inspirada en fets reals, als escenaris, de la mà de la direcció de Marilia Samper i amb un format únic. La combinació de text i música en una obra que pretén trencar amb el silenci, i reivindicar les vides de les lesbianes com el que són: la memòria històrica del nostre país.

Espectacle bilingüe (Castellà i Català)

<i class="fa fa-info fa-2x fa-fw"></i>El paper de Isabel serà substituït per <strong>Clara Altarriba </strong>a la funció del 28/03

Isabel és una jove professora d’història d’una escola de Barcelona durant els anys del franquisme a Espanya i està profundament enamorada de Carmen, la professora de literatura.

Dramatúrgia:  <strong>Àfrica Alonso Bada
</strong>Composició musical: <strong>Andrea Puig Doria | Àfrica Alonso Bada
</strong>Repartiment:
Carmen - <strong>Júlia Jové</strong>
Isabel - <strong>Àfrica Alonso Bada</strong>
Direcció Escènica:  <strong>Marilia Samper
</strong>Música en Directe: <strong>Andrea Puig Doria I Laura Masferrer
</strong>Direcció Musical: <strong>Andrea Puig Doria</strong>
Il·luminació: <strong>Esther Porcel i Arnau Ribell </strong>
So:  <strong>Nuño Vázquez
</strong>Concepció de l’Espai:  <strong>Idoia Costa
</strong>Escenografía | Vestuari:  <strong>La Cicatriz
</strong>Assessorament de moviment:  <strong>Nora Baylach i Kevin Antequera
</strong>Fotografia:  <strong>Nora Baylach</strong>
Producció Executiva: <strong>Clara Oliveras i Daria Nicolau
</strong>Ajudant de Direcció: <strong>Laia Nogueras i Sergi Salicrú</strong>
Grafisme | Disseny | Xarxes: <strong>Júlia Millet</strong>

Cap tècnic del teatre: <strong>Jordi Ballbé</strong>
Tècnic de llums: <strong>Víctor Cárdenas</strong>
Premsa: <strong>Albert López i Judit Hernández</strong>
Màrqueting i comunicació: <strong>Publispec</strong>
Aplicacions gràfiques: <strong>Santi&amp;Kco</strong>

UnaLlumTímida

Una llum tímida, un espectacle musical d'África Alonso Bada i Andrea Puig Doria dirigit per Marilia Samper i protagonitzat per Júlia Jové, Àfrica Alonso Bada, Andrea Puig Doria i Laura Masferrer, al Teatre Condal de Barcelona

[{"localizer":"V3SLIDE","url":"media/ftgalslide/v3/31578/01_086_00051231/Nora_Baylach_2.jpg","thumb_url":"media/ftgalslide/v3/31578/01_086_00051231/Nora_Baylach_2_thumb.jpg","title":"Una llum tímida - Teatre Condal","description":"una llum tímida al teatre condal de barcelona","copyright":"","order":7},{"localizer":"V3PORTADAWIDE","url":"media/ver/port/v3wide/3157D/01_088_00051815/0-una-llum-timida-teatre-condal.jpg","thumb_url":"media/ver/port/v3wide/3157D/01_088_00051815/0-una-llum-timida-teatre-condal_thumb.jpg","title":"Una llum tíimida - Teatre Condal","description":"una llum ímida al teatre condal de barcelona","copyright":"","order":11},{"localizer":"V3PORTADA","url":"media/ver/port/v3/3157D/01_084_00051836/1-una-llum-timida-teatre-condal.jpg","thumb_url":"media/ver/port/v3/3157D/01_084_00051836/1-una-llum-timida-teatre-condal_thumb.jpg","title":"Una llum tímida - Teatre Condal","description":"una llum tímida al teatre condal de barcelona","copyright":"","order":14},{"localizer":"V3CARTELL","url":"media/ver/cartell/v3/3157D/01_085_00051837/cartell-web-una-llum-timida-teatre-condal.jpg","thumb_url":"media/ver/cartell/v3/3157D/01_085_00051837/cartell-web-una-llum-timida-teatre-condal_thumb.jpg","title":"Una llum tímida - Teatre Condal","description":"una llum tímida al teatre condal de barcelona","copyright":"","order":15}]

<!-- This site is optimized with the Yoast SEO plugin v27.5 - https://yoast.com/product/yoast-seo-wordpress/ -->
<title>Una llum tímida - Teatre Condal</title>
<meta name="robots" content="index, follow, max-snippet:-1, max-image-preview:large, max-video-preview:-1" />
<link rel="canonical" href="https://www.teatrecondal.cat/ca/ex/una-llum-timida-21-22/" />
<script type="application/ld+json" class="yoast-schema-graph">{"@context":"https:\/\/schema.org","@graph":[{"@type":"WebPage","@id":"https:\/\/www.teatrecondal.cat\/ca\/ex\/una-llum-timida-21-22\/","url":"https:\/\/www.teatrecondal.cat\/ca\/ex\/una-llum-timida-21-22\/","name":"Una llum tímida - Teatre Condal","isPartOf":{"@id":"https:\/\/www.teatrecondal.cat\/ca\/#website"},"datePublished":"2021-04-01T09:21:53+00:00","dateModified":"2024-04-11T07:31:46+00:00","breadcrumb":{"@id":"https:\/\/www.teatrecondal.cat\/ca\/ex\/una-llum-timida-21-22\/#breadcrumb"},"inLanguage":"ca","potentialAction":[{"@type":"ReadAction","target":["https:\/\/www.teatrecondal.cat\/ca\/ex\/una-llum-timida-21-22\/"]}]},{"@type":"BreadcrumbList","@id":"https:\/\/www.teatrecondal.cat\/ca\/ex\/una-llum-timida-21-22\/#breadcrumb","itemListElement":[{"@type":"ListItem","position":1,"name":"Inici","item":"https:\/\/www.teatrecondal.cat\/ca\/"},{"@type":"ListItem","position":2,"name":"Espectacles","item":"https:\/\/www.teatrecondal.cat\/ca\/ex\/"},{"@type":"ListItem","position":3,"name":"Una llum tímida"}]},{"@type":"WebSite","@id":"https:\/\/www.teatrecondal.cat\/ca\/#website","url":"https:\/\/www.teatrecondal.cat\/ca\/","name":"Teatre Condal","description":"","publisher":{"@id":"https:\/\/www.teatrecondal.cat\/ca\/#organization"},"potentialAction":[{"@type":"SearchAction","target":{"@type":"EntryPoint","urlTemplate":"https:\/\/www.teatrecondal.cat\/ca\/?s={search_term_string}"},"query-input":{"@type":"PropertyValueSpecification","valueRequired":true,"valueName":"search_term_string"}}],"inLanguage":"ca"},{"@type":"Organization","@id":"https:\/\/www.teatrecondal.cat\/ca\/#organization","name":"Teatre Condal","url":"https:\/\/www.teatrecondal.cat\/ca\/","logo":{"@type":"ImageObject","inLanguage":"ca","@id":"https:\/\/www.teatrecondal.cat\/ca\/#\/schema\/logo\/image\/","url":"https:\/\/www.teatrecondal.cat\/wp-content\/uploads\/sites\/3\/2017\/09\/teatre-condal-logo.svg","contentUrl":"https:\/\/www.teatrecondal.cat\/wp-content\/uploads\/sites\/3\/2017\/09\/teatre-condal-logo.svg","width":1,"height":1,"caption":"Teatre Condal"},"image":{"@id":"https:\/\/www.teatrecondal.cat\/ca\/#\/schema\/logo\/image\/"},"sameAs":["http:\/\/www.facebook.com\/TeatreCondal","https:\/\/x.com\/Teatre_Condal","http:\/\/instagram.com\/teatre_condal","http:\/\/www.youtube.com\/user\/TeatreCondal"]}]}</script>
<!-- / Yoast SEO plugin. -->

Una llum tímida - Teatre Condal
