{"id":3648,"date":"2017-09-19T08:23:12","date_gmt":"2017-09-19T06:23:12","guid":{"rendered":"https:\/\/pre.teatrecondal.cat\/ex\/\/las-noches-de-el-club-de-la-comedia-165\/"},"modified":"2017-09-19T08:23:12","modified_gmt":"2017-09-19T06:23:12","slug":"las-noches-de-el-club-de-la-comedia-165","status":"publish","type":"ex","link":"https:\/\/www.teatrecondal.cat\/ca\/ex\/las-noches-de-el-club-de-la-comedia-165\/","title":{"rendered":"Las noches de El Club de la Comedia"},"content":{"rendered":"","protected":false},"excerpt":{"rendered":"","protected":false},"author":2,"featured_media":0,"comment_status":"closed","ping_status":"open","template":"","class_list":["post-3648","ex","type-ex","status-publish","hentry","season-2015-16"],"acf":{"txt_synopsis":"<p align=\"justify\">Se't fa curt el programa de <strong>El Club de la Comedia<\/strong>? Vols sentir l'experi\u00e8ncia de veure als millors c\u00f2mics del programa en rigor\u00f3s directe? Doncs ara tindr\u00e0s l'oportunitat de viure l'ambient del Club amb la seva gira de directes, amb els <strong>millors c\u00f2mics del programa<\/strong>!!! T'ho perdr\u00e0s?<\/p>\n<p align=\"justify\"><br \/>Monologuistes de la nit<\/p>\n<p align=\"justify\"><br \/><strong>Don Mauro<br \/><\/strong>Mauro Mu\u00f1iz considera l'<strong>stand up comedy<\/strong> com un g\u00e8nere amb qu\u00e8 \"es mostra nu,&nbsp;tal com \u00e9s, que li aporta llibertat en tots els sentits i l'<strong>estimula gr\u00e0cies a l'adrenalina que li provoca la interacci\u00f3 amb el p\u00fablic, tot trencant la quarta paret<\/strong>\u201d.&nbsp;All\u00e0 ha desenvolupat&nbsp;<strong>Don Mauro,<\/strong> un personatge d'humor honest, pol\u00edticament incorrecte&nbsp;i sense concessions. Un tipus que diu el que pensa sense&nbsp;tenir en compte les conseq\u00fc\u00e8ncies.<\/p>\n<p align=\"justify\"><strong>Quequ\u00e9<br \/>\u00c9s un dels humoristes m\u00e9s consagrats del pa\u00eds<\/strong> gr\u00e0cies a les seves&nbsp;m\u00faltiples aparicions en programes de&nbsp;televisi\u00f3 tant&nbsp;en format <strong>d'stand up comedies<\/strong>, com en&nbsp;d'altres m\u00e9s tradicionales, com per exemple a <em>La<\/em> <em>Noche con Fuentes<\/em> <em>y C\u00eda<\/em>, <em>Noche Hache<\/em>, <em>Estas no son las noticias<\/em> o <em>El Club de la Comedia<\/em>. A m\u00e9s, ha treballat en els espectacles teatrals: <em>5hombres.com, Las noches del Club de la Comedia, Te r\u00edes de los nervios i&nbsp;The Hole,<\/em> entre altres. <br \/><br \/><strong>Tom\u00e1s Garc\u00eda<br \/><\/strong>\"Els meus inicis en aix\u00f2 del riure es remunten a fa molt, molt, temps, en una gal\u00e0xia molt, molt llunyana. Despr\u00e9s de guanyar 12 concursos (onze de mon\u00f2legs i un de M\u00edster Conca), vaig arrencar en l'\u00e0mbit nacional gr\u00e0cies al programa <em>El Rey de la Comedia<\/em> de TVE. Actualment, col\u00b7laboro a <em>Zapeando<\/em> (LaSexta) i <em>Sopa de Gansos<\/em> (Cuatro)\".<\/p>","main_buy_link":"#","main_buy_links":"","group_buy_link":"","show_language":"","show_duration":"","show_start_date":"20151031000000","show_end_date":"20151031000000","show_sort_date":"20160302000000","txt_custom_show_dates":"el 31 d'octubre de 2015","show_disciplines":"","show_ultimes_funcions":false,"hide_tarifes_especials":false,"show_properament":false,"txt_additional_info":"","txt_present":"","show_season":[59],"txt_season":"[\"2015\/16\"]","txt_cycle":"","txt_claim":"","txt_cast_excerpt":"","txt_cast":"<p><strong>MONOLOGUISTES:<\/strong> Don Mauro, Quequ\u00e9 i Tom\u00e1s Garc\u00eda <\/p>\n<p><strong>PRODUCCI\u00d3:<\/strong> Tras la Risa<\/p>","txt_reviews":"","hashtag":"","have_promo":"","slogan":"","id_exhibicio":1246,"id_versio":1010,"id_local":3,"txt_seo_desc":"","data_images":"[{\"localizer\":\"V2PORTADA\",\"url\":\"media\/ver\/port\/31326\/01_078_00035260\/Focus_Barcelona_CLUB_581x327_20151031.jpg\",\"thumb_url\":\"media\/ver\/port\/31326\/01_078_00035260\/Focus_Barcelona_CLUB_581x327_20151031_thumb.jpg\",\"title\":\"Portada\",\"description\":\" \",\"copyright\":\"\",\"order\":1},{\"localizer\":\"V2CARTELL\",\"url\":\"media\/ver\/cartell\/31326\/01_079_00035261\/Focus_Barcelona_CLUB_300x427_20151031.jpg\",\"thumb_url\":\"media\/ver\/cartell\/31326\/01_079_00035261\/Focus_Barcelona_CLUB_300x427_20151031_thumb.jpg\",\"title\":\"cartell\",\"description\":\" \",\"copyright\":\"\",\"order\":2}]","material__texto_intro":"","data_material":null,"data_gallery":"","data_discounts":"[]","contract_is_open":false,"in_tour":false},"yoast_head":"<!-- This site is optimized with the Yoast SEO plugin v27.4 - https:\/\/yoast.com\/product\/yoast-seo-wordpress\/ -->\n<title>Las noches de El Club de la Comedia - Teatre Condal<\/title>\n<meta name=\"robots\" content=\"index, follow, max-snippet:-1, max-image-preview:large, max-video-preview:-1\" \/>\n<link rel=\"canonical\" href=\"https:\/\/www.teatrecondal.cat\/ca\/ex\/las-noches-de-el-club-de-la-comedia-165\/\" \/>\n<script type=\"application\/ld+json\" class=\"yoast-schema-graph\">{\"@context\":\"https:\\\/\\\/schema.org\",\"@graph\":[{\"@type\":\"WebPage\",\"@id\":\"https:\\\/\\\/www.teatrecondal.cat\\\/ca\\\/ex\\\/las-noches-de-el-club-de-la-comedia-165\\\/\",\"url\":\"https:\\\/\\\/www.teatrecondal.cat\\\/ca\\\/ex\\\/las-noches-de-el-club-de-la-comedia-165\\\/\",\"name\":\"Las noches de El Club de la Comedia - Teatre Condal\",\"isPartOf\":{\"@id\":\"https:\\\/\\\/www.teatrecondal.cat\\\/ca\\\/#website\"},\"datePublished\":\"2017-09-19T06:23:12+00:00\",\"breadcrumb\":{\"@id\":\"https:\\\/\\\/www.teatrecondal.cat\\\/ca\\\/ex\\\/las-noches-de-el-club-de-la-comedia-165\\\/#breadcrumb\"},\"inLanguage\":\"ca\",\"potentialAction\":[{\"@type\":\"ReadAction\",\"target\":[\"https:\\\/\\\/www.teatrecondal.cat\\\/ca\\\/ex\\\/las-noches-de-el-club-de-la-comedia-165\\\/\"]}]},{\"@type\":\"BreadcrumbList\",\"@id\":\"https:\\\/\\\/www.teatrecondal.cat\\\/ca\\\/ex\\\/las-noches-de-el-club-de-la-comedia-165\\\/#breadcrumb\",\"itemListElement\":[{\"@type\":\"ListItem\",\"position\":1,\"name\":\"Inici\",\"item\":\"https:\\\/\\\/www.teatrecondal.cat\\\/ca\\\/\"},{\"@type\":\"ListItem\",\"position\":2,\"name\":\"Espectacles\",\"item\":\"https:\\\/\\\/www.teatrecondal.cat\\\/ca\\\/ex\\\/\"},{\"@type\":\"ListItem\",\"position\":3,\"name\":\"Las noches de El Club de la Comedia\"}]},{\"@type\":\"WebSite\",\"@id\":\"https:\\\/\\\/www.teatrecondal.cat\\\/ca\\\/#website\",\"url\":\"https:\\\/\\\/www.teatrecondal.cat\\\/ca\\\/\",\"name\":\"Teatre Condal\",\"description\":\"\",\"publisher\":{\"@id\":\"https:\\\/\\\/www.teatrecondal.cat\\\/ca\\\/#organization\"},\"potentialAction\":[{\"@type\":\"SearchAction\",\"target\":{\"@type\":\"EntryPoint\",\"urlTemplate\":\"https:\\\/\\\/www.teatrecondal.cat\\\/ca\\\/?s={search_term_string}\"},\"query-input\":{\"@type\":\"PropertyValueSpecification\",\"valueRequired\":true,\"valueName\":\"search_term_string\"}}],\"inLanguage\":\"ca\"},{\"@type\":\"Organization\",\"@id\":\"https:\\\/\\\/www.teatrecondal.cat\\\/ca\\\/#organization\",\"name\":\"Teatre Condal\",\"url\":\"https:\\\/\\\/www.teatrecondal.cat\\\/ca\\\/\",\"logo\":{\"@type\":\"ImageObject\",\"inLanguage\":\"ca\",\"@id\":\"https:\\\/\\\/www.teatrecondal.cat\\\/ca\\\/#\\\/schema\\\/logo\\\/image\\\/\",\"url\":\"https:\\\/\\\/www.teatrecondal.cat\\\/wp-content\\\/uploads\\\/sites\\\/3\\\/2017\\\/09\\\/teatre-condal-logo.svg\",\"contentUrl\":\"https:\\\/\\\/www.teatrecondal.cat\\\/wp-content\\\/uploads\\\/sites\\\/3\\\/2017\\\/09\\\/teatre-condal-logo.svg\",\"width\":1,\"height\":1,\"caption\":\"Teatre Condal\"},\"image\":{\"@id\":\"https:\\\/\\\/www.teatrecondal.cat\\\/ca\\\/#\\\/schema\\\/logo\\\/image\\\/\"},\"sameAs\":[\"http:\\\/\\\/www.facebook.com\\\/TeatreCondal\",\"https:\\\/\\\/x.com\\\/Teatre_Condal\",\"http:\\\/\\\/instagram.com\\\/teatre_condal\",\"http:\\\/\\\/www.youtube.com\\\/user\\\/TeatreCondal\"]}]}<\/script>\n<!-- \/ Yoast SEO plugin. -->","yoast_head_json":{"title":"Las noches de El Club de la Comedia - Teatre Condal","robots":{"index":"index","follow":"follow","max-snippet":"max-snippet:-1","max-image-preview":"max-image-preview:large","max-video-preview":"max-video-preview:-1"},"canonical":"https:\/\/www.teatrecondal.cat\/ca\/ex\/las-noches-de-el-club-de-la-comedia-165\/","schema":{"@context":"https:\/\/schema.org","@graph":[{"@type":"WebPage","@id":"https:\/\/www.teatrecondal.cat\/ca\/ex\/las-noches-de-el-club-de-la-comedia-165\/","url":"https:\/\/www.teatrecondal.cat\/ca\/ex\/las-noches-de-el-club-de-la-comedia-165\/","name":"Las noches de El Club de la Comedia - Teatre Condal","isPartOf":{"@id":"https:\/\/www.teatrecondal.cat\/ca\/#website"},"datePublished":"2017-09-19T06:23:12+00:00","breadcrumb":{"@id":"https:\/\/www.teatrecondal.cat\/ca\/ex\/las-noches-de-el-club-de-la-comedia-165\/#breadcrumb"},"inLanguage":"ca","potentialAction":[{"@type":"ReadAction","target":["https:\/\/www.teatrecondal.cat\/ca\/ex\/las-noches-de-el-club-de-la-comedia-165\/"]}]},{"@type":"BreadcrumbList","@id":"https:\/\/www.teatrecondal.cat\/ca\/ex\/las-noches-de-el-club-de-la-comedia-165\/#breadcrumb","itemListElement":[{"@type":"ListItem","position":1,"name":"Inici","item":"https:\/\/www.teatrecondal.cat\/ca\/"},{"@type":"ListItem","position":2,"name":"Espectacles","item":"https:\/\/www.teatrecondal.cat\/ca\/ex\/"},{"@type":"ListItem","position":3,"name":"Las noches de El Club de la Comedia"}]},{"@type":"WebSite","@id":"https:\/\/www.teatrecondal.cat\/ca\/#website","url":"https:\/\/www.teatrecondal.cat\/ca\/","name":"Teatre Condal","description":"","publisher":{"@id":"https:\/\/www.teatrecondal.cat\/ca\/#organization"},"potentialAction":[{"@type":"SearchAction","target":{"@type":"EntryPoint","urlTemplate":"https:\/\/www.teatrecondal.cat\/ca\/?s={search_term_string}"},"query-input":{"@type":"PropertyValueSpecification","valueRequired":true,"valueName":"search_term_string"}}],"inLanguage":"ca"},{"@type":"Organization","@id":"https:\/\/www.teatrecondal.cat\/ca\/#organization","name":"Teatre Condal","url":"https:\/\/www.teatrecondal.cat\/ca\/","logo":{"@type":"ImageObject","inLanguage":"ca","@id":"https:\/\/www.teatrecondal.cat\/ca\/#\/schema\/logo\/image\/","url":"https:\/\/www.teatrecondal.cat\/wp-content\/uploads\/sites\/3\/2017\/09\/teatre-condal-logo.svg","contentUrl":"https:\/\/www.teatrecondal.cat\/wp-content\/uploads\/sites\/3\/2017\/09\/teatre-condal-logo.svg","width":1,"height":1,"caption":"Teatre Condal"},"image":{"@id":"https:\/\/www.teatrecondal.cat\/ca\/#\/schema\/logo\/image\/"},"sameAs":["http:\/\/www.facebook.com\/TeatreCondal","https:\/\/x.com\/Teatre_Condal","http:\/\/instagram.com\/teatre_condal","http:\/\/www.youtube.com\/user\/TeatreCondal"]}]}},"translations":[{"id":3648,"locale":"ca"},{"id":4050,"locale":"es"}],"_links":{"self":[{"href":"https:\/\/www.teatrecondal.cat\/ca\/wp-json\/wp\/v2\/ex\/3648","targetHints":{"allow":["GET"]}}],"collection":[{"href":"https:\/\/www.teatrecondal.cat\/ca\/wp-json\/wp\/v2\/ex"}],"about":[{"href":"https:\/\/www.teatrecondal.cat\/ca\/wp-json\/wp\/v2\/types\/ex"}],"author":[{"embeddable":true,"href":"https:\/\/www.teatrecondal.cat\/ca\/wp-json\/wp\/v2\/users\/2"}],"replies":[{"embeddable":true,"href":"https:\/\/www.teatrecondal.cat\/ca\/wp-json\/wp\/v2\/comments?post=3648"}],"acf:term":[{"embeddable":true,"taxonomy":"season","href":"https:\/\/www.teatrecondal.cat\/ca\/wp-json\/wp\/v2\/season\/59"}],"wp:attachment":[{"href":"https:\/\/www.teatrecondal.cat\/ca\/wp-json\/wp\/v2\/media?parent=3648"}],"curies":[{"name":"wp","href":"https:\/\/api.w.org\/{rel}","templated":true}]}}

<p align="justify">Se't fa curt el programa de <strong>El Club de la Comedia</strong>? Vols sentir l'experiència de veure als millors còmics del programa en rigorós directe? Doncs ara tindràs l'oportunitat de viure l'ambient del Club amb la seva gira de directes, amb els <strong>millors còmics del programa</strong>!!! T'ho perdràs?</p>
<p align="justify"><br />Monologuistes de la nit</p>
<p align="justify"><br /><strong>Don Mauro<br /></strong>Mauro Muñiz considera l'<strong>stand up comedy</strong> com un gènere amb què "es mostra nu,&nbsp;tal com és, que li aporta llibertat en tots els sentits i l'<strong>estimula gràcies a l'adrenalina que li provoca la interacció amb el públic, tot trencant la quarta paret</strong>”.&nbsp;Allà ha desenvolupat&nbsp;<strong>Don Mauro,</strong> un personatge d'humor honest, políticament incorrecte&nbsp;i sense concessions. Un tipus que diu el que pensa sense&nbsp;tenir en compte les conseqüències.</p>
<p align="justify"><strong>Quequé<br />És un dels humoristes més consagrats del país</strong> gràcies a les seves&nbsp;múltiples aparicions en programes de&nbsp;televisió tant&nbsp;en format <strong>d'stand up comedies</strong>, com en&nbsp;d'altres més tradicionales, com per exemple a <em>La</em> <em>Noche con Fuentes</em> <em>y Cía</em>, <em>Noche Hache</em>, <em>Estas no son las noticias</em> o <em>El Club de la Comedia</em>. A més, ha treballat en els espectacles teatrals: <em>5hombres.com, Las noches del Club de la Comedia, Te ríes de los nervios i&nbsp;The Hole,</em> entre altres. <br /><br /><strong>Tomás García<br /></strong>"Els meus inicis en això del riure es remunten a fa molt, molt, temps, en una galàxia molt, molt llunyana. Després de guanyar 12 concursos (onze de monòlegs i un de Míster Conca), vaig arrencar en l'àmbit nacional gràcies al programa <em>El Rey de la Comedia</em> de TVE. Actualment, col·laboro a <em>Zapeando</em> (LaSexta) i <em>Sopa de Gansos</em> (Cuatro)".</p>

<p><strong>MONOLOGUISTES:</strong> Don Mauro, Quequé i Tomás García </p>
<p><strong>PRODUCCIÓ:</strong> Tras la Risa</p>
