{"id":3644,"date":"2017-09-19T08:23:08","date_gmt":"2017-09-19T06:23:08","guid":{"rendered":"https:\/\/pre.teatrecondal.cat\/ex\/\/las-noches-de-el-club-de-la-comedia-157\/"},"modified":"2017-09-19T08:23:08","modified_gmt":"2017-09-19T06:23:08","slug":"las-noches-de-el-club-de-la-comedia-157","status":"publish","type":"ex","link":"https:\/\/www.teatrecondal.cat\/ca\/ex\/las-noches-de-el-club-de-la-comedia-157\/","title":{"rendered":"Las Noches de El Club de la Comedia"},"content":{"rendered":"","protected":false},"excerpt":{"rendered":"","protected":false},"author":2,"featured_media":0,"comment_status":"closed","ping_status":"open","template":"","class_list":["post-3644","ex","type-ex","status-publish","hentry","season-2015-16"],"acf":{"txt_synopsis":"<p>Se't fa curt el programa de <strong>El Club de la Comedia<\/strong>? Vols sentir l'experi\u00e8ncia de veure als millors c\u00f2mics del programa en rigor\u00f3s directe? Doncs ara tindr\u00e0s l'oportunitat de viure l'ambient del Club amb la seva gira de directes, amb els <strong>millors c\u00f2mics del programa<\/strong>!!! T'ho perdr\u00e0s?<\/p>\n<p><br \/>Monologuistes de la nit<\/p>\n<p><strong><br \/><\/strong><strong>Maru Candel<br \/><\/strong>Actriu, c\u00f2mica, cantant&nbsp;i professora de teatre infantil, porta&nbsp;des de&nbsp;2005 dedicant-se a l'humor i sent una de les millors c\u00f2miques d'Espanya.&nbsp;Tamb\u00e9 ha treballat en obres com <em>Hombres<\/em>, de Sergi Berbel, o <em>La extra\u00f1a pareja<\/em>, de Neil Simon.<\/p>\n<p><strong>Salva Reina<br \/><\/strong>Malagueny, irreverent, surrealista&nbsp;i amb un&nbsp;\u201cpotent\u201d directe. Actor, monologuista&nbsp;i guionista de Canal Sur&nbsp;i Paramount Comedy. Salva ens porta el seu espectacle d'Stand up Comedy, el problema \u00e9s que no en t\u00e9 ni idea d'angl\u00e8s.... <\/p>\n<p><strong>Tom\u00e1s Garc\u00eda<br \/><\/strong>\"Els meus&nbsp;inicis en aix\u00f2 del riure es remunten a fa molt, molt, temps, en una gal\u00e0xia molt, molt llunyana. Despr\u00e9s de guanyar 12 concursos (onze de mon\u00f2legs i un de M\u00edster Conca), vaig arrencar en l'\u00e0mbit nacional gr\u00e0cies al programa <em>El Rey de la Comedia<\/em> de TVE. Actualment, col\u00b7laboro a <em>Zapeando<\/em> (LaSexta)&nbsp;i <em>Sopa de Gansos<\/em> (Cuatro)\".<\/p>","main_buy_link":"#","main_buy_links":"","group_buy_link":"","show_language":"","show_duration":"","show_start_date":"20151003000000","show_end_date":"20151003000000","show_sort_date":"20160228000000","txt_custom_show_dates":"el 3 d'octubre de 2015","show_disciplines":"","show_ultimes_funcions":false,"hide_tarifes_especials":false,"show_properament":false,"txt_additional_info":"","txt_present":"","show_season":[59],"txt_season":"[\"2015\/16\"]","txt_cycle":"","txt_claim":"","txt_cast_excerpt":"","txt_cast":"<p><strong>MONOLOGUISTES:<\/strong> Maru Candel, Salva Reina i Tom\u00e1s Garc\u00eda <\/p>\n<p><strong>PRODUCCI\u00d3:<\/strong> Tras la Risa<\/p>","txt_reviews":"","hashtag":"","have_promo":"","slogan":"","id_exhibicio":1236,"id_versio":1004,"id_local":3,"txt_seo_desc":"","data_images":"[{\"localizer\":\"V2PORTADA\",\"url\":\"media\/ver\/port\/31325\/01_078_00035082\/Focus_CLUB_581x327_20151003.jpg\",\"thumb_url\":\"media\/ver\/port\/31325\/01_078_00035082\/Focus_CLUB_581x327_20151003_thumb.jpg\",\"title\":\"Noches portada\",\"description\":\" \",\"copyright\":\"\",\"order\":1},{\"localizer\":\"V2CARTELL\",\"url\":\"media\/ver\/cartell\/31325\/01_079_00035083\/Focus_CLUB_300x427_20151003.jpg\",\"thumb_url\":\"media\/ver\/cartell\/31325\/01_079_00035083\/Focus_CLUB_300x427_20151003_thumb.jpg\",\"title\":\"Noches cartell\",\"description\":\"Noches cartell\",\"copyright\":\"\",\"order\":2}]","material__texto_intro":"","data_material":null,"data_gallery":"","data_discounts":"[]","contract_is_open":false,"in_tour":false},"yoast_head":"<!-- This site is optimized with the Yoast SEO plugin v27.4 - https:\/\/yoast.com\/product\/yoast-seo-wordpress\/ -->\n<title>Las Noches de El Club de la Comedia - Teatre Condal<\/title>\n<meta name=\"robots\" content=\"index, follow, max-snippet:-1, max-image-preview:large, max-video-preview:-1\" \/>\n<link rel=\"canonical\" href=\"https:\/\/www.teatrecondal.cat\/ca\/ex\/las-noches-de-el-club-de-la-comedia-157\/\" \/>\n<script type=\"application\/ld+json\" class=\"yoast-schema-graph\">{\"@context\":\"https:\\\/\\\/schema.org\",\"@graph\":[{\"@type\":\"WebPage\",\"@id\":\"https:\\\/\\\/www.teatrecondal.cat\\\/ca\\\/ex\\\/las-noches-de-el-club-de-la-comedia-157\\\/\",\"url\":\"https:\\\/\\\/www.teatrecondal.cat\\\/ca\\\/ex\\\/las-noches-de-el-club-de-la-comedia-157\\\/\",\"name\":\"Las Noches de El Club de la Comedia - Teatre Condal\",\"isPartOf\":{\"@id\":\"https:\\\/\\\/www.teatrecondal.cat\\\/ca\\\/#website\"},\"datePublished\":\"2017-09-19T06:23:08+00:00\",\"breadcrumb\":{\"@id\":\"https:\\\/\\\/www.teatrecondal.cat\\\/ca\\\/ex\\\/las-noches-de-el-club-de-la-comedia-157\\\/#breadcrumb\"},\"inLanguage\":\"ca\",\"potentialAction\":[{\"@type\":\"ReadAction\",\"target\":[\"https:\\\/\\\/www.teatrecondal.cat\\\/ca\\\/ex\\\/las-noches-de-el-club-de-la-comedia-157\\\/\"]}]},{\"@type\":\"BreadcrumbList\",\"@id\":\"https:\\\/\\\/www.teatrecondal.cat\\\/ca\\\/ex\\\/las-noches-de-el-club-de-la-comedia-157\\\/#breadcrumb\",\"itemListElement\":[{\"@type\":\"ListItem\",\"position\":1,\"name\":\"Inici\",\"item\":\"https:\\\/\\\/www.teatrecondal.cat\\\/ca\\\/\"},{\"@type\":\"ListItem\",\"position\":2,\"name\":\"Espectacles\",\"item\":\"https:\\\/\\\/www.teatrecondal.cat\\\/ca\\\/ex\\\/\"},{\"@type\":\"ListItem\",\"position\":3,\"name\":\"Las Noches de El Club de la Comedia\"}]},{\"@type\":\"WebSite\",\"@id\":\"https:\\\/\\\/www.teatrecondal.cat\\\/ca\\\/#website\",\"url\":\"https:\\\/\\\/www.teatrecondal.cat\\\/ca\\\/\",\"name\":\"Teatre Condal\",\"description\":\"\",\"publisher\":{\"@id\":\"https:\\\/\\\/www.teatrecondal.cat\\\/ca\\\/#organization\"},\"potentialAction\":[{\"@type\":\"SearchAction\",\"target\":{\"@type\":\"EntryPoint\",\"urlTemplate\":\"https:\\\/\\\/www.teatrecondal.cat\\\/ca\\\/?s={search_term_string}\"},\"query-input\":{\"@type\":\"PropertyValueSpecification\",\"valueRequired\":true,\"valueName\":\"search_term_string\"}}],\"inLanguage\":\"ca\"},{\"@type\":\"Organization\",\"@id\":\"https:\\\/\\\/www.teatrecondal.cat\\\/ca\\\/#organization\",\"name\":\"Teatre Condal\",\"url\":\"https:\\\/\\\/www.teatrecondal.cat\\\/ca\\\/\",\"logo\":{\"@type\":\"ImageObject\",\"inLanguage\":\"ca\",\"@id\":\"https:\\\/\\\/www.teatrecondal.cat\\\/ca\\\/#\\\/schema\\\/logo\\\/image\\\/\",\"url\":\"https:\\\/\\\/www.teatrecondal.cat\\\/wp-content\\\/uploads\\\/sites\\\/3\\\/2017\\\/09\\\/teatre-condal-logo.svg\",\"contentUrl\":\"https:\\\/\\\/www.teatrecondal.cat\\\/wp-content\\\/uploads\\\/sites\\\/3\\\/2017\\\/09\\\/teatre-condal-logo.svg\",\"width\":1,\"height\":1,\"caption\":\"Teatre Condal\"},\"image\":{\"@id\":\"https:\\\/\\\/www.teatrecondal.cat\\\/ca\\\/#\\\/schema\\\/logo\\\/image\\\/\"},\"sameAs\":[\"http:\\\/\\\/www.facebook.com\\\/TeatreCondal\",\"https:\\\/\\\/x.com\\\/Teatre_Condal\",\"http:\\\/\\\/instagram.com\\\/teatre_condal\",\"http:\\\/\\\/www.youtube.com\\\/user\\\/TeatreCondal\"]}]}<\/script>\n<!-- \/ Yoast SEO plugin. -->","yoast_head_json":{"title":"Las Noches de El Club de la Comedia - Teatre Condal","robots":{"index":"index","follow":"follow","max-snippet":"max-snippet:-1","max-image-preview":"max-image-preview:large","max-video-preview":"max-video-preview:-1"},"canonical":"https:\/\/www.teatrecondal.cat\/ca\/ex\/las-noches-de-el-club-de-la-comedia-157\/","schema":{"@context":"https:\/\/schema.org","@graph":[{"@type":"WebPage","@id":"https:\/\/www.teatrecondal.cat\/ca\/ex\/las-noches-de-el-club-de-la-comedia-157\/","url":"https:\/\/www.teatrecondal.cat\/ca\/ex\/las-noches-de-el-club-de-la-comedia-157\/","name":"Las Noches de El Club de la Comedia - Teatre Condal","isPartOf":{"@id":"https:\/\/www.teatrecondal.cat\/ca\/#website"},"datePublished":"2017-09-19T06:23:08+00:00","breadcrumb":{"@id":"https:\/\/www.teatrecondal.cat\/ca\/ex\/las-noches-de-el-club-de-la-comedia-157\/#breadcrumb"},"inLanguage":"ca","potentialAction":[{"@type":"ReadAction","target":["https:\/\/www.teatrecondal.cat\/ca\/ex\/las-noches-de-el-club-de-la-comedia-157\/"]}]},{"@type":"BreadcrumbList","@id":"https:\/\/www.teatrecondal.cat\/ca\/ex\/las-noches-de-el-club-de-la-comedia-157\/#breadcrumb","itemListElement":[{"@type":"ListItem","position":1,"name":"Inici","item":"https:\/\/www.teatrecondal.cat\/ca\/"},{"@type":"ListItem","position":2,"name":"Espectacles","item":"https:\/\/www.teatrecondal.cat\/ca\/ex\/"},{"@type":"ListItem","position":3,"name":"Las Noches de El Club de la Comedia"}]},{"@type":"WebSite","@id":"https:\/\/www.teatrecondal.cat\/ca\/#website","url":"https:\/\/www.teatrecondal.cat\/ca\/","name":"Teatre Condal","description":"","publisher":{"@id":"https:\/\/www.teatrecondal.cat\/ca\/#organization"},"potentialAction":[{"@type":"SearchAction","target":{"@type":"EntryPoint","urlTemplate":"https:\/\/www.teatrecondal.cat\/ca\/?s={search_term_string}"},"query-input":{"@type":"PropertyValueSpecification","valueRequired":true,"valueName":"search_term_string"}}],"inLanguage":"ca"},{"@type":"Organization","@id":"https:\/\/www.teatrecondal.cat\/ca\/#organization","name":"Teatre Condal","url":"https:\/\/www.teatrecondal.cat\/ca\/","logo":{"@type":"ImageObject","inLanguage":"ca","@id":"https:\/\/www.teatrecondal.cat\/ca\/#\/schema\/logo\/image\/","url":"https:\/\/www.teatrecondal.cat\/wp-content\/uploads\/sites\/3\/2017\/09\/teatre-condal-logo.svg","contentUrl":"https:\/\/www.teatrecondal.cat\/wp-content\/uploads\/sites\/3\/2017\/09\/teatre-condal-logo.svg","width":1,"height":1,"caption":"Teatre Condal"},"image":{"@id":"https:\/\/www.teatrecondal.cat\/ca\/#\/schema\/logo\/image\/"},"sameAs":["http:\/\/www.facebook.com\/TeatreCondal","https:\/\/x.com\/Teatre_Condal","http:\/\/instagram.com\/teatre_condal","http:\/\/www.youtube.com\/user\/TeatreCondal"]}]}},"translations":[{"id":3644,"locale":"ca"},{"id":4046,"locale":"es"}],"_links":{"self":[{"href":"https:\/\/www.teatrecondal.cat\/ca\/wp-json\/wp\/v2\/ex\/3644","targetHints":{"allow":["GET"]}}],"collection":[{"href":"https:\/\/www.teatrecondal.cat\/ca\/wp-json\/wp\/v2\/ex"}],"about":[{"href":"https:\/\/www.teatrecondal.cat\/ca\/wp-json\/wp\/v2\/types\/ex"}],"author":[{"embeddable":true,"href":"https:\/\/www.teatrecondal.cat\/ca\/wp-json\/wp\/v2\/users\/2"}],"replies":[{"embeddable":true,"href":"https:\/\/www.teatrecondal.cat\/ca\/wp-json\/wp\/v2\/comments?post=3644"}],"acf:term":[{"embeddable":true,"taxonomy":"season","href":"https:\/\/www.teatrecondal.cat\/ca\/wp-json\/wp\/v2\/season\/59"}],"wp:attachment":[{"href":"https:\/\/www.teatrecondal.cat\/ca\/wp-json\/wp\/v2\/media?parent=3644"}],"curies":[{"name":"wp","href":"https:\/\/api.w.org\/{rel}","templated":true}]}}

<p>Se't fa curt el programa de <strong>El Club de la Comedia</strong>? Vols sentir l'experiència de veure als millors còmics del programa en rigorós directe? Doncs ara tindràs l'oportunitat de viure l'ambient del Club amb la seva gira de directes, amb els <strong>millors còmics del programa</strong>!!! T'ho perdràs?</p>
<p><br />Monologuistes de la nit</p>
<p><strong><br /></strong><strong>Maru Candel<br /></strong>Actriu, còmica, cantant&nbsp;i professora de teatre infantil, porta&nbsp;des de&nbsp;2005 dedicant-se a l'humor i sent una de les millors còmiques d'Espanya.&nbsp;També ha treballat en obres com <em>Hombres</em>, de Sergi Berbel, o <em>La extraña pareja</em>, de Neil Simon.</p>
<p><strong>Salva Reina<br /></strong>Malagueny, irreverent, surrealista&nbsp;i amb un&nbsp;“potent” directe. Actor, monologuista&nbsp;i guionista de Canal Sur&nbsp;i Paramount Comedy. Salva ens porta el seu espectacle d'Stand up Comedy, el problema és que no en té ni idea d'anglès.... </p>
<p><strong>Tomás García<br /></strong>"Els meus&nbsp;inicis en això del riure es remunten a fa molt, molt, temps, en una galàxia molt, molt llunyana. Després de guanyar 12 concursos (onze de monòlegs i un de Míster Conca), vaig arrencar en l'àmbit nacional gràcies al programa <em>El Rey de la Comedia</em> de TVE. Actualment, col·laboro a <em>Zapeando</em> (LaSexta)&nbsp;i <em>Sopa de Gansos</em> (Cuatro)".</p>

<p><strong>MONOLOGUISTES:</strong> Maru Candel, Salva Reina i Tomás García </p>
<p><strong>PRODUCCIÓ:</strong> Tras la Risa</p>
