{"id":3581,"date":"2017-09-19T08:22:10","date_gmt":"2017-09-19T06:22:10","guid":{"rendered":"https:\/\/pre.teatrecondal.cat\/ex\/\/resofocos\/"},"modified":"2017-09-19T08:22:10","modified_gmt":"2017-09-19T06:22:10","slug":"resofocos","status":"publish","type":"ex","link":"https:\/\/www.teatrecondal.cat\/ca\/ex\/resofocos\/","title":{"rendered":"Resofocos"},"content":{"rendered":"","protected":false},"excerpt":{"rendered":"","protected":false},"author":2,"featured_media":0,"comment_status":"closed","ping_status":"open","template":"","class_list":["post-3581","ex","type-ex","status-publish","hentry","season-2013-14"],"acf":{"txt_synopsis":"<p align=\"justify\">Les actrius Fabiola Toledo, Charo Reina, Elena Mart\u00edn i Soledad Mallol (Las Virtudes) s\u2019encarregaran de demostrar que a partir dels cinquanta les dones no entren a l\u2019oc\u00e0s de la seva vida ni molt menys, sin\u00f3 tot el contrari, d\u2019una manera ben divertida mostraran la part m\u00e9s tendra i a la vegada m\u00e9s sibil\u00b7lina d\u2019una dona forta i que ja n\u2019ha vist de tots colors, deixant clar que la menopausa t\u00e9 el seu costat divertit. <\/p>\n<p align=\"justify\"><strong><font color=\"#ff0000\">ENTRADES GOLD. TEATRE CONDAL<\/font><\/strong><\/p>\n<p align=\"justify\"><font color=\"#ff0000\">&gt; Les millors ubicacions&nbsp;a platea. Sols 16 butaques exclusives en cada funci\u00f3.<br \/>&gt; Entrada preferent al teatre, tant per porta com per horari.<br \/>&gt; Tour guiat al backstage (escenari, zona de camerinos...), una ocasi\u00f3 \u00fanica per con\u00e8ixer com \u00e9s el teatre per dins&nbsp;i viure els minuts previs a l'inici d'una funci\u00f3.&nbsp; (Per la realitzaci\u00f3 de la visita \u00e9s necessari presentar-se&nbsp;a la porta del teatre 45'&nbsp;abans de l'inici de la funci\u00f3)<br \/><\/font><font color=\"#ff0000\">&gt; Invitaci\u00f3<\/font><font color=\"#ff0000\">&nbsp;a copa de cava&nbsp;i snacks.<br \/>&gt; Acompanyament individual&nbsp;fins a&nbsp;les&nbsp;seves butaques.<br \/>&gt; Presentant l'entrada Gold, descompte del 10%&nbsp;a les botigues Agatha Ruiz de la Prada (excepte Internet).<\/font><br \/><\/p>\n<p align=\"justify\">&nbsp;<\/p>","main_buy_link":"#","main_buy_links":"","group_buy_link":"","show_language":"","show_duration":"","show_start_date":"20140319000000","show_end_date":"20140330000000","show_sort_date":"20140101000000","txt_custom_show_dates":"del 19 al 30 de mar\u00e7 de 2014","show_disciplines":"","show_ultimes_funcions":false,"hide_tarifes_especials":false,"show_properament":false,"txt_additional_info":"","txt_present":"","show_season":[57],"txt_season":"[\"2013\/14\"]","txt_cycle":"","txt_claim":"","txt_cast_excerpt":"<strong>AUTORS:<\/strong> Juan Luis Iborra, Sonia G\u00f3mez i Antonio Albert<br \/><strong>DIRECTOR:<\/strong> Juan Luis Iborra<br \/>","txt_cast":"<p><strong>AUTORS:<\/strong> Juan Luis Iborra, Sonia G\u00f3mez i Antonio Albert<br \/><strong>DIRECTOR:<\/strong> Juan Luis Iborra<\/p>\n<p><strong>INT\u00c8RPRETS:<\/strong> Fabiola Toledo, Charo Reina, Elena Mart\u00edn i Soledad Mallol (Las Virtudes)<br \/><strong>COL\u00b7LABORACI\u00d3 ESPECIAL:<\/strong> Carlos Sobera<\/p>\n<p><strong>ESCENOGRAFIA I VESTUARI:<\/strong> \u00c1gatha Ru\u00edz de la Prada <br \/><strong>CONCEPTE I DESENVOLUPAMENT MUSICAL:<\/strong>&nbsp; Luis G\u00f3mez-Escolar, Fernando Sancho i Luis Carlos Esteban<br \/><br \/><strong>PRODUCTORS EXECUTIUS:<\/strong> Manel Torrents i Jes\u00fas Cimarro<br \/><strong>PRODUCCI\u00d3:<\/strong> Javier Campillo<br \/><strong><br \/>UNA PRODUCCI\u00d3 DE<\/strong> Himan TV i S\u00ed Teatro<br \/><strong>DISTRIBUCI\u00d3:<\/strong> Pentaci\u00f3n Espect\u00e1culos<\/p>","txt_reviews":"","hashtag":"","have_promo":"","slogan":"","id_exhibicio":965,"id_versio":759,"id_local":3,"txt_seo_desc":"","data_images":"[{\"localizer\":\"V2PORTADA\",\"url\":\"media\/ver\/port\/312BB\/01_078_00029236\/port3.jpg\",\"thumb_url\":\"media\/ver\/port\/312BB\/01_078_00029236\/port3_thumb.jpg\",\"title\":\"Resofocos\",\"description\":\"Resofocos\",\"copyright\":\"\",\"order\":4},{\"localizer\":\"V2CARTELL\",\"url\":\"media\/ver\/cartell\/312BB\/01_079_00029299\/list3.jpg\",\"thumb_url\":\"media\/ver\/cartell\/312BB\/01_079_00029299\/list3_thumb.jpg\",\"title\":\"Resofocos\",\"description\":\"Resofocos\",\"copyright\":\"https:\/\/d1wfclq6bigznq.cloudfront.net\/tkrfc\/default\/009resofocos02.jpg\",\"order\":5}]","material__texto_intro":"","data_material":null,"data_gallery":"","data_discounts":"[{\"InfoAddicional\":\"<p><strong>Tarifa especial:<\/strong> Targeta Rosa, Targeta Discapacitat, Club TR3SC i Carnet Jove.*<\/p><p><em>*Descomptes Targeta Rosa i Targeta Discapacitat nom\u00e9s aplicables comprant a taquilla <\/em><\/p><p><strong>Descomptes per a grups i escoles<br \/><\/strong><\/p>\",\"Url\":\"http:\/\/www.promentrada.com\",\"Codi\":\"0\",\"LogoUrl\":\"media\/fimage\/31389\/01_005_00038530\/logo_prome_nuevo_v_web.jpg\"},{\"InfoAddicional\":\"<p><strong>Descomptes per a particulars<br \/><\/strong><\/p>\",\"Url\":\"http:\/\/vip.promentrada.com\",\"Codi\":\"0\",\"LogoUrl\":\"media\/fimage\/31389\/01_005_00038559\/logo_prome_vip_v_web.jpg\"},{\"InfoAddicional\":\"<p><strong>NOUS DESCOMPTES:<\/strong><\/p><p><strong>Dimarts, dia de l'espectador<\/strong>. Consultar preus<\/p><p><strong>Majors de 65 anys, 15% dte*<br \/>Menors de 30 anys, 30% dte*<br \/>Menors de 16 anys, 16\u20ac*<br \/>Menors de 12 anys, 12\u20ac*<\/strong><\/p><p><em>Els preus i descomptes no tenen les despeses de gesti\u00f3 incloses<br \/>*Descompte aplicable per a totes les funcions excepte alguns festius i excepte determinats espectacles de car\u00e0cter familiar, infantil i d'altres<\/em><br \/><\/p>\",\"Url\":\"[TEXT]\",\"Codi\":\"0\",\"LogoUrl\":\"\"}]","contract_is_open":false,"in_tour":false},"yoast_head":"<!-- This site is optimized with the Yoast SEO plugin v27.5 - https:\/\/yoast.com\/product\/yoast-seo-wordpress\/ -->\n<title>Resofocos - Teatre Condal<\/title>\n<meta name=\"robots\" content=\"index, follow, max-snippet:-1, max-image-preview:large, max-video-preview:-1\" \/>\n<link rel=\"canonical\" href=\"https:\/\/www.teatrecondal.cat\/ca\/ex\/resofocos\/\" \/>\n<script type=\"application\/ld+json\" class=\"yoast-schema-graph\">{\"@context\":\"https:\\\/\\\/schema.org\",\"@graph\":[{\"@type\":\"WebPage\",\"@id\":\"https:\\\/\\\/www.teatrecondal.cat\\\/ca\\\/ex\\\/resofocos\\\/\",\"url\":\"https:\\\/\\\/www.teatrecondal.cat\\\/ca\\\/ex\\\/resofocos\\\/\",\"name\":\"Resofocos - Teatre Condal\",\"isPartOf\":{\"@id\":\"https:\\\/\\\/www.teatrecondal.cat\\\/ca\\\/#website\"},\"datePublished\":\"2017-09-19T06:22:10+00:00\",\"breadcrumb\":{\"@id\":\"https:\\\/\\\/www.teatrecondal.cat\\\/ca\\\/ex\\\/resofocos\\\/#breadcrumb\"},\"inLanguage\":\"ca\",\"potentialAction\":[{\"@type\":\"ReadAction\",\"target\":[\"https:\\\/\\\/www.teatrecondal.cat\\\/ca\\\/ex\\\/resofocos\\\/\"]}]},{\"@type\":\"BreadcrumbList\",\"@id\":\"https:\\\/\\\/www.teatrecondal.cat\\\/ca\\\/ex\\\/resofocos\\\/#breadcrumb\",\"itemListElement\":[{\"@type\":\"ListItem\",\"position\":1,\"name\":\"Inici\",\"item\":\"https:\\\/\\\/www.teatrecondal.cat\\\/ca\\\/\"},{\"@type\":\"ListItem\",\"position\":2,\"name\":\"Espectacles\",\"item\":\"https:\\\/\\\/www.teatrecondal.cat\\\/ca\\\/ex\\\/\"},{\"@type\":\"ListItem\",\"position\":3,\"name\":\"Resofocos\"}]},{\"@type\":\"WebSite\",\"@id\":\"https:\\\/\\\/www.teatrecondal.cat\\\/ca\\\/#website\",\"url\":\"https:\\\/\\\/www.teatrecondal.cat\\\/ca\\\/\",\"name\":\"Teatre Condal\",\"description\":\"\",\"publisher\":{\"@id\":\"https:\\\/\\\/www.teatrecondal.cat\\\/ca\\\/#organization\"},\"potentialAction\":[{\"@type\":\"SearchAction\",\"target\":{\"@type\":\"EntryPoint\",\"urlTemplate\":\"https:\\\/\\\/www.teatrecondal.cat\\\/ca\\\/?s={search_term_string}\"},\"query-input\":{\"@type\":\"PropertyValueSpecification\",\"valueRequired\":true,\"valueName\":\"search_term_string\"}}],\"inLanguage\":\"ca\"},{\"@type\":\"Organization\",\"@id\":\"https:\\\/\\\/www.teatrecondal.cat\\\/ca\\\/#organization\",\"name\":\"Teatre Condal\",\"url\":\"https:\\\/\\\/www.teatrecondal.cat\\\/ca\\\/\",\"logo\":{\"@type\":\"ImageObject\",\"inLanguage\":\"ca\",\"@id\":\"https:\\\/\\\/www.teatrecondal.cat\\\/ca\\\/#\\\/schema\\\/logo\\\/image\\\/\",\"url\":\"https:\\\/\\\/www.teatrecondal.cat\\\/wp-content\\\/uploads\\\/sites\\\/3\\\/2017\\\/09\\\/teatre-condal-logo.svg\",\"contentUrl\":\"https:\\\/\\\/www.teatrecondal.cat\\\/wp-content\\\/uploads\\\/sites\\\/3\\\/2017\\\/09\\\/teatre-condal-logo.svg\",\"width\":1,\"height\":1,\"caption\":\"Teatre Condal\"},\"image\":{\"@id\":\"https:\\\/\\\/www.teatrecondal.cat\\\/ca\\\/#\\\/schema\\\/logo\\\/image\\\/\"},\"sameAs\":[\"http:\\\/\\\/www.facebook.com\\\/TeatreCondal\",\"https:\\\/\\\/x.com\\\/Teatre_Condal\",\"http:\\\/\\\/instagram.com\\\/teatre_condal\",\"http:\\\/\\\/www.youtube.com\\\/user\\\/TeatreCondal\"]}]}<\/script>\n<!-- \/ Yoast SEO plugin. -->","yoast_head_json":{"title":"Resofocos - Teatre Condal","robots":{"index":"index","follow":"follow","max-snippet":"max-snippet:-1","max-image-preview":"max-image-preview:large","max-video-preview":"max-video-preview:-1"},"canonical":"https:\/\/www.teatrecondal.cat\/ca\/ex\/resofocos\/","schema":{"@context":"https:\/\/schema.org","@graph":[{"@type":"WebPage","@id":"https:\/\/www.teatrecondal.cat\/ca\/ex\/resofocos\/","url":"https:\/\/www.teatrecondal.cat\/ca\/ex\/resofocos\/","name":"Resofocos - Teatre Condal","isPartOf":{"@id":"https:\/\/www.teatrecondal.cat\/ca\/#website"},"datePublished":"2017-09-19T06:22:10+00:00","breadcrumb":{"@id":"https:\/\/www.teatrecondal.cat\/ca\/ex\/resofocos\/#breadcrumb"},"inLanguage":"ca","potentialAction":[{"@type":"ReadAction","target":["https:\/\/www.teatrecondal.cat\/ca\/ex\/resofocos\/"]}]},{"@type":"BreadcrumbList","@id":"https:\/\/www.teatrecondal.cat\/ca\/ex\/resofocos\/#breadcrumb","itemListElement":[{"@type":"ListItem","position":1,"name":"Inici","item":"https:\/\/www.teatrecondal.cat\/ca\/"},{"@type":"ListItem","position":2,"name":"Espectacles","item":"https:\/\/www.teatrecondal.cat\/ca\/ex\/"},{"@type":"ListItem","position":3,"name":"Resofocos"}]},{"@type":"WebSite","@id":"https:\/\/www.teatrecondal.cat\/ca\/#website","url":"https:\/\/www.teatrecondal.cat\/ca\/","name":"Teatre Condal","description":"","publisher":{"@id":"https:\/\/www.teatrecondal.cat\/ca\/#organization"},"potentialAction":[{"@type":"SearchAction","target":{"@type":"EntryPoint","urlTemplate":"https:\/\/www.teatrecondal.cat\/ca\/?s={search_term_string}"},"query-input":{"@type":"PropertyValueSpecification","valueRequired":true,"valueName":"search_term_string"}}],"inLanguage":"ca"},{"@type":"Organization","@id":"https:\/\/www.teatrecondal.cat\/ca\/#organization","name":"Teatre Condal","url":"https:\/\/www.teatrecondal.cat\/ca\/","logo":{"@type":"ImageObject","inLanguage":"ca","@id":"https:\/\/www.teatrecondal.cat\/ca\/#\/schema\/logo\/image\/","url":"https:\/\/www.teatrecondal.cat\/wp-content\/uploads\/sites\/3\/2017\/09\/teatre-condal-logo.svg","contentUrl":"https:\/\/www.teatrecondal.cat\/wp-content\/uploads\/sites\/3\/2017\/09\/teatre-condal-logo.svg","width":1,"height":1,"caption":"Teatre Condal"},"image":{"@id":"https:\/\/www.teatrecondal.cat\/ca\/#\/schema\/logo\/image\/"},"sameAs":["http:\/\/www.facebook.com\/TeatreCondal","https:\/\/x.com\/Teatre_Condal","http:\/\/instagram.com\/teatre_condal","http:\/\/www.youtube.com\/user\/TeatreCondal"]}]}},"translations":[{"id":3581,"locale":"ca"},{"id":3983,"locale":"es"}],"_links":{"self":[{"href":"https:\/\/www.teatrecondal.cat\/ca\/wp-json\/wp\/v2\/ex\/3581","targetHints":{"allow":["GET"]}}],"collection":[{"href":"https:\/\/www.teatrecondal.cat\/ca\/wp-json\/wp\/v2\/ex"}],"about":[{"href":"https:\/\/www.teatrecondal.cat\/ca\/wp-json\/wp\/v2\/types\/ex"}],"author":[{"embeddable":true,"href":"https:\/\/www.teatrecondal.cat\/ca\/wp-json\/wp\/v2\/users\/2"}],"replies":[{"embeddable":true,"href":"https:\/\/www.teatrecondal.cat\/ca\/wp-json\/wp\/v2\/comments?post=3581"}],"acf:term":[{"embeddable":true,"taxonomy":"season","href":"https:\/\/www.teatrecondal.cat\/ca\/wp-json\/wp\/v2\/season\/57"}],"wp:attachment":[{"href":"https:\/\/www.teatrecondal.cat\/ca\/wp-json\/wp\/v2\/media?parent=3581"}],"curies":[{"name":"wp","href":"https:\/\/api.w.org\/{rel}","templated":true}]}}

<p align="justify">Les actrius Fabiola Toledo, Charo Reina, Elena Martín i Soledad Mallol (Las Virtudes) s’encarregaran de demostrar que a partir dels cinquanta les dones no entren a l’ocàs de la seva vida ni molt menys, sinó tot el contrari, d’una manera ben divertida mostraran la part més tendra i a la vegada més sibil·lina d’una dona forta i que ja n’ha vist de tots colors, deixant clar que la menopausa té el seu costat divertit. </p>
<p align="justify"><strong><font color="#ff0000">ENTRADES GOLD. TEATRE CONDAL</font></strong></p>
<p align="justify"><font color="#ff0000">&gt; Les millors ubicacions&nbsp;a platea. Sols 16 butaques exclusives en cada funció.<br />&gt; Entrada preferent al teatre, tant per porta com per horari.<br />&gt; Tour guiat al backstage (escenari, zona de camerinos...), una ocasió única per conèixer com és el teatre per dins&nbsp;i viure els minuts previs a l'inici d'una funció.&nbsp; (Per la realització de la visita és necessari presentar-se&nbsp;a la porta del teatre 45'&nbsp;abans de l'inici de la funció)<br /></font><font color="#ff0000">&gt; Invitació</font><font color="#ff0000">&nbsp;a copa de cava&nbsp;i snacks.<br />&gt; Acompanyament individual&nbsp;fins a&nbsp;les&nbsp;seves butaques.<br />&gt; Presentant l'entrada Gold, descompte del 10%&nbsp;a les botigues Agatha Ruiz de la Prada (excepte Internet).</font><br /></p>
<p align="justify">&nbsp;</p>

del 19 al 30 de març de 2014

<strong>AUTORS:</strong> Juan Luis Iborra, Sonia Gómez i Antonio Albert<br /><strong>DIRECTOR:</strong> Juan Luis Iborra<br />

<p><strong>AUTORS:</strong> Juan Luis Iborra, Sonia Gómez i Antonio Albert<br /><strong>DIRECTOR:</strong> Juan Luis Iborra</p>
<p><strong>INTÈRPRETS:</strong> Fabiola Toledo, Charo Reina, Elena Martín i Soledad Mallol (Las Virtudes)<br /><strong>COL·LABORACIÓ ESPECIAL:</strong> Carlos Sobera</p>
<p><strong>ESCENOGRAFIA I VESTUARI:</strong> Ágatha Ruíz de la Prada <br /><strong>CONCEPTE I DESENVOLUPAMENT MUSICAL:</strong>&nbsp; Luis Gómez-Escolar, Fernando Sancho i Luis Carlos Esteban<br /><br /><strong>PRODUCTORS EXECUTIUS:</strong> Manel Torrents i Jesús Cimarro<br /><strong>PRODUCCIÓ:</strong> Javier Campillo<br /><strong><br />UNA PRODUCCIÓ DE</strong> Himan TV i Sí Teatro<br /><strong>DISTRIBUCIÓ:</strong> Pentación Espectáculos</p>

[{"InfoAddicional":"<p><strong>Tarifa especial:</strong> Targeta Rosa, Targeta Discapacitat, Club TR3SC i Carnet Jove.*</p><p><em>*Descomptes Targeta Rosa i Targeta Discapacitat només aplicables comprant a taquilla </em></p><p><strong>Descomptes per a grups i escoles<br /></strong></p>","Url":"http://www.promentrada.com","Codi":"0","LogoUrl":"media/fimage/31389/01_005_00038530/logo_prome_nuevo_v_web.jpg"},{"InfoAddicional":"<p><strong>Descomptes per a particulars<br /></strong></p>","Url":"http://vip.promentrada.com","Codi":"0","LogoUrl":"media/fimage/31389/01_005_00038559/logo_prome_vip_v_web.jpg"},{"InfoAddicional":"<p><strong>NOUS DESCOMPTES:</strong></p><p><strong>Dimarts, dia de l'espectador</strong>. Consultar preus</p><p><strong>Majors de 65 anys, 15% dte*<br />Menors de 30 anys, 30% dte*<br />Menors de 16 anys, 16€*<br />Menors de 12 anys, 12€*</strong></p><p><em>Els preus i descomptes no tenen les despeses de gestió incloses<br />*Descompte aplicable per a totes les funcions excepte alguns festius i excepte determinats espectacles de caràcter familiar, infantil i d'altres</em><br /></p>","Url":"[TEXT]","Codi":"0","LogoUrl":""}]
