{"id":3570,"date":"2017-09-19T08:22:01","date_gmt":"2017-09-19T06:22:01","guid":{"rendered":"https:\/\/pre.teatrecondal.cat\/ex\/\/la-odisea\/"},"modified":"2017-09-19T08:22:01","modified_gmt":"2017-09-19T06:22:01","slug":"la-odisea","status":"publish","type":"ex","link":"https:\/\/www.teatrecondal.cat\/ca\/ex\/la-odisea\/","title":{"rendered":"La Odisea"},"content":{"rendered":"","protected":false},"excerpt":{"rendered":"","protected":false},"author":2,"featured_media":0,"comment_status":"closed","ping_status":"open","template":"","class_list":["post-3570","ex","type-ex","status-publish","hentry","season-2013-14"],"acf":{"txt_synopsis":"<p align=\"justify\">L\u2019Odisea segueix l\u2019impuls d\u2019espectacles com El Lazarillo de Tormes, El Quijote o El evangelio de San Juan. Sobre la base d\u2019un referent cl\u00e0ssic d\u2019\u00e0mplia difusi\u00f3 cultural s\u2019ofereix al p\u00fablic una lectura renovada dels mateixos motius antics, tractant d\u2019extreure els valors continguts en ells, en una \u00e8poca en qu\u00e8 la informaci\u00f3, de vegades, menyscaba el sentit i l\u2019orientaci\u00f3 final del coneixement. Com sempre aquestes preocupacions bateguen sota d\u2019un esquema senzill que fa de l\u2019espectacle directe, viu, popular i en un constant \u00fas de l\u2019humor com a fil conductor del relat. L\u2019Odisea incorpora la m\u00fasica en viu amb instruments tradicionals antics que remeten al context musical d\u2019Orient, Turquia, Bizanci i la \u00cdndia.<br \/><\/p>","main_buy_link":"#","main_buy_links":"","group_buy_link":"","show_language":"","show_duration":"","show_start_date":"20140114000000","show_end_date":"20140202000000","show_sort_date":"20131202000000","txt_custom_show_dates":"del 14 de gener al 2 de febrer de 2014","show_disciplines":"","show_ultimes_funcions":false,"hide_tarifes_especials":false,"show_properament":false,"txt_additional_info":"","txt_present":"","show_season":[57],"txt_season":"[\"2013\/14\"]","txt_cycle":"","txt_claim":"","txt_cast_excerpt":"","txt_cast":"<p><strong>DIRECCI\u00d3:<\/strong> Rafael \u00c1lvarez<br \/><strong>VERSI\u00d3:<\/strong> Rafael \u00c1lvarez<\/p>\n<p><strong>INT\u00c8RPRET:<\/strong> Rafael \u00c1lvarez \"El Brujo\"<\/p>\n<p><strong>M\u00daSICS:<\/strong><br \/>Daniel Su\u00e1rez \"Sena\" (Percussi\u00f3)<br \/>Javier Alejano (Corda)<br \/>Mauricio Loseto (Percussi\u00f3)<\/p>\n<p><strong>DIRECTOR MUSICAL:<\/strong> Javier Alejano<br \/><strong>M\u00daSICA ORIGINAL:<\/strong> Javier Alejano<\/p>\n<p><strong>DISSENY D'ESCENOGRAFIA:<\/strong> Equipo Escenogr\u00e1fico PEB<br \/><strong>DISSENY D'IL\u00b7LUMINACI\u00d3:<\/strong> Miguel \u00c1ngel Camacho<br \/><strong>DISSENY DE VESTUARI:<\/strong> Gergonia E. Moustellier<\/p>","txt_reviews":"","hashtag":"","have_promo":"","slogan":"","id_exhibicio":920,"id_versio":718,"id_local":3,"txt_seo_desc":"","data_images":"[{\"localizer\":\"V2PORTADA\",\"url\":\"media\/ver\/port\/3125E\/01_078_00026669\/port.jpg\",\"thumb_url\":\"media\/ver\/port\/3125E\/01_078_00026669\/port_thumb.jpg\",\"title\":\"La Odisea\",\"description\":\"La Odisea\",\"copyright\":\"\",\"order\":1},{\"localizer\":\"V2CARTELL\",\"url\":\"media\/ver\/cartell\/3125E\/01_079_00026670\/list.jpg\",\"thumb_url\":\"media\/ver\/cartell\/3125E\/01_079_00026670\/list_thumb.jpg\",\"title\":\"La Odisea\",\"description\":\"La Odisea\",\"copyright\":\"https:\/\/d1wfclq6bigznq.cloudfront.net\/tkrfc\/default\/002odis.jpg\",\"order\":2}]","material__texto_intro":"","data_material":null,"data_gallery":"","data_discounts":"[{\"InfoAddicional\":\"<p><strong>NOUS DESCOMPTES:<\/strong><\/p><p><strong>Dimarts, dia de l'espectador<\/strong>. Consultar preus<\/p><p><strong>Majors de 65 anys, 15% dte*<br \/>Menors de 30 anys, 30% dte*<br \/>Menors de 16 anys, 16\u20ac*<br \/>Menors de 12 anys, 12\u20ac*<\/strong><\/p><p><em>Els preus i descomptes no tenen les despeses de gesti\u00f3 incloses<br \/>*Descompte aplicable per a totes les funcions excepte alguns festius i excepte determinats espectacles de car\u00e0cter familiar, infantil i d'altres<\/em><br \/><\/p>\",\"Url\":\"[TEXT]\",\"Codi\":\"0\",\"LogoUrl\":\"\"},{\"InfoAddicional\":\"<p><strong>Tarifa especial:<\/strong> Targeta Rosa, Targeta Discapacitat, Club TR3SC i Carnet Jove.*<\/p><p><em>*Descomptes Targeta Rosa i Targeta Discapacitat nom\u00e9s aplicables comprant a taquilla <\/em><\/p><p><strong>Descomptes per a grups i escoles<br \/><\/strong><\/p>\",\"Url\":\"http:\/\/www.promentrada.com\",\"Codi\":\"0\",\"LogoUrl\":\"media\/fimage\/31389\/01_005_00038530\/logo_prome_nuevo_v_web.jpg\"},{\"InfoAddicional\":\"<p><strong>Descomptes per a particulars<br \/><\/strong><\/p>\",\"Url\":\"http:\/\/vip.promentrada.com\",\"Codi\":\"0\",\"LogoUrl\":\"media\/fimage\/31389\/01_005_00038559\/logo_prome_vip_v_web.jpg\"}]","contract_is_open":false,"in_tour":false},"yoast_head":"<!-- This site is optimized with the Yoast SEO plugin v27.5 - https:\/\/yoast.com\/product\/yoast-seo-wordpress\/ -->\n<title>La Odisea - Teatre Condal<\/title>\n<meta name=\"robots\" content=\"index, follow, max-snippet:-1, max-image-preview:large, max-video-preview:-1\" \/>\n<link rel=\"canonical\" href=\"https:\/\/www.teatrecondal.cat\/ca\/ex\/la-odisea\/\" \/>\n<script type=\"application\/ld+json\" class=\"yoast-schema-graph\">{\"@context\":\"https:\\\/\\\/schema.org\",\"@graph\":[{\"@type\":\"WebPage\",\"@id\":\"https:\\\/\\\/www.teatrecondal.cat\\\/ca\\\/ex\\\/la-odisea\\\/\",\"url\":\"https:\\\/\\\/www.teatrecondal.cat\\\/ca\\\/ex\\\/la-odisea\\\/\",\"name\":\"La Odisea - Teatre Condal\",\"isPartOf\":{\"@id\":\"https:\\\/\\\/www.teatrecondal.cat\\\/ca\\\/#website\"},\"datePublished\":\"2017-09-19T06:22:01+00:00\",\"breadcrumb\":{\"@id\":\"https:\\\/\\\/www.teatrecondal.cat\\\/ca\\\/ex\\\/la-odisea\\\/#breadcrumb\"},\"inLanguage\":\"ca\",\"potentialAction\":[{\"@type\":\"ReadAction\",\"target\":[\"https:\\\/\\\/www.teatrecondal.cat\\\/ca\\\/ex\\\/la-odisea\\\/\"]}]},{\"@type\":\"BreadcrumbList\",\"@id\":\"https:\\\/\\\/www.teatrecondal.cat\\\/ca\\\/ex\\\/la-odisea\\\/#breadcrumb\",\"itemListElement\":[{\"@type\":\"ListItem\",\"position\":1,\"name\":\"Inici\",\"item\":\"https:\\\/\\\/www.teatrecondal.cat\\\/ca\\\/\"},{\"@type\":\"ListItem\",\"position\":2,\"name\":\"Espectacles\",\"item\":\"https:\\\/\\\/www.teatrecondal.cat\\\/ca\\\/ex\\\/\"},{\"@type\":\"ListItem\",\"position\":3,\"name\":\"La Odisea\"}]},{\"@type\":\"WebSite\",\"@id\":\"https:\\\/\\\/www.teatrecondal.cat\\\/ca\\\/#website\",\"url\":\"https:\\\/\\\/www.teatrecondal.cat\\\/ca\\\/\",\"name\":\"Teatre Condal\",\"description\":\"\",\"publisher\":{\"@id\":\"https:\\\/\\\/www.teatrecondal.cat\\\/ca\\\/#organization\"},\"potentialAction\":[{\"@type\":\"SearchAction\",\"target\":{\"@type\":\"EntryPoint\",\"urlTemplate\":\"https:\\\/\\\/www.teatrecondal.cat\\\/ca\\\/?s={search_term_string}\"},\"query-input\":{\"@type\":\"PropertyValueSpecification\",\"valueRequired\":true,\"valueName\":\"search_term_string\"}}],\"inLanguage\":\"ca\"},{\"@type\":\"Organization\",\"@id\":\"https:\\\/\\\/www.teatrecondal.cat\\\/ca\\\/#organization\",\"name\":\"Teatre Condal\",\"url\":\"https:\\\/\\\/www.teatrecondal.cat\\\/ca\\\/\",\"logo\":{\"@type\":\"ImageObject\",\"inLanguage\":\"ca\",\"@id\":\"https:\\\/\\\/www.teatrecondal.cat\\\/ca\\\/#\\\/schema\\\/logo\\\/image\\\/\",\"url\":\"https:\\\/\\\/www.teatrecondal.cat\\\/wp-content\\\/uploads\\\/sites\\\/3\\\/2017\\\/09\\\/teatre-condal-logo.svg\",\"contentUrl\":\"https:\\\/\\\/www.teatrecondal.cat\\\/wp-content\\\/uploads\\\/sites\\\/3\\\/2017\\\/09\\\/teatre-condal-logo.svg\",\"width\":1,\"height\":1,\"caption\":\"Teatre Condal\"},\"image\":{\"@id\":\"https:\\\/\\\/www.teatrecondal.cat\\\/ca\\\/#\\\/schema\\\/logo\\\/image\\\/\"},\"sameAs\":[\"http:\\\/\\\/www.facebook.com\\\/TeatreCondal\",\"https:\\\/\\\/x.com\\\/Teatre_Condal\",\"http:\\\/\\\/instagram.com\\\/teatre_condal\",\"http:\\\/\\\/www.youtube.com\\\/user\\\/TeatreCondal\"]}]}<\/script>\n<!-- \/ Yoast SEO plugin. -->","yoast_head_json":{"title":"La Odisea - Teatre Condal","robots":{"index":"index","follow":"follow","max-snippet":"max-snippet:-1","max-image-preview":"max-image-preview:large","max-video-preview":"max-video-preview:-1"},"canonical":"https:\/\/www.teatrecondal.cat\/ca\/ex\/la-odisea\/","schema":{"@context":"https:\/\/schema.org","@graph":[{"@type":"WebPage","@id":"https:\/\/www.teatrecondal.cat\/ca\/ex\/la-odisea\/","url":"https:\/\/www.teatrecondal.cat\/ca\/ex\/la-odisea\/","name":"La Odisea - Teatre Condal","isPartOf":{"@id":"https:\/\/www.teatrecondal.cat\/ca\/#website"},"datePublished":"2017-09-19T06:22:01+00:00","breadcrumb":{"@id":"https:\/\/www.teatrecondal.cat\/ca\/ex\/la-odisea\/#breadcrumb"},"inLanguage":"ca","potentialAction":[{"@type":"ReadAction","target":["https:\/\/www.teatrecondal.cat\/ca\/ex\/la-odisea\/"]}]},{"@type":"BreadcrumbList","@id":"https:\/\/www.teatrecondal.cat\/ca\/ex\/la-odisea\/#breadcrumb","itemListElement":[{"@type":"ListItem","position":1,"name":"Inici","item":"https:\/\/www.teatrecondal.cat\/ca\/"},{"@type":"ListItem","position":2,"name":"Espectacles","item":"https:\/\/www.teatrecondal.cat\/ca\/ex\/"},{"@type":"ListItem","position":3,"name":"La Odisea"}]},{"@type":"WebSite","@id":"https:\/\/www.teatrecondal.cat\/ca\/#website","url":"https:\/\/www.teatrecondal.cat\/ca\/","name":"Teatre Condal","description":"","publisher":{"@id":"https:\/\/www.teatrecondal.cat\/ca\/#organization"},"potentialAction":[{"@type":"SearchAction","target":{"@type":"EntryPoint","urlTemplate":"https:\/\/www.teatrecondal.cat\/ca\/?s={search_term_string}"},"query-input":{"@type":"PropertyValueSpecification","valueRequired":true,"valueName":"search_term_string"}}],"inLanguage":"ca"},{"@type":"Organization","@id":"https:\/\/www.teatrecondal.cat\/ca\/#organization","name":"Teatre Condal","url":"https:\/\/www.teatrecondal.cat\/ca\/","logo":{"@type":"ImageObject","inLanguage":"ca","@id":"https:\/\/www.teatrecondal.cat\/ca\/#\/schema\/logo\/image\/","url":"https:\/\/www.teatrecondal.cat\/wp-content\/uploads\/sites\/3\/2017\/09\/teatre-condal-logo.svg","contentUrl":"https:\/\/www.teatrecondal.cat\/wp-content\/uploads\/sites\/3\/2017\/09\/teatre-condal-logo.svg","width":1,"height":1,"caption":"Teatre Condal"},"image":{"@id":"https:\/\/www.teatrecondal.cat\/ca\/#\/schema\/logo\/image\/"},"sameAs":["http:\/\/www.facebook.com\/TeatreCondal","https:\/\/x.com\/Teatre_Condal","http:\/\/instagram.com\/teatre_condal","http:\/\/www.youtube.com\/user\/TeatreCondal"]}]}},"translations":[{"id":3570,"locale":"ca"},{"id":3972,"locale":"es"}],"_links":{"self":[{"href":"https:\/\/www.teatrecondal.cat\/ca\/wp-json\/wp\/v2\/ex\/3570","targetHints":{"allow":["GET"]}}],"collection":[{"href":"https:\/\/www.teatrecondal.cat\/ca\/wp-json\/wp\/v2\/ex"}],"about":[{"href":"https:\/\/www.teatrecondal.cat\/ca\/wp-json\/wp\/v2\/types\/ex"}],"author":[{"embeddable":true,"href":"https:\/\/www.teatrecondal.cat\/ca\/wp-json\/wp\/v2\/users\/2"}],"replies":[{"embeddable":true,"href":"https:\/\/www.teatrecondal.cat\/ca\/wp-json\/wp\/v2\/comments?post=3570"}],"acf:term":[{"embeddable":true,"taxonomy":"season","href":"https:\/\/www.teatrecondal.cat\/ca\/wp-json\/wp\/v2\/season\/57"}],"wp:attachment":[{"href":"https:\/\/www.teatrecondal.cat\/ca\/wp-json\/wp\/v2\/media?parent=3570"}],"curies":[{"name":"wp","href":"https:\/\/api.w.org\/{rel}","templated":true}]}}

<p align="justify">L’Odisea segueix l’impuls d’espectacles com El Lazarillo de Tormes, El Quijote o El evangelio de San Juan. Sobre la base d’un referent clàssic d’àmplia difusió cultural s’ofereix al públic una lectura renovada dels mateixos motius antics, tractant d’extreure els valors continguts en ells, en una època en què la informació, de vegades, menyscaba el sentit i l’orientació final del coneixement. Com sempre aquestes preocupacions bateguen sota d’un esquema senzill que fa de l’espectacle directe, viu, popular i en un constant ús de l’humor com a fil conductor del relat. L’Odisea incorpora la música en viu amb instruments tradicionals antics que remeten al context musical d’Orient, Turquia, Bizanci i la Índia.<br /></p>

<p><strong>DIRECCIÓ:</strong> Rafael Álvarez<br /><strong>VERSIÓ:</strong> Rafael Álvarez</p>
<p><strong>INTÈRPRET:</strong> Rafael Álvarez "El Brujo"</p>
<p><strong>MÚSICS:</strong><br />Daniel Suárez "Sena" (Percussió)<br />Javier Alejano (Corda)<br />Mauricio Loseto (Percussió)</p>
<p><strong>DIRECTOR MUSICAL:</strong> Javier Alejano<br /><strong>MÚSICA ORIGINAL:</strong> Javier Alejano</p>
<p><strong>DISSENY D'ESCENOGRAFIA:</strong> Equipo Escenográfico PEB<br /><strong>DISSENY D'IL·LUMINACIÓ:</strong> Miguel Ángel Camacho<br /><strong>DISSENY DE VESTUARI:</strong> Gergonia E. Moustellier</p>

[{"InfoAddicional":"<p><strong>NOUS DESCOMPTES:</strong></p><p><strong>Dimarts, dia de l'espectador</strong>. Consultar preus</p><p><strong>Majors de 65 anys, 15% dte*<br />Menors de 30 anys, 30% dte*<br />Menors de 16 anys, 16€*<br />Menors de 12 anys, 12€*</strong></p><p><em>Els preus i descomptes no tenen les despeses de gestió incloses<br />*Descompte aplicable per a totes les funcions excepte alguns festius i excepte determinats espectacles de caràcter familiar, infantil i d'altres</em><br /></p>","Url":"[TEXT]","Codi":"0","LogoUrl":""},{"InfoAddicional":"<p><strong>Tarifa especial:</strong> Targeta Rosa, Targeta Discapacitat, Club TR3SC i Carnet Jove.*</p><p><em>*Descomptes Targeta Rosa i Targeta Discapacitat només aplicables comprant a taquilla </em></p><p><strong>Descomptes per a grups i escoles<br /></strong></p>","Url":"http://www.promentrada.com","Codi":"0","LogoUrl":"media/fimage/31389/01_005_00038530/logo_prome_nuevo_v_web.jpg"},{"InfoAddicional":"<p><strong>Descomptes per a particulars<br /></strong></p>","Url":"http://vip.promentrada.com","Codi":"0","LogoUrl":"media/fimage/31389/01_005_00038559/logo_prome_vip_v_web.jpg"}]
