{"id":3518,"date":"2017-09-19T08:21:16","date_gmt":"2017-09-19T06:21:16","guid":{"rendered":"https:\/\/pre.teatrecondal.cat\/ex\/\/canco-damor-i-de-guerra\/"},"modified":"2017-09-19T08:21:16","modified_gmt":"2017-09-19T06:21:16","slug":"canco-damor-i-de-guerra","status":"publish","type":"ex","link":"https:\/\/www.teatrecondal.cat\/ca\/ex\/canco-damor-i-de-guerra\/","title":{"rendered":"Can\u00e7\u00f3 d&#8217;amor i de guerra"},"content":{"rendered":"","protected":false},"excerpt":{"rendered":"","protected":false},"author":2,"featured_media":0,"comment_status":"closed","ping_status":"open","template":"","class_list":["post-3518","ex","type-ex","status-publish","hentry","season-2010-11"],"acf":{"txt_synopsis":"<p align=\"justify\">Despr\u00e9s de l\u2019\u00e8xit aconseguit al Teatre Romea de Barcelona, es torna a representar la sarsuela catalana per excel\u00b7l\u00e8ncia <em>Can\u00e7\u00f3 d\u2019Amor i de Guerra,<\/em> al Teatre Condal&nbsp; per la mateixa companyia que la va posar en escena el passat mes d\u2019abril.<br \/>Creada l\u2019any 1926, en plena dictadura de Primo de Rivera, sota el t\u00edtol <em>Els soldats de l\u2019ideal<\/em>, <em>Can\u00e7\u00f3 d\u2019Amor i de Guerra<\/em> va ser prohibida per la censura de l\u2019\u00e8poca i despr\u00e9s d\u2019algunes modificacions \u2013la m\u00e9s significativa de les quals, el t\u00edtol-, es va estrena al <em>Teatre Nou<\/em> de Barcelona, amb un \u00e8xit tal que en tres anys se\u2019n van fer m\u00e9s de dues mil representacions.<br \/>Aquesta sarsuela ambientada al 1793 enmig dels convulsos anys de la Revoluci\u00f3 francesa i amb una hist\u00f2ria d\u2019amor com a excusa, ens endinsa en un m\u00f3n en canvi constant i t\u00e9 en el clam a la llibertat el seu fil conductor.<br \/><\/p>","main_buy_link":"#","main_buy_links":"","group_buy_link":"","show_language":"","show_duration":"","show_start_date":"20110729000000","show_end_date":"20110731000000","show_sort_date":"20110729000000","txt_custom_show_dates":"del 29 al 31 de juliol de 2011","show_disciplines":"","show_ultimes_funcions":false,"hide_tarifes_especials":false,"show_properament":false,"txt_additional_info":"","txt_present":"","show_season":[54],"txt_season":"[\"2010\/11\"]","txt_cycle":"","txt_claim":"","txt_cast_excerpt":"","txt_cast":"","txt_reviews":"","hashtag":"","have_promo":"","slogan":"","id_exhibicio":694,"id_versio":537,"id_local":3,"txt_seo_desc":"","data_images":"[{\"localizer\":\"VERS_PORTADA_TEATRE\",\"url\":\"media\/obraporttea\/31193\/01_017_00015751\/amorport.jpg\",\"thumb_url\":\"\",\"title\":\"Can\u00e7\u00f3 d'amor i de guerra\",\"description\":\"Can\u00e7\u00f3 d'amor i de guerra\",\"copyright\":\"\",\"order\":2},{\"localizer\":\"VERS_PORTADA_ESPECTACLE\",\"url\":\"media\/obraport\/31193\/01_014_00015779\/list2.jpg\",\"thumb_url\":\"\",\"title\":\"Can\u00e7\u00f3 d'amor i de guerra\",\"description\":\"Can\u00e7\u00f3 d'amor i de guerra\",\"copyright\":\"\",\"order\":3},{\"localizer\":\"VERS_IMATGE_ESPECTACLE\",\"url\":\"media\/ftespect\/31193\/01_020_00015804\/gal01.jpg\",\"thumb_url\":\"media\/ftespect\/31193\/01_020_00015804\/gal01_thumb.jpg\",\"title\":\"Can\u00e7\u00f3 d'amor i de guerra\",\"description\":\"Can\u00e7\u00f3 d'amor i de guerra\",\"copyright\":\"Copyright Ginebra Pe\u00f1a\",\"order\":4},{\"localizer\":\"VERS_IMATGE_ESPECTACLE\",\"url\":\"media\/ftespect\/31193\/01_020_00015805\/gal02.jpg\",\"thumb_url\":\"media\/ftespect\/31193\/01_020_00015805\/gal02_thumb.jpg\",\"title\":\"Can\u00e7\u00f3 d'amor i de guerra\",\"description\":\"Can\u00e7\u00f3 d'amor i de guerra\",\"copyright\":\"Copyright Ginebra Pe\u00f1a\",\"order\":5},{\"localizer\":\"VERS_IMATGE_ESPECTACLE\",\"url\":\"media\/ftespect\/31193\/01_020_00015806\/gal03.jpg\",\"thumb_url\":\"media\/ftespect\/31193\/01_020_00015806\/gal03_thumb.jpg\",\"title\":\"Can\u00e7\u00f3 d'amor i de guerra\",\"description\":\"Can\u00e7\u00f3 d'amor i de guerra\",\"copyright\":\"Copyright Ginebra Pe\u00f1a\",\"order\":6},{\"localizer\":\"VERS_IMATGE_ESPECTACLE\",\"url\":\"media\/ftespect\/31193\/01_020_00015807\/gal04.jpg\",\"thumb_url\":\"media\/ftespect\/31193\/01_020_00015807\/gal04_thumb.jpg\",\"title\":\"Can\u00e7\u00f3 d'amor i de guerra\",\"description\":\"Can\u00e7\u00f3 d'amor i de guerra\",\"copyright\":\"Copyright Ginebra Pe\u00f1a\",\"order\":7}]","material__texto_intro":"","data_material":null,"data_gallery":"","data_discounts":"[{\"InfoAddicional\":\"<p><strong>Tarifa especial:<\/strong> Majors de 65 anys, menors de 14 anys, Club Tr3sC i Carnet Jove.<\/p><p><strong>Descomptes per a grups i escoles<br \/><\/strong>Tel. 93 309 70 04<br \/><\/p>\",\"Url\":\"http:\/\/www.promentrada.com\",\"Codi\":\"0\",\"LogoUrl\":\"\"},{\"InfoAddicional\":\"<p><strong>Descomptes per a particulars<br \/><\/strong>Tel. 93 309 70 04<br \/><\/p>\",\"Url\":\"http:\/\/vip.promentrada.com\",\"Codi\":\"0\",\"LogoUrl\":\"media\/fimage\/31389\/01_005_00038531\/logo_prome_vip_v_web.jpg\"}]","contract_is_open":false,"in_tour":false},"yoast_head":"<!-- This site is optimized with the Yoast SEO plugin v27.5 - https:\/\/yoast.com\/product\/yoast-seo-wordpress\/ -->\n<title>Can\u00e7\u00f3 d&#039;amor i de guerra - Teatre Condal<\/title>\n<meta name=\"robots\" content=\"index, follow, max-snippet:-1, max-image-preview:large, max-video-preview:-1\" \/>\n<link rel=\"canonical\" href=\"https:\/\/www.teatrecondal.cat\/ca\/ex\/canco-damor-i-de-guerra\/\" \/>\n<script type=\"application\/ld+json\" class=\"yoast-schema-graph\">{\"@context\":\"https:\\\/\\\/schema.org\",\"@graph\":[{\"@type\":\"WebPage\",\"@id\":\"https:\\\/\\\/www.teatrecondal.cat\\\/ca\\\/ex\\\/canco-damor-i-de-guerra\\\/\",\"url\":\"https:\\\/\\\/www.teatrecondal.cat\\\/ca\\\/ex\\\/canco-damor-i-de-guerra\\\/\",\"name\":\"Can\u00e7\u00f3 d'amor i de guerra - Teatre Condal\",\"isPartOf\":{\"@id\":\"https:\\\/\\\/www.teatrecondal.cat\\\/ca\\\/#website\"},\"datePublished\":\"2017-09-19T06:21:16+00:00\",\"breadcrumb\":{\"@id\":\"https:\\\/\\\/www.teatrecondal.cat\\\/ca\\\/ex\\\/canco-damor-i-de-guerra\\\/#breadcrumb\"},\"inLanguage\":\"ca\",\"potentialAction\":[{\"@type\":\"ReadAction\",\"target\":[\"https:\\\/\\\/www.teatrecondal.cat\\\/ca\\\/ex\\\/canco-damor-i-de-guerra\\\/\"]}]},{\"@type\":\"BreadcrumbList\",\"@id\":\"https:\\\/\\\/www.teatrecondal.cat\\\/ca\\\/ex\\\/canco-damor-i-de-guerra\\\/#breadcrumb\",\"itemListElement\":[{\"@type\":\"ListItem\",\"position\":1,\"name\":\"Inici\",\"item\":\"https:\\\/\\\/www.teatrecondal.cat\\\/ca\\\/\"},{\"@type\":\"ListItem\",\"position\":2,\"name\":\"Espectacles\",\"item\":\"https:\\\/\\\/www.teatrecondal.cat\\\/ca\\\/ex\\\/\"},{\"@type\":\"ListItem\",\"position\":3,\"name\":\"Can\u00e7\u00f3 d&#8217;amor i de guerra\"}]},{\"@type\":\"WebSite\",\"@id\":\"https:\\\/\\\/www.teatrecondal.cat\\\/ca\\\/#website\",\"url\":\"https:\\\/\\\/www.teatrecondal.cat\\\/ca\\\/\",\"name\":\"Teatre Condal\",\"description\":\"\",\"publisher\":{\"@id\":\"https:\\\/\\\/www.teatrecondal.cat\\\/ca\\\/#organization\"},\"potentialAction\":[{\"@type\":\"SearchAction\",\"target\":{\"@type\":\"EntryPoint\",\"urlTemplate\":\"https:\\\/\\\/www.teatrecondal.cat\\\/ca\\\/?s={search_term_string}\"},\"query-input\":{\"@type\":\"PropertyValueSpecification\",\"valueRequired\":true,\"valueName\":\"search_term_string\"}}],\"inLanguage\":\"ca\"},{\"@type\":\"Organization\",\"@id\":\"https:\\\/\\\/www.teatrecondal.cat\\\/ca\\\/#organization\",\"name\":\"Teatre Condal\",\"url\":\"https:\\\/\\\/www.teatrecondal.cat\\\/ca\\\/\",\"logo\":{\"@type\":\"ImageObject\",\"inLanguage\":\"ca\",\"@id\":\"https:\\\/\\\/www.teatrecondal.cat\\\/ca\\\/#\\\/schema\\\/logo\\\/image\\\/\",\"url\":\"https:\\\/\\\/www.teatrecondal.cat\\\/wp-content\\\/uploads\\\/sites\\\/3\\\/2017\\\/09\\\/teatre-condal-logo.svg\",\"contentUrl\":\"https:\\\/\\\/www.teatrecondal.cat\\\/wp-content\\\/uploads\\\/sites\\\/3\\\/2017\\\/09\\\/teatre-condal-logo.svg\",\"width\":1,\"height\":1,\"caption\":\"Teatre Condal\"},\"image\":{\"@id\":\"https:\\\/\\\/www.teatrecondal.cat\\\/ca\\\/#\\\/schema\\\/logo\\\/image\\\/\"},\"sameAs\":[\"http:\\\/\\\/www.facebook.com\\\/TeatreCondal\",\"https:\\\/\\\/x.com\\\/Teatre_Condal\",\"http:\\\/\\\/instagram.com\\\/teatre_condal\",\"http:\\\/\\\/www.youtube.com\\\/user\\\/TeatreCondal\"]}]}<\/script>\n<!-- \/ Yoast SEO plugin. -->","yoast_head_json":{"title":"Can\u00e7\u00f3 d'amor i de guerra - Teatre Condal","robots":{"index":"index","follow":"follow","max-snippet":"max-snippet:-1","max-image-preview":"max-image-preview:large","max-video-preview":"max-video-preview:-1"},"canonical":"https:\/\/www.teatrecondal.cat\/ca\/ex\/canco-damor-i-de-guerra\/","schema":{"@context":"https:\/\/schema.org","@graph":[{"@type":"WebPage","@id":"https:\/\/www.teatrecondal.cat\/ca\/ex\/canco-damor-i-de-guerra\/","url":"https:\/\/www.teatrecondal.cat\/ca\/ex\/canco-damor-i-de-guerra\/","name":"Can\u00e7\u00f3 d'amor i de guerra - Teatre Condal","isPartOf":{"@id":"https:\/\/www.teatrecondal.cat\/ca\/#website"},"datePublished":"2017-09-19T06:21:16+00:00","breadcrumb":{"@id":"https:\/\/www.teatrecondal.cat\/ca\/ex\/canco-damor-i-de-guerra\/#breadcrumb"},"inLanguage":"ca","potentialAction":[{"@type":"ReadAction","target":["https:\/\/www.teatrecondal.cat\/ca\/ex\/canco-damor-i-de-guerra\/"]}]},{"@type":"BreadcrumbList","@id":"https:\/\/www.teatrecondal.cat\/ca\/ex\/canco-damor-i-de-guerra\/#breadcrumb","itemListElement":[{"@type":"ListItem","position":1,"name":"Inici","item":"https:\/\/www.teatrecondal.cat\/ca\/"},{"@type":"ListItem","position":2,"name":"Espectacles","item":"https:\/\/www.teatrecondal.cat\/ca\/ex\/"},{"@type":"ListItem","position":3,"name":"Can\u00e7\u00f3 d&#8217;amor i de guerra"}]},{"@type":"WebSite","@id":"https:\/\/www.teatrecondal.cat\/ca\/#website","url":"https:\/\/www.teatrecondal.cat\/ca\/","name":"Teatre Condal","description":"","publisher":{"@id":"https:\/\/www.teatrecondal.cat\/ca\/#organization"},"potentialAction":[{"@type":"SearchAction","target":{"@type":"EntryPoint","urlTemplate":"https:\/\/www.teatrecondal.cat\/ca\/?s={search_term_string}"},"query-input":{"@type":"PropertyValueSpecification","valueRequired":true,"valueName":"search_term_string"}}],"inLanguage":"ca"},{"@type":"Organization","@id":"https:\/\/www.teatrecondal.cat\/ca\/#organization","name":"Teatre Condal","url":"https:\/\/www.teatrecondal.cat\/ca\/","logo":{"@type":"ImageObject","inLanguage":"ca","@id":"https:\/\/www.teatrecondal.cat\/ca\/#\/schema\/logo\/image\/","url":"https:\/\/www.teatrecondal.cat\/wp-content\/uploads\/sites\/3\/2017\/09\/teatre-condal-logo.svg","contentUrl":"https:\/\/www.teatrecondal.cat\/wp-content\/uploads\/sites\/3\/2017\/09\/teatre-condal-logo.svg","width":1,"height":1,"caption":"Teatre Condal"},"image":{"@id":"https:\/\/www.teatrecondal.cat\/ca\/#\/schema\/logo\/image\/"},"sameAs":["http:\/\/www.facebook.com\/TeatreCondal","https:\/\/x.com\/Teatre_Condal","http:\/\/instagram.com\/teatre_condal","http:\/\/www.youtube.com\/user\/TeatreCondal"]}]}},"translations":[{"id":3518,"locale":"ca"},{"id":3920,"locale":"es"}],"_links":{"self":[{"href":"https:\/\/www.teatrecondal.cat\/ca\/wp-json\/wp\/v2\/ex\/3518","targetHints":{"allow":["GET"]}}],"collection":[{"href":"https:\/\/www.teatrecondal.cat\/ca\/wp-json\/wp\/v2\/ex"}],"about":[{"href":"https:\/\/www.teatrecondal.cat\/ca\/wp-json\/wp\/v2\/types\/ex"}],"author":[{"embeddable":true,"href":"https:\/\/www.teatrecondal.cat\/ca\/wp-json\/wp\/v2\/users\/2"}],"replies":[{"embeddable":true,"href":"https:\/\/www.teatrecondal.cat\/ca\/wp-json\/wp\/v2\/comments?post=3518"}],"acf:term":[{"embeddable":true,"taxonomy":"season","href":"https:\/\/www.teatrecondal.cat\/ca\/wp-json\/wp\/v2\/season\/54"}],"wp:attachment":[{"href":"https:\/\/www.teatrecondal.cat\/ca\/wp-json\/wp\/v2\/media?parent=3518"}],"curies":[{"name":"wp","href":"https:\/\/api.w.org\/{rel}","templated":true}]}}

Cançó d&#8217;amor i de guerra

<p align="justify">Després de l’èxit aconseguit al Teatre Romea de Barcelona, es torna a representar la sarsuela catalana per excel·lència <em>Cançó d’Amor i de Guerra,</em> al Teatre Condal&nbsp; per la mateixa companyia que la va posar en escena el passat mes d’abril.<br />Creada l’any 1926, en plena dictadura de Primo de Rivera, sota el títol <em>Els soldats de l’ideal</em>, <em>Cançó d’Amor i de Guerra</em> va ser prohibida per la censura de l’època i després d’algunes modificacions –la més significativa de les quals, el títol-, es va estrena al <em>Teatre Nou</em> de Barcelona, amb un èxit tal que en tres anys se’n van fer més de dues mil representacions.<br />Aquesta sarsuela ambientada al 1793 enmig dels convulsos anys de la Revolució francesa i amb una història d’amor com a excusa, ens endinsa en un món en canvi constant i té en el clam a la llibertat el seu fil conductor.<br /></p>

[{"localizer":"VERS_PORTADA_TEATRE","url":"media/obraporttea/31193/01_017_00015751/amorport.jpg","thumb_url":"","title":"Cançó d'amor i de guerra","description":"Cançó d'amor i de guerra","copyright":"","order":2},{"localizer":"VERS_PORTADA_ESPECTACLE","url":"media/obraport/31193/01_014_00015779/list2.jpg","thumb_url":"","title":"Cançó d'amor i de guerra","description":"Cançó d'amor i de guerra","copyright":"","order":3},{"localizer":"VERS_IMATGE_ESPECTACLE","url":"media/ftespect/31193/01_020_00015804/gal01.jpg","thumb_url":"media/ftespect/31193/01_020_00015804/gal01_thumb.jpg","title":"Cançó d'amor i de guerra","description":"Cançó d'amor i de guerra","copyright":"Copyright Ginebra Peña","order":4},{"localizer":"VERS_IMATGE_ESPECTACLE","url":"media/ftespect/31193/01_020_00015805/gal02.jpg","thumb_url":"media/ftespect/31193/01_020_00015805/gal02_thumb.jpg","title":"Cançó d'amor i de guerra","description":"Cançó d'amor i de guerra","copyright":"Copyright Ginebra Peña","order":5},{"localizer":"VERS_IMATGE_ESPECTACLE","url":"media/ftespect/31193/01_020_00015806/gal03.jpg","thumb_url":"media/ftespect/31193/01_020_00015806/gal03_thumb.jpg","title":"Cançó d'amor i de guerra","description":"Cançó d'amor i de guerra","copyright":"Copyright Ginebra Peña","order":6},{"localizer":"VERS_IMATGE_ESPECTACLE","url":"media/ftespect/31193/01_020_00015807/gal04.jpg","thumb_url":"media/ftespect/31193/01_020_00015807/gal04_thumb.jpg","title":"Cançó d'amor i de guerra","description":"Cançó d'amor i de guerra","copyright":"Copyright Ginebra Peña","order":7}]

<!-- This site is optimized with the Yoast SEO plugin v27.5 - https://yoast.com/product/yoast-seo-wordpress/ -->
<title>Cançó d&#039;amor i de guerra - Teatre Condal</title>
<meta name="robots" content="index, follow, max-snippet:-1, max-image-preview:large, max-video-preview:-1" />
<link rel="canonical" href="https://www.teatrecondal.cat/ca/ex/canco-damor-i-de-guerra/" />
<script type="application/ld+json" class="yoast-schema-graph">{"@context":"https:\/\/schema.org","@graph":[{"@type":"WebPage","@id":"https:\/\/www.teatrecondal.cat\/ca\/ex\/canco-damor-i-de-guerra\/","url":"https:\/\/www.teatrecondal.cat\/ca\/ex\/canco-damor-i-de-guerra\/","name":"Cançó d'amor i de guerra - Teatre Condal","isPartOf":{"@id":"https:\/\/www.teatrecondal.cat\/ca\/#website"},"datePublished":"2017-09-19T06:21:16+00:00","breadcrumb":{"@id":"https:\/\/www.teatrecondal.cat\/ca\/ex\/canco-damor-i-de-guerra\/#breadcrumb"},"inLanguage":"ca","potentialAction":[{"@type":"ReadAction","target":["https:\/\/www.teatrecondal.cat\/ca\/ex\/canco-damor-i-de-guerra\/"]}]},{"@type":"BreadcrumbList","@id":"https:\/\/www.teatrecondal.cat\/ca\/ex\/canco-damor-i-de-guerra\/#breadcrumb","itemListElement":[{"@type":"ListItem","position":1,"name":"Inici","item":"https:\/\/www.teatrecondal.cat\/ca\/"},{"@type":"ListItem","position":2,"name":"Espectacles","item":"https:\/\/www.teatrecondal.cat\/ca\/ex\/"},{"@type":"ListItem","position":3,"name":"Cançó d&#8217;amor i de guerra"}]},{"@type":"WebSite","@id":"https:\/\/www.teatrecondal.cat\/ca\/#website","url":"https:\/\/www.teatrecondal.cat\/ca\/","name":"Teatre Condal","description":"","publisher":{"@id":"https:\/\/www.teatrecondal.cat\/ca\/#organization"},"potentialAction":[{"@type":"SearchAction","target":{"@type":"EntryPoint","urlTemplate":"https:\/\/www.teatrecondal.cat\/ca\/?s={search_term_string}"},"query-input":{"@type":"PropertyValueSpecification","valueRequired":true,"valueName":"search_term_string"}}],"inLanguage":"ca"},{"@type":"Organization","@id":"https:\/\/www.teatrecondal.cat\/ca\/#organization","name":"Teatre Condal","url":"https:\/\/www.teatrecondal.cat\/ca\/","logo":{"@type":"ImageObject","inLanguage":"ca","@id":"https:\/\/www.teatrecondal.cat\/ca\/#\/schema\/logo\/image\/","url":"https:\/\/www.teatrecondal.cat\/wp-content\/uploads\/sites\/3\/2017\/09\/teatre-condal-logo.svg","contentUrl":"https:\/\/www.teatrecondal.cat\/wp-content\/uploads\/sites\/3\/2017\/09\/teatre-condal-logo.svg","width":1,"height":1,"caption":"Teatre Condal"},"image":{"@id":"https:\/\/www.teatrecondal.cat\/ca\/#\/schema\/logo\/image\/"},"sameAs":["http:\/\/www.facebook.com\/TeatreCondal","https:\/\/x.com\/Teatre_Condal","http:\/\/instagram.com\/teatre_condal","http:\/\/www.youtube.com\/user\/TeatreCondal"]}]}</script>
<!-- / Yoast SEO plugin. -->

Cançó d'amor i de guerra - Teatre Condal
