{"id":3507,"date":"2017-09-19T08:21:07","date_gmt":"2017-09-19T06:21:07","guid":{"rendered":"https:\/\/pre.teatrecondal.cat\/ex\/\/la-doble-vida-den-john\/"},"modified":"2017-09-19T08:21:07","modified_gmt":"2017-09-19T06:21:07","slug":"la-doble-vida-den-john","status":"publish","type":"ex","link":"https:\/\/www.teatrecondal.cat\/ca\/ex\/la-doble-vida-den-john\/","title":{"rendered":"La doble vida d&#8217;en John"},"content":{"rendered":"","protected":false},"excerpt":{"rendered":"","protected":false},"author":2,"featured_media":0,"comment_status":"closed","ping_status":"open","template":"","class_list":["post-3507","ex","type-ex","status-publish","hentry","season-2009-10"],"acf":{"txt_synopsis":"<p align=\"justify\">El John Smith (Joan Pera), casat amb l\u2019Antonella i amb una filla adolescent seria un home corrent si no fos perqu\u00e8... tamb\u00e9 est\u00e0 casat amb una altra dona amb la qual tamb\u00e9 t\u00e9 un fill a una altra ciutat. Durant divuit anys, el John ha aconseguit mantenir el secret fent quil\u00f2metres amunt i avall amb el seu taxi. El qu\u00e8 el John no podia preveure \u00e9s que els seus fills es farien amics per Internet i ara han decidit trobar-se en persona. El&nbsp; John haur\u00e0 de fer mans i m\u00e0nigues per evitar que les seves fam\u00edlies acabin descobrint la seva doble vida. Se'n sortir\u00e0?<\/p>","main_buy_link":"#","main_buy_links":"","group_buy_link":"","show_language":"","show_duration":"","show_start_date":"20091219000000","show_end_date":"20100620000000","show_sort_date":"20091219000000","txt_custom_show_dates":"del 19 de desembre de 2009 al 20 de juny de 2010","show_disciplines":"","show_ultimes_funcions":false,"hide_tarifes_especials":false,"show_properament":false,"txt_additional_info":"","txt_present":"","show_season":[53],"txt_season":"[\"2009\/10\"]","txt_cycle":"","txt_claim":"","txt_cast_excerpt":"","txt_cast":"","txt_reviews":"<p align=\"justify\">\"Espl\u00e8ndida Lloll Bertran\". <strong>Imma Fern\u00e1ndez. El Peri\u00f3dico<\/strong> <\/p>\n<p align=\"justify\">\"Hi destaca la contenci\u00f3 i l\u2019aplom de Lloll Bertran\". <strong>Francesc Massip. Avui<\/strong><\/p>\n<p align=\"justify\">\"Grandes interpretaciones, los actores bordan su papel; Pera en estado puro, David Verdaguer est\u00e1 sublime. Una obra ideal para todos aquellos que quieran pasar dos horas riendo a carcajadas\". <strong>Robert Mart\u00ednez. Indienauta<\/strong><\/p>\n<p align=\"justify\">\"Com\u00e8dia aguda, divertida i molt moguda que el p\u00fablic jove i gran premia omplint la sala, un dia s\u00ed i un altre tamb\u00e9. David Verdaguer fa un gran paper c\u00f2mic.\" <strong>Jos\u00e9 Antonio Aguado. Diari de Terrassa<\/strong><\/p>\n<p align=\"justify\">\u201cJoan Pera i Lloll Bertran tornen a triomfar al Condal amb un fren\u00e8tic vodevil en un muntatge \u00e0gil on s\u2019imposa un joc esc\u00e8nic fresc i fluid molt ben aconseguit pel director \u00c0ngel Ll\u00e0cer.\" <strong>Imma Fern\u00e1ndez. El Peri\u00f3dico de Catalunya<\/strong><\/p>\n<p align=\"justify\">\u201cUna com\u00e8dia que funciona com un rellotge su\u00eds i que arrenca riures durant una hora i mitja.\u201d <strong>Jordi Bordes. El Punt<\/strong><\/p>\n<p align=\"justify\">\u201cJoan Pera \u00e9s una vegada m\u00e9s dalt de l\u2019escenari del Teatre Condal el rei de la com\u00e8dia. La doble vida d\u2019en John ser\u00e0 un dels \u00e8xits del 2010 a la cartellera teatral i popular.\u201d <strong>Andreu Sotorra. Clip de Teatre<\/strong><\/p>","hashtag":"","have_promo":"","slogan":"","id_exhibicio":594,"id_versio":465,"id_local":3,"txt_seo_desc":"","data_images":"[{\"localizer\":\"VERS_IMATGE_ESPECTACLE\",\"url\":\"media\/ftespect\/310D0\/01_020_00007867\/gal01.jpg\",\"thumb_url\":\"media\/ftespect\/310D0\/01_020_00007867\/gal01_thumb.jpg\",\"title\":\"La doble vida d'en John\",\"description\":\"La doble vida d'en John\",\"copyright\":\"Copyright David Ruano\",\"order\":1},{\"localizer\":\"VERS_PDF_GIRES\",\"url\":\"media\/pressdoc\/3112A\/01_021_00008277\/FT_teatres.pdf\",\"thumb_url\":\"\",\"title\":\"La doble vida d'en John.\",\"description\":\"Fitxa t\u00e8cnica (teatres)\",\"copyright\":\"\",\"order\":1},{\"localizer\":\"VERS_IMATGE_ESPECTACLE\",\"url\":\"media\/ftespect\/310D0\/01_020_00007868\/gal02.jpg\",\"thumb_url\":\"media\/ftespect\/310D0\/01_020_00007868\/gal02_thumb.jpg\",\"title\":\"La doble vida d'en John\",\"description\":\"La doble vida d'en John\",\"copyright\":\"Copyright David Ruano\",\"order\":2},{\"localizer\":\"VERS_PDF_GIRES\",\"url\":\"media\/pressdoc\/3112A\/01_021_00008278\/FT_espais.pdf\",\"thumb_url\":\"\",\"title\":\"La doble vida d'en John.\",\"description\":\"Fitxa t\u00e8cnica (espais no teatrals)\",\"copyright\":\"\",\"order\":2},{\"localizer\":\"VERS_IMATGE_ESPECTACLE\",\"url\":\"media\/ftespect\/310D0\/01_020_00007869\/gal03.jpg\",\"thumb_url\":\"media\/ftespect\/310D0\/01_020_00007869\/gal03_thumb.jpg\",\"title\":\"La doble vida d'en John\",\"description\":\"La doble vida d'en John\",\"copyright\":\"Copyright David Ruano\",\"order\":3},{\"localizer\":\"VERS_PDF_GIRES\",\"url\":\"media\/pressdoc\/310D0\/01_021_00007833\/dossier_pag_a_pag_.pdf\",\"thumb_url\":\"\",\"title\":\"La doble vida d'en John.\",\"description\":\"Dossier de premsa\",\"copyright\":\"\",\"order\":3},{\"localizer\":\"VERS_IMATGE_ESPECTACLE\",\"url\":\"media\/ftespect\/310D0\/01_020_00007870\/gal04.jpg\",\"thumb_url\":\"media\/ftespect\/310D0\/01_020_00007870\/gal04_thumb.jpg\",\"title\":\"La doble vida d'en John\",\"description\":\"La doble vida d'en John\",\"copyright\":\"Copyright David Ruano\",\"order\":4},{\"localizer\":\"VERS_IMATGE_ESPECTACLE\",\"url\":\"media\/ftespect\/310D0\/01_020_00007872\/gal05.jpg\",\"thumb_url\":\"media\/ftespect\/310D0\/01_020_00007872\/gal05_thumb.jpg\",\"title\":\"La doble vida d'en John\",\"description\":\"La doble vida d'en John\",\"copyright\":\"Copyright David Ruano\",\"order\":5},{\"localizer\":\"VERS_PORTADA_ESPECTACLE\",\"url\":\"media\/obraport\/3112B\/01_014_00008544\/doblevida_list.jpg\",\"thumb_url\":\"\",\"title\":\"La doble vida\",\"description\":\"La doble vida\",\"copyright\":\"\",\"order\":-1},{\"localizer\":\"VERS_PORTADA_TEATRE\",\"url\":\"media\/obraporttea\/310D0\/01_017_00007873\/dvport3.jpg\",\"thumb_url\":\"\",\"title\":\"La doble vida d'en John\",\"description\":\"La doble vida d'en John\",\"copyright\":\"\",\"order\":-1}]","material__texto_intro":"","data_material":null,"data_gallery":"","data_discounts":"[{\"InfoAddicional\":\"<p><strong>Tarifa especial:<\/strong> Majors de 65 anys, menors de 14 anys, Club Tr3sC i Carnet Jove.<\/p><p><strong>Descomptes per a grups i escoles<br \/><\/strong>Tel. 93 309 70 04<br \/><\/p>\",\"Url\":\"http:\/\/www.promentrada.com\",\"Codi\":\"0\",\"LogoUrl\":\"\"}]","contract_is_open":false,"in_tour":false},"yoast_head":"<!-- This site is optimized with the Yoast SEO plugin v27.5 - https:\/\/yoast.com\/product\/yoast-seo-wordpress\/ -->\n<title>La doble vida d&#039;en John - Teatre Condal<\/title>\n<meta name=\"robots\" content=\"index, follow, max-snippet:-1, max-image-preview:large, max-video-preview:-1\" \/>\n<link rel=\"canonical\" href=\"https:\/\/www.teatrecondal.cat\/ca\/ex\/la-doble-vida-den-john\/\" \/>\n<script type=\"application\/ld+json\" class=\"yoast-schema-graph\">{\"@context\":\"https:\\\/\\\/schema.org\",\"@graph\":[{\"@type\":\"WebPage\",\"@id\":\"https:\\\/\\\/www.teatrecondal.cat\\\/ca\\\/ex\\\/la-doble-vida-den-john\\\/\",\"url\":\"https:\\\/\\\/www.teatrecondal.cat\\\/ca\\\/ex\\\/la-doble-vida-den-john\\\/\",\"name\":\"La doble vida d'en John - Teatre Condal\",\"isPartOf\":{\"@id\":\"https:\\\/\\\/www.teatrecondal.cat\\\/ca\\\/#website\"},\"datePublished\":\"2017-09-19T06:21:07+00:00\",\"breadcrumb\":{\"@id\":\"https:\\\/\\\/www.teatrecondal.cat\\\/ca\\\/ex\\\/la-doble-vida-den-john\\\/#breadcrumb\"},\"inLanguage\":\"ca\",\"potentialAction\":[{\"@type\":\"ReadAction\",\"target\":[\"https:\\\/\\\/www.teatrecondal.cat\\\/ca\\\/ex\\\/la-doble-vida-den-john\\\/\"]}]},{\"@type\":\"BreadcrumbList\",\"@id\":\"https:\\\/\\\/www.teatrecondal.cat\\\/ca\\\/ex\\\/la-doble-vida-den-john\\\/#breadcrumb\",\"itemListElement\":[{\"@type\":\"ListItem\",\"position\":1,\"name\":\"Inici\",\"item\":\"https:\\\/\\\/www.teatrecondal.cat\\\/ca\\\/\"},{\"@type\":\"ListItem\",\"position\":2,\"name\":\"Espectacles\",\"item\":\"https:\\\/\\\/www.teatrecondal.cat\\\/ca\\\/ex\\\/\"},{\"@type\":\"ListItem\",\"position\":3,\"name\":\"La doble vida d&#8217;en John\"}]},{\"@type\":\"WebSite\",\"@id\":\"https:\\\/\\\/www.teatrecondal.cat\\\/ca\\\/#website\",\"url\":\"https:\\\/\\\/www.teatrecondal.cat\\\/ca\\\/\",\"name\":\"Teatre Condal\",\"description\":\"\",\"publisher\":{\"@id\":\"https:\\\/\\\/www.teatrecondal.cat\\\/ca\\\/#organization\"},\"potentialAction\":[{\"@type\":\"SearchAction\",\"target\":{\"@type\":\"EntryPoint\",\"urlTemplate\":\"https:\\\/\\\/www.teatrecondal.cat\\\/ca\\\/?s={search_term_string}\"},\"query-input\":{\"@type\":\"PropertyValueSpecification\",\"valueRequired\":true,\"valueName\":\"search_term_string\"}}],\"inLanguage\":\"ca\"},{\"@type\":\"Organization\",\"@id\":\"https:\\\/\\\/www.teatrecondal.cat\\\/ca\\\/#organization\",\"name\":\"Teatre Condal\",\"url\":\"https:\\\/\\\/www.teatrecondal.cat\\\/ca\\\/\",\"logo\":{\"@type\":\"ImageObject\",\"inLanguage\":\"ca\",\"@id\":\"https:\\\/\\\/www.teatrecondal.cat\\\/ca\\\/#\\\/schema\\\/logo\\\/image\\\/\",\"url\":\"https:\\\/\\\/www.teatrecondal.cat\\\/wp-content\\\/uploads\\\/sites\\\/3\\\/2017\\\/09\\\/teatre-condal-logo.svg\",\"contentUrl\":\"https:\\\/\\\/www.teatrecondal.cat\\\/wp-content\\\/uploads\\\/sites\\\/3\\\/2017\\\/09\\\/teatre-condal-logo.svg\",\"width\":1,\"height\":1,\"caption\":\"Teatre Condal\"},\"image\":{\"@id\":\"https:\\\/\\\/www.teatrecondal.cat\\\/ca\\\/#\\\/schema\\\/logo\\\/image\\\/\"},\"sameAs\":[\"http:\\\/\\\/www.facebook.com\\\/TeatreCondal\",\"https:\\\/\\\/x.com\\\/Teatre_Condal\",\"http:\\\/\\\/instagram.com\\\/teatre_condal\",\"http:\\\/\\\/www.youtube.com\\\/user\\\/TeatreCondal\"]}]}<\/script>\n<!-- \/ Yoast SEO plugin. -->","yoast_head_json":{"title":"La doble vida d'en John - Teatre Condal","robots":{"index":"index","follow":"follow","max-snippet":"max-snippet:-1","max-image-preview":"max-image-preview:large","max-video-preview":"max-video-preview:-1"},"canonical":"https:\/\/www.teatrecondal.cat\/ca\/ex\/la-doble-vida-den-john\/","schema":{"@context":"https:\/\/schema.org","@graph":[{"@type":"WebPage","@id":"https:\/\/www.teatrecondal.cat\/ca\/ex\/la-doble-vida-den-john\/","url":"https:\/\/www.teatrecondal.cat\/ca\/ex\/la-doble-vida-den-john\/","name":"La doble vida d'en John - Teatre Condal","isPartOf":{"@id":"https:\/\/www.teatrecondal.cat\/ca\/#website"},"datePublished":"2017-09-19T06:21:07+00:00","breadcrumb":{"@id":"https:\/\/www.teatrecondal.cat\/ca\/ex\/la-doble-vida-den-john\/#breadcrumb"},"inLanguage":"ca","potentialAction":[{"@type":"ReadAction","target":["https:\/\/www.teatrecondal.cat\/ca\/ex\/la-doble-vida-den-john\/"]}]},{"@type":"BreadcrumbList","@id":"https:\/\/www.teatrecondal.cat\/ca\/ex\/la-doble-vida-den-john\/#breadcrumb","itemListElement":[{"@type":"ListItem","position":1,"name":"Inici","item":"https:\/\/www.teatrecondal.cat\/ca\/"},{"@type":"ListItem","position":2,"name":"Espectacles","item":"https:\/\/www.teatrecondal.cat\/ca\/ex\/"},{"@type":"ListItem","position":3,"name":"La doble vida d&#8217;en John"}]},{"@type":"WebSite","@id":"https:\/\/www.teatrecondal.cat\/ca\/#website","url":"https:\/\/www.teatrecondal.cat\/ca\/","name":"Teatre Condal","description":"","publisher":{"@id":"https:\/\/www.teatrecondal.cat\/ca\/#organization"},"potentialAction":[{"@type":"SearchAction","target":{"@type":"EntryPoint","urlTemplate":"https:\/\/www.teatrecondal.cat\/ca\/?s={search_term_string}"},"query-input":{"@type":"PropertyValueSpecification","valueRequired":true,"valueName":"search_term_string"}}],"inLanguage":"ca"},{"@type":"Organization","@id":"https:\/\/www.teatrecondal.cat\/ca\/#organization","name":"Teatre Condal","url":"https:\/\/www.teatrecondal.cat\/ca\/","logo":{"@type":"ImageObject","inLanguage":"ca","@id":"https:\/\/www.teatrecondal.cat\/ca\/#\/schema\/logo\/image\/","url":"https:\/\/www.teatrecondal.cat\/wp-content\/uploads\/sites\/3\/2017\/09\/teatre-condal-logo.svg","contentUrl":"https:\/\/www.teatrecondal.cat\/wp-content\/uploads\/sites\/3\/2017\/09\/teatre-condal-logo.svg","width":1,"height":1,"caption":"Teatre Condal"},"image":{"@id":"https:\/\/www.teatrecondal.cat\/ca\/#\/schema\/logo\/image\/"},"sameAs":["http:\/\/www.facebook.com\/TeatreCondal","https:\/\/x.com\/Teatre_Condal","http:\/\/instagram.com\/teatre_condal","http:\/\/www.youtube.com\/user\/TeatreCondal"]}]}},"translations":[{"id":3507,"locale":"ca"},{"id":3909,"locale":"es"}],"_links":{"self":[{"href":"https:\/\/www.teatrecondal.cat\/ca\/wp-json\/wp\/v2\/ex\/3507","targetHints":{"allow":["GET"]}}],"collection":[{"href":"https:\/\/www.teatrecondal.cat\/ca\/wp-json\/wp\/v2\/ex"}],"about":[{"href":"https:\/\/www.teatrecondal.cat\/ca\/wp-json\/wp\/v2\/types\/ex"}],"author":[{"embeddable":true,"href":"https:\/\/www.teatrecondal.cat\/ca\/wp-json\/wp\/v2\/users\/2"}],"replies":[{"embeddable":true,"href":"https:\/\/www.teatrecondal.cat\/ca\/wp-json\/wp\/v2\/comments?post=3507"}],"acf:term":[{"embeddable":true,"taxonomy":"season","href":"https:\/\/www.teatrecondal.cat\/ca\/wp-json\/wp\/v2\/season\/53"}],"wp:attachment":[{"href":"https:\/\/www.teatrecondal.cat\/ca\/wp-json\/wp\/v2\/media?parent=3507"}],"curies":[{"name":"wp","href":"https:\/\/api.w.org\/{rel}","templated":true}]}}

<p align="justify">El John Smith (Joan Pera), casat amb l’Antonella i amb una filla adolescent seria un home corrent si no fos perquè... també està casat amb una altra dona amb la qual també té un fill a una altra ciutat. Durant divuit anys, el John ha aconseguit mantenir el secret fent quilòmetres amunt i avall amb el seu taxi. El què el John no podia preveure és que els seus fills es farien amics per Internet i ara han decidit trobar-se en persona. El&nbsp; John haurà de fer mans i mànigues per evitar que les seves famílies acabin descobrint la seva doble vida. Se'n sortirà?</p>

<p align="justify">"Esplèndida Lloll Bertran". <strong>Imma Fernández. El Periódico</strong> </p>
<p align="justify">"Hi destaca la contenció i l’aplom de Lloll Bertran". <strong>Francesc Massip. Avui</strong></p>
<p align="justify">"Grandes interpretaciones, los actores bordan su papel; Pera en estado puro, David Verdaguer está sublime. Una obra ideal para todos aquellos que quieran pasar dos horas riendo a carcajadas". <strong>Robert Martínez. Indienauta</strong></p>
<p align="justify">"Comèdia aguda, divertida i molt moguda que el públic jove i gran premia omplint la sala, un dia sí i un altre també. David Verdaguer fa un gran paper còmic." <strong>José Antonio Aguado. Diari de Terrassa</strong></p>
<p align="justify">“Joan Pera i Lloll Bertran tornen a triomfar al Condal amb un frenètic vodevil en un muntatge àgil on s’imposa un joc escènic fresc i fluid molt ben aconseguit pel director Àngel Llàcer." <strong>Imma Fernández. El Periódico de Catalunya</strong></p>
<p align="justify">“Una comèdia que funciona com un rellotge suís i que arrenca riures durant una hora i mitja.” <strong>Jordi Bordes. El Punt</strong></p>
<p align="justify">“Joan Pera és una vegada més dalt de l’escenari del Teatre Condal el rei de la comèdia. La doble vida d’en John serà un dels èxits del 2010 a la cartellera teatral i popular.” <strong>Andreu Sotorra. Clip de Teatre</strong></p>

[{"localizer":"VERS_IMATGE_ESPECTACLE","url":"media/ftespect/310D0/01_020_00007867/gal01.jpg","thumb_url":"media/ftespect/310D0/01_020_00007867/gal01_thumb.jpg","title":"La doble vida d'en John","description":"La doble vida d'en John","copyright":"Copyright David Ruano","order":1},{"localizer":"VERS_PDF_GIRES","url":"media/pressdoc/3112A/01_021_00008277/FT_teatres.pdf","thumb_url":"","title":"La doble vida d'en John.","description":"Fitxa tècnica (teatres)","copyright":"","order":1},{"localizer":"VERS_IMATGE_ESPECTACLE","url":"media/ftespect/310D0/01_020_00007868/gal02.jpg","thumb_url":"media/ftespect/310D0/01_020_00007868/gal02_thumb.jpg","title":"La doble vida d'en John","description":"La doble vida d'en John","copyright":"Copyright David Ruano","order":2},{"localizer":"VERS_PDF_GIRES","url":"media/pressdoc/3112A/01_021_00008278/FT_espais.pdf","thumb_url":"","title":"La doble vida d'en John.","description":"Fitxa tècnica (espais no teatrals)","copyright":"","order":2},{"localizer":"VERS_IMATGE_ESPECTACLE","url":"media/ftespect/310D0/01_020_00007869/gal03.jpg","thumb_url":"media/ftespect/310D0/01_020_00007869/gal03_thumb.jpg","title":"La doble vida d'en John","description":"La doble vida d'en John","copyright":"Copyright David Ruano","order":3},{"localizer":"VERS_PDF_GIRES","url":"media/pressdoc/310D0/01_021_00007833/dossier_pag_a_pag_.pdf","thumb_url":"","title":"La doble vida d'en John.","description":"Dossier de premsa","copyright":"","order":3},{"localizer":"VERS_IMATGE_ESPECTACLE","url":"media/ftespect/310D0/01_020_00007870/gal04.jpg","thumb_url":"media/ftespect/310D0/01_020_00007870/gal04_thumb.jpg","title":"La doble vida d'en John","description":"La doble vida d'en John","copyright":"Copyright David Ruano","order":4},{"localizer":"VERS_IMATGE_ESPECTACLE","url":"media/ftespect/310D0/01_020_00007872/gal05.jpg","thumb_url":"media/ftespect/310D0/01_020_00007872/gal05_thumb.jpg","title":"La doble vida d'en John","description":"La doble vida d'en John","copyright":"Copyright David Ruano","order":5},{"localizer":"VERS_PORTADA_ESPECTACLE","url":"media/obraport/3112B/01_014_00008544/doblevida_list.jpg","thumb_url":"","title":"La doble vida","description":"La doble vida","copyright":"","order":-1},{"localizer":"VERS_PORTADA_TEATRE","url":"media/obraporttea/310D0/01_017_00007873/dvport3.jpg","thumb_url":"","title":"La doble vida d'en John","description":"La doble vida d'en John","copyright":"","order":-1}]
