{"id":3506,"date":"2017-09-19T08:21:06","date_gmt":"2017-09-19T06:21:06","guid":{"rendered":"https:\/\/pre.teatrecondal.cat\/ex\/\/la-montana-rusa\/"},"modified":"2017-09-19T08:21:06","modified_gmt":"2017-09-19T06:21:06","slug":"la-montana-rusa","status":"publish","type":"ex","link":"https:\/\/www.teatrecondal.cat\/ca\/ex\/la-montana-rusa\/","title":{"rendered":"La monta\u00f1a rusa"},"content":{"rendered":"","protected":false},"excerpt":{"rendered":"","protected":false},"author":2,"featured_media":0,"comment_status":"closed","ping_status":"open","template":"","class_list":["post-3506","ex","type-ex","status-publish","hentry","season-2009-10"],"acf":{"txt_synopsis":"<p align=\"justify\">C\u00e9sar \u00e9s un home madur, f\u00edsicament atractiu i interessant, un empresari d\u2019\u00e8xit, amb una vida familiar estable i feli\u00e7... aparentment ho t\u00e9 tot i creu que totes les peces de la seva vida estan perfectament encaixades... Impossible per a ell imaginar que un vespre d\u2019hivern, el d\u2019avui, viur\u00e0 una de les perip\u00e8cies m\u00e9s sorprenents que li poden passar a un home. La perip\u00e8cia t\u00e9 nom de dona, Lola, \u00e9s molt atractiva, simp\u00e0tica i aparentment disposada a una aventura sense m\u00e9s complicacions... No obstant aix\u00f2, amb ella res \u00e9s el que sembla... C\u00e9sar i l\u2019espectador viuran tota l\u2019emoci\u00f3, el vertigen i la diversi\u00f3 que implica una muntanya russa emocional. <\/p>","main_buy_link":"#","main_buy_links":"","group_buy_link":"","show_language":"","show_duration":"","show_start_date":"20090914000000","show_end_date":"20091213000000","show_sort_date":"20090914000000","txt_custom_show_dates":"del 14 de setembre al 13 de desembre de 2009","show_disciplines":"","show_ultimes_funcions":false,"hide_tarifes_especials":false,"show_properament":false,"txt_additional_info":"","txt_present":"","show_season":[53],"txt_season":"[\"2009\/10\"]","txt_cycle":"","txt_claim":"","txt_cast_excerpt":"","txt_cast":"","txt_reviews":"<p align=\"justify\">\"Un gui\u00f3n s\u00f3lido, geniales interpretaciones y toda una retah\u00edla de situaciones c\u00f3micas y de equ\u00edvocos que no pueden menos que hacer explotar las carcajadas del p\u00fablico.\" Jorge Pisa. <strong>Indienauta<\/strong><\/p>\n<p align=\"justify\">\"El seu personatge es guanya el p\u00fablic i el va arrossegant amb complicitat cap al desenlla\u00e7 final. Tamb\u00e9 ho fa l'actriu Carmen del Valle, que t\u00e9 la responsabilitat de marcar un contrapunt entre la maduresa d'ell i la joventut d'ella sense caure en el perill de la ridiculitzaci\u00f3 d'un ni l'ab\u00fas de t\u00f2pics de l'altra. Un i l'altre dominen l'escena sense afectacions, en un clima gaireb\u00e9 dom\u00e8stic, cre\u00efble, marcat per una naturalitat aconseguida amb professionalitat actoral.\" Andreu Sotorra. <strong>Clip de Teatre<br \/><br \/><\/strong>\u201cArturo Fern\u00e1ndez torna a aconseguir arrencar les rialles dels espectadors durant les dues hores de representaci\u00f3.\u201d Mar Vila. <strong>Teatralnet<br \/><\/strong><\/p>","hashtag":"","have_promo":"","slogan":"","id_exhibicio":562,"id_versio":443,"id_local":3,"txt_seo_desc":"","data_images":"[{\"localizer\":\"VERS_IMATGE_ESPECTACLE\",\"url\":\"media\/ftespect\/310CC\/01_020_00006800\/mrusa_gal14.jpg\",\"thumb_url\":\"media\/ftespect\/310CC\/01_020_00006800\/mrusa_gal14_thumb.jpg\",\"title\":\"La monta\u00f1a rusa\",\"description\":\"La monta\u00f1a rusa\",\"copyright\":\"Copyright J. A. Beorlegui\",\"order\":-1},{\"localizer\":\"VERS_IMATGE_ESPECTACLE\",\"url\":\"media\/ftespect\/310CC\/01_020_00006799\/mrusa_gal12.jpg\",\"thumb_url\":\"media\/ftespect\/310CC\/01_020_00006799\/mrusa_gal12_thumb.jpg\",\"title\":\"La monta\u00f1a rusa\",\"description\":\"La monta\u00f1a rusa\",\"copyright\":\"Copyright J. A. Beorlegui\",\"order\":-1},{\"localizer\":\"VERS_IMATGE_ESPECTACLE\",\"url\":\"media\/ftespect\/310CC\/01_020_00006798\/mrusa_gal04.jpg\",\"thumb_url\":\"media\/ftespect\/310CC\/01_020_00006798\/mrusa_gal04_thumb.jpg\",\"title\":\"La monta\u00f1a rusa\",\"description\":\"La monta\u00f1a rusa\",\"copyright\":\"Copyright J. A. Beorlegui\",\"order\":-1},{\"localizer\":\"VERS_PORTADA_TEATRE\",\"url\":\"media\/obraporttea\/310CD\/01_017_00006905\/mrusa_portada.jpg\",\"thumb_url\":\"\",\"title\":\"La monta\u00f1a rusa\",\"description\":\"La monta\u00f1a rusa\",\"copyright\":\"\",\"order\":-1},{\"localizer\":\"VERS_IMATGE_ESPECTACLE\",\"url\":\"media\/ftespect\/310CC\/01_020_00006796\/mrusa_gal.jpg\",\"thumb_url\":\"media\/ftespect\/310CC\/01_020_00006796\/mrusa_gal_thumb.jpg\",\"title\":\"La monta\u00f1a rusa\",\"description\":\"La monta\u00f1a rusa\",\"copyright\":\"Copyright J. A. Beorlegui\",\"order\":-1},{\"localizer\":\"VERS_PORTADA_ESPECTACLE\",\"url\":\"media\/obraport\/310CA\/01_014_00005647\/montana_list.jpg\",\"thumb_url\":\"\",\"title\":\"La monta\u00f1a rusa\",\"description\":\"La monta\u00f1a rusa\",\"copyright\":\"\",\"order\":-1},{\"localizer\":\"VERS_IMATGE_ESPECTACLE\",\"url\":\"media\/ftespect\/310CC\/01_020_00006797\/mrusa_gal03.jpg\",\"thumb_url\":\"media\/ftespect\/310CC\/01_020_00006797\/mrusa_gal03_thumb.jpg\",\"title\":\"La monta\u00f1a rusa\",\"description\":\"La monta\u00f1a rusa\",\"copyright\":\"Copyright J. A. Beorlegui\",\"order\":-1}]","material__texto_intro":"","data_material":null,"data_gallery":"","data_discounts":"[{\"InfoAddicional\":\"<p><strong>Tarifa especial:<\/strong> Majors de 65 anys, menors de 14 anys, Club Tr3sC i Carnet Jove.<\/p><p><strong>Descomptes per a grups i escoles<br \/><\/strong>Tel. 93 309 70 04<br \/><\/p>\",\"Url\":\"http:\/\/www.promentrada.com\",\"Codi\":\"0\",\"LogoUrl\":\"\"}]","contract_is_open":false,"in_tour":false},"yoast_head":"<!-- This site is optimized with the Yoast SEO plugin v27.5 - https:\/\/yoast.com\/product\/yoast-seo-wordpress\/ -->\n<title>La monta\u00f1a rusa - Teatre Condal<\/title>\n<meta name=\"robots\" content=\"index, follow, max-snippet:-1, max-image-preview:large, max-video-preview:-1\" \/>\n<link rel=\"canonical\" href=\"https:\/\/www.teatrecondal.cat\/ca\/ex\/la-montana-rusa\/\" \/>\n<script type=\"application\/ld+json\" class=\"yoast-schema-graph\">{\"@context\":\"https:\\\/\\\/schema.org\",\"@graph\":[{\"@type\":\"WebPage\",\"@id\":\"https:\\\/\\\/www.teatrecondal.cat\\\/ca\\\/ex\\\/la-montana-rusa\\\/\",\"url\":\"https:\\\/\\\/www.teatrecondal.cat\\\/ca\\\/ex\\\/la-montana-rusa\\\/\",\"name\":\"La monta\u00f1a rusa - Teatre Condal\",\"isPartOf\":{\"@id\":\"https:\\\/\\\/www.teatrecondal.cat\\\/ca\\\/#website\"},\"datePublished\":\"2017-09-19T06:21:06+00:00\",\"breadcrumb\":{\"@id\":\"https:\\\/\\\/www.teatrecondal.cat\\\/ca\\\/ex\\\/la-montana-rusa\\\/#breadcrumb\"},\"inLanguage\":\"ca\",\"potentialAction\":[{\"@type\":\"ReadAction\",\"target\":[\"https:\\\/\\\/www.teatrecondal.cat\\\/ca\\\/ex\\\/la-montana-rusa\\\/\"]}]},{\"@type\":\"BreadcrumbList\",\"@id\":\"https:\\\/\\\/www.teatrecondal.cat\\\/ca\\\/ex\\\/la-montana-rusa\\\/#breadcrumb\",\"itemListElement\":[{\"@type\":\"ListItem\",\"position\":1,\"name\":\"Inici\",\"item\":\"https:\\\/\\\/www.teatrecondal.cat\\\/ca\\\/\"},{\"@type\":\"ListItem\",\"position\":2,\"name\":\"Espectacles\",\"item\":\"https:\\\/\\\/www.teatrecondal.cat\\\/ca\\\/ex\\\/\"},{\"@type\":\"ListItem\",\"position\":3,\"name\":\"La monta\u00f1a rusa\"}]},{\"@type\":\"WebSite\",\"@id\":\"https:\\\/\\\/www.teatrecondal.cat\\\/ca\\\/#website\",\"url\":\"https:\\\/\\\/www.teatrecondal.cat\\\/ca\\\/\",\"name\":\"Teatre Condal\",\"description\":\"\",\"publisher\":{\"@id\":\"https:\\\/\\\/www.teatrecondal.cat\\\/ca\\\/#organization\"},\"potentialAction\":[{\"@type\":\"SearchAction\",\"target\":{\"@type\":\"EntryPoint\",\"urlTemplate\":\"https:\\\/\\\/www.teatrecondal.cat\\\/ca\\\/?s={search_term_string}\"},\"query-input\":{\"@type\":\"PropertyValueSpecification\",\"valueRequired\":true,\"valueName\":\"search_term_string\"}}],\"inLanguage\":\"ca\"},{\"@type\":\"Organization\",\"@id\":\"https:\\\/\\\/www.teatrecondal.cat\\\/ca\\\/#organization\",\"name\":\"Teatre Condal\",\"url\":\"https:\\\/\\\/www.teatrecondal.cat\\\/ca\\\/\",\"logo\":{\"@type\":\"ImageObject\",\"inLanguage\":\"ca\",\"@id\":\"https:\\\/\\\/www.teatrecondal.cat\\\/ca\\\/#\\\/schema\\\/logo\\\/image\\\/\",\"url\":\"https:\\\/\\\/www.teatrecondal.cat\\\/wp-content\\\/uploads\\\/sites\\\/3\\\/2017\\\/09\\\/teatre-condal-logo.svg\",\"contentUrl\":\"https:\\\/\\\/www.teatrecondal.cat\\\/wp-content\\\/uploads\\\/sites\\\/3\\\/2017\\\/09\\\/teatre-condal-logo.svg\",\"width\":1,\"height\":1,\"caption\":\"Teatre Condal\"},\"image\":{\"@id\":\"https:\\\/\\\/www.teatrecondal.cat\\\/ca\\\/#\\\/schema\\\/logo\\\/image\\\/\"},\"sameAs\":[\"http:\\\/\\\/www.facebook.com\\\/TeatreCondal\",\"https:\\\/\\\/x.com\\\/Teatre_Condal\",\"http:\\\/\\\/instagram.com\\\/teatre_condal\",\"http:\\\/\\\/www.youtube.com\\\/user\\\/TeatreCondal\"]}]}<\/script>\n<!-- \/ Yoast SEO plugin. -->","yoast_head_json":{"title":"La monta\u00f1a rusa - Teatre Condal","robots":{"index":"index","follow":"follow","max-snippet":"max-snippet:-1","max-image-preview":"max-image-preview:large","max-video-preview":"max-video-preview:-1"},"canonical":"https:\/\/www.teatrecondal.cat\/ca\/ex\/la-montana-rusa\/","schema":{"@context":"https:\/\/schema.org","@graph":[{"@type":"WebPage","@id":"https:\/\/www.teatrecondal.cat\/ca\/ex\/la-montana-rusa\/","url":"https:\/\/www.teatrecondal.cat\/ca\/ex\/la-montana-rusa\/","name":"La monta\u00f1a rusa - Teatre Condal","isPartOf":{"@id":"https:\/\/www.teatrecondal.cat\/ca\/#website"},"datePublished":"2017-09-19T06:21:06+00:00","breadcrumb":{"@id":"https:\/\/www.teatrecondal.cat\/ca\/ex\/la-montana-rusa\/#breadcrumb"},"inLanguage":"ca","potentialAction":[{"@type":"ReadAction","target":["https:\/\/www.teatrecondal.cat\/ca\/ex\/la-montana-rusa\/"]}]},{"@type":"BreadcrumbList","@id":"https:\/\/www.teatrecondal.cat\/ca\/ex\/la-montana-rusa\/#breadcrumb","itemListElement":[{"@type":"ListItem","position":1,"name":"Inici","item":"https:\/\/www.teatrecondal.cat\/ca\/"},{"@type":"ListItem","position":2,"name":"Espectacles","item":"https:\/\/www.teatrecondal.cat\/ca\/ex\/"},{"@type":"ListItem","position":3,"name":"La monta\u00f1a rusa"}]},{"@type":"WebSite","@id":"https:\/\/www.teatrecondal.cat\/ca\/#website","url":"https:\/\/www.teatrecondal.cat\/ca\/","name":"Teatre Condal","description":"","publisher":{"@id":"https:\/\/www.teatrecondal.cat\/ca\/#organization"},"potentialAction":[{"@type":"SearchAction","target":{"@type":"EntryPoint","urlTemplate":"https:\/\/www.teatrecondal.cat\/ca\/?s={search_term_string}"},"query-input":{"@type":"PropertyValueSpecification","valueRequired":true,"valueName":"search_term_string"}}],"inLanguage":"ca"},{"@type":"Organization","@id":"https:\/\/www.teatrecondal.cat\/ca\/#organization","name":"Teatre Condal","url":"https:\/\/www.teatrecondal.cat\/ca\/","logo":{"@type":"ImageObject","inLanguage":"ca","@id":"https:\/\/www.teatrecondal.cat\/ca\/#\/schema\/logo\/image\/","url":"https:\/\/www.teatrecondal.cat\/wp-content\/uploads\/sites\/3\/2017\/09\/teatre-condal-logo.svg","contentUrl":"https:\/\/www.teatrecondal.cat\/wp-content\/uploads\/sites\/3\/2017\/09\/teatre-condal-logo.svg","width":1,"height":1,"caption":"Teatre Condal"},"image":{"@id":"https:\/\/www.teatrecondal.cat\/ca\/#\/schema\/logo\/image\/"},"sameAs":["http:\/\/www.facebook.com\/TeatreCondal","https:\/\/x.com\/Teatre_Condal","http:\/\/instagram.com\/teatre_condal","http:\/\/www.youtube.com\/user\/TeatreCondal"]}]}},"translations":[{"id":3506,"locale":"ca"},{"id":3908,"locale":"es"}],"_links":{"self":[{"href":"https:\/\/www.teatrecondal.cat\/ca\/wp-json\/wp\/v2\/ex\/3506","targetHints":{"allow":["GET"]}}],"collection":[{"href":"https:\/\/www.teatrecondal.cat\/ca\/wp-json\/wp\/v2\/ex"}],"about":[{"href":"https:\/\/www.teatrecondal.cat\/ca\/wp-json\/wp\/v2\/types\/ex"}],"author":[{"embeddable":true,"href":"https:\/\/www.teatrecondal.cat\/ca\/wp-json\/wp\/v2\/users\/2"}],"replies":[{"embeddable":true,"href":"https:\/\/www.teatrecondal.cat\/ca\/wp-json\/wp\/v2\/comments?post=3506"}],"acf:term":[{"embeddable":true,"taxonomy":"season","href":"https:\/\/www.teatrecondal.cat\/ca\/wp-json\/wp\/v2\/season\/53"}],"wp:attachment":[{"href":"https:\/\/www.teatrecondal.cat\/ca\/wp-json\/wp\/v2\/media?parent=3506"}],"curies":[{"name":"wp","href":"https:\/\/api.w.org\/{rel}","templated":true}]}}

La montaña rusa

<p align="justify">César és un home madur, físicament atractiu i interessant, un empresari d’èxit, amb una vida familiar estable i feliç... aparentment ho té tot i creu que totes les peces de la seva vida estan perfectament encaixades... Impossible per a ell imaginar que un vespre d’hivern, el d’avui, viurà una de les peripècies més sorprenents que li poden passar a un home. La peripècia té nom de dona, Lola, és molt atractiva, simpàtica i aparentment disposada a una aventura sense més complicacions... No obstant això, amb ella res és el que sembla... César i l’espectador viuran tota l’emoció, el vertigen i la diversió que implica una muntanya russa emocional. </p>

<p align="justify">"Un guión sólido, geniales interpretaciones y toda una retahíla de situaciones cómicas y de equívocos que no pueden menos que hacer explotar las carcajadas del público." Jorge Pisa. <strong>Indienauta</strong></p>
<p align="justify">"El seu personatge es guanya el públic i el va arrossegant amb complicitat cap al desenllaç final. També ho fa l'actriu Carmen del Valle, que té la responsabilitat de marcar un contrapunt entre la maduresa d'ell i la joventut d'ella sense caure en el perill de la ridiculització d'un ni l'abús de tòpics de l'altra. Un i l'altre dominen l'escena sense afectacions, en un clima gairebé domèstic, creïble, marcat per una naturalitat aconseguida amb professionalitat actoral." Andreu Sotorra. <strong>Clip de Teatre<br /><br /></strong>“Arturo Fernández torna a aconseguir arrencar les rialles dels espectadors durant les dues hores de representació.” Mar Vila. <strong>Teatralnet<br /></strong></p>

[{"localizer":"VERS_IMATGE_ESPECTACLE","url":"media/ftespect/310CC/01_020_00006800/mrusa_gal14.jpg","thumb_url":"media/ftespect/310CC/01_020_00006800/mrusa_gal14_thumb.jpg","title":"La montaña rusa","description":"La montaña rusa","copyright":"Copyright J. A. Beorlegui","order":-1},{"localizer":"VERS_IMATGE_ESPECTACLE","url":"media/ftespect/310CC/01_020_00006799/mrusa_gal12.jpg","thumb_url":"media/ftespect/310CC/01_020_00006799/mrusa_gal12_thumb.jpg","title":"La montaña rusa","description":"La montaña rusa","copyright":"Copyright J. A. Beorlegui","order":-1},{"localizer":"VERS_IMATGE_ESPECTACLE","url":"media/ftespect/310CC/01_020_00006798/mrusa_gal04.jpg","thumb_url":"media/ftespect/310CC/01_020_00006798/mrusa_gal04_thumb.jpg","title":"La montaña rusa","description":"La montaña rusa","copyright":"Copyright J. A. Beorlegui","order":-1},{"localizer":"VERS_PORTADA_TEATRE","url":"media/obraporttea/310CD/01_017_00006905/mrusa_portada.jpg","thumb_url":"","title":"La montaña rusa","description":"La montaña rusa","copyright":"","order":-1},{"localizer":"VERS_IMATGE_ESPECTACLE","url":"media/ftespect/310CC/01_020_00006796/mrusa_gal.jpg","thumb_url":"media/ftespect/310CC/01_020_00006796/mrusa_gal_thumb.jpg","title":"La montaña rusa","description":"La montaña rusa","copyright":"Copyright J. A. Beorlegui","order":-1},{"localizer":"VERS_PORTADA_ESPECTACLE","url":"media/obraport/310CA/01_014_00005647/montana_list.jpg","thumb_url":"","title":"La montaña rusa","description":"La montaña rusa","copyright":"","order":-1},{"localizer":"VERS_IMATGE_ESPECTACLE","url":"media/ftespect/310CC/01_020_00006797/mrusa_gal03.jpg","thumb_url":"media/ftespect/310CC/01_020_00006797/mrusa_gal03_thumb.jpg","title":"La montaña rusa","description":"La montaña rusa","copyright":"Copyright J. A. Beorlegui","order":-1}]

<!-- This site is optimized with the Yoast SEO plugin v27.5 - https://yoast.com/product/yoast-seo-wordpress/ -->
<title>La montaña rusa - Teatre Condal</title>
<meta name="robots" content="index, follow, max-snippet:-1, max-image-preview:large, max-video-preview:-1" />
<link rel="canonical" href="https://www.teatrecondal.cat/ca/ex/la-montana-rusa/" />
<script type="application/ld+json" class="yoast-schema-graph">{"@context":"https:\/\/schema.org","@graph":[{"@type":"WebPage","@id":"https:\/\/www.teatrecondal.cat\/ca\/ex\/la-montana-rusa\/","url":"https:\/\/www.teatrecondal.cat\/ca\/ex\/la-montana-rusa\/","name":"La montaña rusa - Teatre Condal","isPartOf":{"@id":"https:\/\/www.teatrecondal.cat\/ca\/#website"},"datePublished":"2017-09-19T06:21:06+00:00","breadcrumb":{"@id":"https:\/\/www.teatrecondal.cat\/ca\/ex\/la-montana-rusa\/#breadcrumb"},"inLanguage":"ca","potentialAction":[{"@type":"ReadAction","target":["https:\/\/www.teatrecondal.cat\/ca\/ex\/la-montana-rusa\/"]}]},{"@type":"BreadcrumbList","@id":"https:\/\/www.teatrecondal.cat\/ca\/ex\/la-montana-rusa\/#breadcrumb","itemListElement":[{"@type":"ListItem","position":1,"name":"Inici","item":"https:\/\/www.teatrecondal.cat\/ca\/"},{"@type":"ListItem","position":2,"name":"Espectacles","item":"https:\/\/www.teatrecondal.cat\/ca\/ex\/"},{"@type":"ListItem","position":3,"name":"La montaña rusa"}]},{"@type":"WebSite","@id":"https:\/\/www.teatrecondal.cat\/ca\/#website","url":"https:\/\/www.teatrecondal.cat\/ca\/","name":"Teatre Condal","description":"","publisher":{"@id":"https:\/\/www.teatrecondal.cat\/ca\/#organization"},"potentialAction":[{"@type":"SearchAction","target":{"@type":"EntryPoint","urlTemplate":"https:\/\/www.teatrecondal.cat\/ca\/?s={search_term_string}"},"query-input":{"@type":"PropertyValueSpecification","valueRequired":true,"valueName":"search_term_string"}}],"inLanguage":"ca"},{"@type":"Organization","@id":"https:\/\/www.teatrecondal.cat\/ca\/#organization","name":"Teatre Condal","url":"https:\/\/www.teatrecondal.cat\/ca\/","logo":{"@type":"ImageObject","inLanguage":"ca","@id":"https:\/\/www.teatrecondal.cat\/ca\/#\/schema\/logo\/image\/","url":"https:\/\/www.teatrecondal.cat\/wp-content\/uploads\/sites\/3\/2017\/09\/teatre-condal-logo.svg","contentUrl":"https:\/\/www.teatrecondal.cat\/wp-content\/uploads\/sites\/3\/2017\/09\/teatre-condal-logo.svg","width":1,"height":1,"caption":"Teatre Condal"},"image":{"@id":"https:\/\/www.teatrecondal.cat\/ca\/#\/schema\/logo\/image\/"},"sameAs":["http:\/\/www.facebook.com\/TeatreCondal","https:\/\/x.com\/Teatre_Condal","http:\/\/instagram.com\/teatre_condal","http:\/\/www.youtube.com\/user\/TeatreCondal"]}]}</script>
<!-- / Yoast SEO plugin. -->

La montaña rusa - Teatre Condal
