{"id":3495,"date":"2017-09-19T08:20:57","date_gmt":"2017-09-19T06:20:57","guid":{"rendered":"https:\/\/pre.teatrecondal.cat\/ex\/\/el-trencanous-3\/"},"modified":"2017-09-19T08:20:57","modified_gmt":"2017-09-19T06:20:57","slug":"el-trencanous-3","status":"publish","type":"ex","link":"https:\/\/www.teatrecondal.cat\/ca\/ex\/el-trencanous-3\/","title":{"rendered":"El Trencanous"},"content":{"rendered":"","protected":false},"excerpt":{"rendered":"","protected":false},"author":2,"featured_media":0,"comment_status":"closed","ping_status":"open","template":"","class_list":["post-3495","ex","type-ex","status-publish","hentry","season-2006-07"],"acf":{"txt_synopsis":"<p align=\"justify\">La Companyia de Ballet de Santa Coloma de Gramenet - David Campos ha redissenyat aquest cl\u00e0ssic de Txaicovski amb molts dels referents d'aquest ballet, per\u00f2 fent una revisi\u00f3 conceptual de l'obra, realitzant un esfor\u00e7 important per apropar-la al nostres dies i a un llenguatge m\u00e9s actual. <\/p>\n<p align=\"justify\">Fidel a l'esperit original, el director David Campos ha treballat amb la m\u00e0gia de l'obra situant l'acci\u00f3 a l'\u00e8poca de Nadal, tot i que en un context molt diferent de l'habitual. El core\u00f2graf s'ha envoltat per a aquest projecte de joves talents molt allunyats culturalment i est\u00e8ticament d'aquesta obra, un fet que provoca sens dubte una mirada molt personal sobre aquest cl\u00e0ssic.<\/p>","main_buy_link":"#","main_buy_links":"","group_buy_link":"","show_language":"","show_duration":"","show_start_date":"20070205000000","show_end_date":"20070218000000","show_sort_date":"20070205000000","txt_custom_show_dates":"del 5 al 18 de febrer de 2007","show_disciplines":"","show_ultimes_funcions":false,"hide_tarifes_especials":false,"show_properament":false,"txt_additional_info":"","txt_present":"","show_season":[50],"txt_season":"[\"2006\/07\"]","txt_cycle":"","txt_claim":"","txt_cast_excerpt":"","txt_cast":"","txt_reviews":"","hashtag":"","have_promo":"","slogan":"","id_exhibicio":366,"id_versio":308,"id_local":3,"txt_seo_desc":"","data_images":"[{\"localizer\":\"WAVERPORTADA\",\"url\":\"media\/archivos\/HIDDEN_128_308_IMATGE_CARTELL_G_sinopsis_gran.jpg\",\"thumb_url\":\"media\/archivos\/HIDDEN_128_308_IMATGE_CARTELL_P_sinopsis_petita.jpg\",\"title\":\"Portada\",\"description\":\"\",\"copyright\":\"\",\"order\":1},{\"localizer\":\"WAVERIMGESPEC\",\"url\":\"media\/archivos\/HIDDEN_149_977_IMATGE_G_imatges_gran_01.jpg\",\"thumb_url\":\"media\/archivos\/HIDDEN_149_977_IMATGE_P_imatges_petita_01.jpg\",\"title\":\" \",\"description\":\"\",\"copyright\":\"\",\"order\":1},{\"localizer\":\"WAVERIMGESPEC\",\"url\":\"media\/archivos\/HIDDEN_149_986_IMATGE_G_02_gran.jpg\",\"thumb_url\":\"media\/archivos\/HIDDEN_149_986_IMATGE_P_02_petita.jpg\",\"title\":\" \",\"description\":\"\",\"copyright\":\"\",\"order\":2},{\"localizer\":\"WAVERIMGESPEC\",\"url\":\"media\/archivos\/HIDDEN_149_987_IMATGE_G_03_gran.jpg\",\"thumb_url\":\"media\/archivos\/HIDDEN_149_987_IMATGE_P_03_petita.jpg\",\"title\":\" \",\"description\":\"\",\"copyright\":\"\",\"order\":3},{\"localizer\":\"WAVERIMGESPEC\",\"url\":\"media\/archivos\/HIDDEN_149_988_IMATGE_G_04_gran.jpg\",\"thumb_url\":\"media\/archivos\/HIDDEN_149_988_IMATGE_P_04_petita.jpg\",\"title\":\" \",\"description\":\"\",\"copyright\":\"\",\"order\":4},{\"localizer\":\"WAVERIMGESPEC\",\"url\":\"media\/archivos\/HIDDEN_149_989_IMATGE_G_05_gran.jpg\",\"thumb_url\":\"media\/archivos\/HIDDEN_149_989_IMATGE_P_05_petita.jpg\",\"title\":\" \",\"description\":\"\",\"copyright\":\"\",\"order\":5}]","material__texto_intro":"","data_material":null,"data_gallery":"","data_discounts":"[]","contract_is_open":false,"in_tour":false},"yoast_head":"<!-- This site is optimized with the Yoast SEO plugin v27.5 - https:\/\/yoast.com\/product\/yoast-seo-wordpress\/ -->\n<title>El Trencanous - Teatre Condal<\/title>\n<meta name=\"robots\" content=\"index, follow, max-snippet:-1, max-image-preview:large, max-video-preview:-1\" \/>\n<link rel=\"canonical\" href=\"https:\/\/www.teatrecondal.cat\/ca\/ex\/el-trencanous-3\/\" \/>\n<script type=\"application\/ld+json\" class=\"yoast-schema-graph\">{\"@context\":\"https:\\\/\\\/schema.org\",\"@graph\":[{\"@type\":\"WebPage\",\"@id\":\"https:\\\/\\\/www.teatrecondal.cat\\\/ca\\\/ex\\\/el-trencanous-3\\\/\",\"url\":\"https:\\\/\\\/www.teatrecondal.cat\\\/ca\\\/ex\\\/el-trencanous-3\\\/\",\"name\":\"El Trencanous - Teatre Condal\",\"isPartOf\":{\"@id\":\"https:\\\/\\\/www.teatrecondal.cat\\\/ca\\\/#website\"},\"datePublished\":\"2017-09-19T06:20:57+00:00\",\"breadcrumb\":{\"@id\":\"https:\\\/\\\/www.teatrecondal.cat\\\/ca\\\/ex\\\/el-trencanous-3\\\/#breadcrumb\"},\"inLanguage\":\"ca\",\"potentialAction\":[{\"@type\":\"ReadAction\",\"target\":[\"https:\\\/\\\/www.teatrecondal.cat\\\/ca\\\/ex\\\/el-trencanous-3\\\/\"]}]},{\"@type\":\"BreadcrumbList\",\"@id\":\"https:\\\/\\\/www.teatrecondal.cat\\\/ca\\\/ex\\\/el-trencanous-3\\\/#breadcrumb\",\"itemListElement\":[{\"@type\":\"ListItem\",\"position\":1,\"name\":\"Inici\",\"item\":\"https:\\\/\\\/www.teatrecondal.cat\\\/ca\\\/\"},{\"@type\":\"ListItem\",\"position\":2,\"name\":\"Espectacles\",\"item\":\"https:\\\/\\\/www.teatrecondal.cat\\\/ca\\\/ex\\\/\"},{\"@type\":\"ListItem\",\"position\":3,\"name\":\"El Trencanous\"}]},{\"@type\":\"WebSite\",\"@id\":\"https:\\\/\\\/www.teatrecondal.cat\\\/ca\\\/#website\",\"url\":\"https:\\\/\\\/www.teatrecondal.cat\\\/ca\\\/\",\"name\":\"Teatre Condal\",\"description\":\"\",\"publisher\":{\"@id\":\"https:\\\/\\\/www.teatrecondal.cat\\\/ca\\\/#organization\"},\"potentialAction\":[{\"@type\":\"SearchAction\",\"target\":{\"@type\":\"EntryPoint\",\"urlTemplate\":\"https:\\\/\\\/www.teatrecondal.cat\\\/ca\\\/?s={search_term_string}\"},\"query-input\":{\"@type\":\"PropertyValueSpecification\",\"valueRequired\":true,\"valueName\":\"search_term_string\"}}],\"inLanguage\":\"ca\"},{\"@type\":\"Organization\",\"@id\":\"https:\\\/\\\/www.teatrecondal.cat\\\/ca\\\/#organization\",\"name\":\"Teatre Condal\",\"url\":\"https:\\\/\\\/www.teatrecondal.cat\\\/ca\\\/\",\"logo\":{\"@type\":\"ImageObject\",\"inLanguage\":\"ca\",\"@id\":\"https:\\\/\\\/www.teatrecondal.cat\\\/ca\\\/#\\\/schema\\\/logo\\\/image\\\/\",\"url\":\"https:\\\/\\\/www.teatrecondal.cat\\\/wp-content\\\/uploads\\\/sites\\\/3\\\/2017\\\/09\\\/teatre-condal-logo.svg\",\"contentUrl\":\"https:\\\/\\\/www.teatrecondal.cat\\\/wp-content\\\/uploads\\\/sites\\\/3\\\/2017\\\/09\\\/teatre-condal-logo.svg\",\"width\":1,\"height\":1,\"caption\":\"Teatre Condal\"},\"image\":{\"@id\":\"https:\\\/\\\/www.teatrecondal.cat\\\/ca\\\/#\\\/schema\\\/logo\\\/image\\\/\"},\"sameAs\":[\"http:\\\/\\\/www.facebook.com\\\/TeatreCondal\",\"https:\\\/\\\/x.com\\\/Teatre_Condal\",\"http:\\\/\\\/instagram.com\\\/teatre_condal\",\"http:\\\/\\\/www.youtube.com\\\/user\\\/TeatreCondal\"]}]}<\/script>\n<!-- \/ Yoast SEO plugin. -->","yoast_head_json":{"title":"El Trencanous - Teatre Condal","robots":{"index":"index","follow":"follow","max-snippet":"max-snippet:-1","max-image-preview":"max-image-preview:large","max-video-preview":"max-video-preview:-1"},"canonical":"https:\/\/www.teatrecondal.cat\/ca\/ex\/el-trencanous-3\/","schema":{"@context":"https:\/\/schema.org","@graph":[{"@type":"WebPage","@id":"https:\/\/www.teatrecondal.cat\/ca\/ex\/el-trencanous-3\/","url":"https:\/\/www.teatrecondal.cat\/ca\/ex\/el-trencanous-3\/","name":"El Trencanous - Teatre Condal","isPartOf":{"@id":"https:\/\/www.teatrecondal.cat\/ca\/#website"},"datePublished":"2017-09-19T06:20:57+00:00","breadcrumb":{"@id":"https:\/\/www.teatrecondal.cat\/ca\/ex\/el-trencanous-3\/#breadcrumb"},"inLanguage":"ca","potentialAction":[{"@type":"ReadAction","target":["https:\/\/www.teatrecondal.cat\/ca\/ex\/el-trencanous-3\/"]}]},{"@type":"BreadcrumbList","@id":"https:\/\/www.teatrecondal.cat\/ca\/ex\/el-trencanous-3\/#breadcrumb","itemListElement":[{"@type":"ListItem","position":1,"name":"Inici","item":"https:\/\/www.teatrecondal.cat\/ca\/"},{"@type":"ListItem","position":2,"name":"Espectacles","item":"https:\/\/www.teatrecondal.cat\/ca\/ex\/"},{"@type":"ListItem","position":3,"name":"El Trencanous"}]},{"@type":"WebSite","@id":"https:\/\/www.teatrecondal.cat\/ca\/#website","url":"https:\/\/www.teatrecondal.cat\/ca\/","name":"Teatre Condal","description":"","publisher":{"@id":"https:\/\/www.teatrecondal.cat\/ca\/#organization"},"potentialAction":[{"@type":"SearchAction","target":{"@type":"EntryPoint","urlTemplate":"https:\/\/www.teatrecondal.cat\/ca\/?s={search_term_string}"},"query-input":{"@type":"PropertyValueSpecification","valueRequired":true,"valueName":"search_term_string"}}],"inLanguage":"ca"},{"@type":"Organization","@id":"https:\/\/www.teatrecondal.cat\/ca\/#organization","name":"Teatre Condal","url":"https:\/\/www.teatrecondal.cat\/ca\/","logo":{"@type":"ImageObject","inLanguage":"ca","@id":"https:\/\/www.teatrecondal.cat\/ca\/#\/schema\/logo\/image\/","url":"https:\/\/www.teatrecondal.cat\/wp-content\/uploads\/sites\/3\/2017\/09\/teatre-condal-logo.svg","contentUrl":"https:\/\/www.teatrecondal.cat\/wp-content\/uploads\/sites\/3\/2017\/09\/teatre-condal-logo.svg","width":1,"height":1,"caption":"Teatre Condal"},"image":{"@id":"https:\/\/www.teatrecondal.cat\/ca\/#\/schema\/logo\/image\/"},"sameAs":["http:\/\/www.facebook.com\/TeatreCondal","https:\/\/x.com\/Teatre_Condal","http:\/\/instagram.com\/teatre_condal","http:\/\/www.youtube.com\/user\/TeatreCondal"]}]}},"translations":[{"id":3495,"locale":"ca"},{"id":3897,"locale":"es"}],"_links":{"self":[{"href":"https:\/\/www.teatrecondal.cat\/ca\/wp-json\/wp\/v2\/ex\/3495","targetHints":{"allow":["GET"]}}],"collection":[{"href":"https:\/\/www.teatrecondal.cat\/ca\/wp-json\/wp\/v2\/ex"}],"about":[{"href":"https:\/\/www.teatrecondal.cat\/ca\/wp-json\/wp\/v2\/types\/ex"}],"author":[{"embeddable":true,"href":"https:\/\/www.teatrecondal.cat\/ca\/wp-json\/wp\/v2\/users\/2"}],"replies":[{"embeddable":true,"href":"https:\/\/www.teatrecondal.cat\/ca\/wp-json\/wp\/v2\/comments?post=3495"}],"acf:term":[{"embeddable":true,"taxonomy":"season","href":"https:\/\/www.teatrecondal.cat\/ca\/wp-json\/wp\/v2\/season\/50"}],"wp:attachment":[{"href":"https:\/\/www.teatrecondal.cat\/ca\/wp-json\/wp\/v2\/media?parent=3495"}],"curies":[{"name":"wp","href":"https:\/\/api.w.org\/{rel}","templated":true}]}}

<p align="justify">La Companyia de Ballet de Santa Coloma de Gramenet - David Campos ha redissenyat aquest clàssic de Txaicovski amb molts dels referents d'aquest ballet, però fent una revisió conceptual de l'obra, realitzant un esforç important per apropar-la al nostres dies i a un llenguatge més actual. </p>
<p align="justify">Fidel a l'esperit original, el director David Campos ha treballat amb la màgia de l'obra situant l'acció a l'època de Nadal, tot i que en un context molt diferent de l'habitual. El coreògraf s'ha envoltat per a aquest projecte de joves talents molt allunyats culturalment i estèticament d'aquesta obra, un fet que provoca sens dubte una mirada molt personal sobre aquest clàssic.</p>
