{"id":3486,"date":"2017-09-19T08:20:50","date_gmt":"2017-09-19T06:20:50","guid":{"rendered":"https:\/\/pre.teatrecondal.cat\/ex\/\/de-manolo-a-escobar\/"},"modified":"2017-09-19T08:20:50","modified_gmt":"2017-09-19T06:20:50","slug":"de-manolo-a-escobar","status":"publish","type":"ex","link":"https:\/\/www.teatrecondal.cat\/ca\/ex\/de-manolo-a-escobar\/","title":{"rendered":"De Manolo a Escobar"},"content":{"rendered":"","protected":false},"excerpt":{"rendered":"","protected":false},"author":2,"featured_media":0,"comment_status":"closed","ping_status":"open","template":"","class_list":["post-3486","ex","type-ex","status-publish","hentry","season-2005-06"],"acf":{"txt_synopsis":"<p align=\"justify\">Qui \u00e9s Manolo? Manolo \u00e9s un \u00c9SSER MUSICAL, veu i gest, quinta ess\u00e8ncia de la m\u00fasica popular, de la m\u00fasica que ent\u00e9n de transistors i de gales d'estiu, de la m\u00fasica que s'ent\u00e9n com a m\u00fasica i com a popular.<br \/>I qui \u00e9s Escobar? Escobar, en canvi, \u00e9s la imatge del T\u00d2PIC, el vestit elegant que Manolo adopta davant el micr\u00f2fon, una imatge gravada a les retines de tots, un t\u00f2pic constru\u00eft a base de tardes de toros, pasq\u00fces de process\u00f3 i dissabtes de Parada.<br \/>I en el cam\u00ed que hi ha entre l'un i l'altre, en aquesta senda de misteri que va <strong>De Manolo a Escobar<\/strong>, sorgeix UNA VIDA feta de can\u00e7ons, can\u00e7ons que atia el vent com foguera de passi\u00f3. <em>Marc Rosich<\/em><\/p>","main_buy_link":"#","main_buy_links":"","group_buy_link":"","show_language":"","show_duration":"","show_start_date":"20060327000000","show_end_date":"20060416000000","show_sort_date":"20060327000000","txt_custom_show_dates":"del 27 de mar\u00e7 al 16 d'abril de 2006","show_disciplines":"","show_ultimes_funcions":false,"hide_tarifes_especials":false,"show_properament":false,"txt_additional_info":"","txt_present":"","show_season":[49],"txt_season":"[\"2005\/06\"]","txt_cycle":"","txt_claim":"","txt_cast_excerpt":"","txt_cast":"","txt_reviews":"","hashtag":"","have_promo":"","slogan":"","id_exhibicio":1,"id_versio":250,"id_local":3,"txt_seo_desc":"","data_images":"[{\"localizer\":\"WAVERPORTADA\",\"url\":\"media\/archivos\/HIDDEN_128_250_IMATGE_CARTELL_G_sinopsis_gran.jpg\",\"thumb_url\":\"media\/archivos\/HIDDEN_128_250_IMATGE_CARTELL_P_sinopsis_petit.jpg\",\"title\":\"Portada\",\"description\":\"\",\"copyright\":\"\",\"order\":1},{\"localizer\":\"WAVERIMGESPEC\",\"url\":\"media\/archivos\/HIDDEN_149_657_IMATGE_G_imagen_1_g.jpg\",\"thumb_url\":\"media\/archivos\/HIDDEN_149_657_IMATGE_P_imagen_1_p.jpg\",\"title\":\"Foto: David Ruano\",\"description\":\"\",\"copyright\":\"\",\"order\":1},{\"localizer\":\"WAVERIMGESPEC\",\"url\":\"media\/archivos\/HIDDEN_149_658_IMATGE_G_imagen_2_g.jpg\",\"thumb_url\":\"media\/archivos\/HIDDEN_149_658_IMATGE_P_imagen_2_p.jpg\",\"title\":\"Foto: David Ruano\",\"description\":\"\",\"copyright\":\"\",\"order\":2},{\"localizer\":\"WAVERIMGESPEC\",\"url\":\"media\/archivos\/HIDDEN_149_659_IMATGE_G_imagen_3_g.jpg\",\"thumb_url\":\"media\/archivos\/HIDDEN_149_659_IMATGE_P_imagen_3_p.jpg\",\"title\":\"Foto: David Ruano\",\"description\":\"\",\"copyright\":\"\",\"order\":3},{\"localizer\":\"WAVERIMGESPEC\",\"url\":\"media\/archivos\/HIDDEN_149_660_IMATGE_G_imagen_4_g.jpg\",\"thumb_url\":\"media\/archivos\/HIDDEN_149_660_IMATGE_P_imagen_4_p.jpg\",\"title\":\"Foto: David Ruano\",\"description\":\"\",\"copyright\":\"\",\"order\":4},{\"localizer\":\"V2SLIDE\",\"url\":\"media\/ftgalslide\/312B9\/01_076_00027915\/me01.jpg\",\"thumb_url\":\"media\/ftgalslide\/312B9\/01_076_00027915\/me01_thumb.jpg\",\"title\":\"De Manolo a Escobar\",\"description\":\"Manolo Escobar, Marc Rosich i Guillermo Mar\u00edn\",\"copyright\":\"\",\"order\":6},{\"localizer\":\"V2SLIDE\",\"url\":\"media\/ftgalslide\/312B9\/01_076_00027916\/me02.jpg\",\"thumb_url\":\"media\/ftgalslide\/312B9\/01_076_00027916\/me02_thumb.jpg\",\"title\":\"De Manolo a Escobar\",\"description\":\"Manolo Escobar, Marc Rosich i Guillermo Mar\u00edn\",\"copyright\":\"\",\"order\":7},{\"localizer\":\"V2SLIDE\",\"url\":\"media\/ftgalslide\/312B9\/01_076_00027917\/me03.jpg\",\"thumb_url\":\"media\/ftgalslide\/312B9\/01_076_00027917\/me03_thumb.jpg\",\"title\":\"De Manolo a Escobar\",\"description\":\"Manolo Escobar, Marc Rosich i Guillermo Mar\u00edn\",\"copyright\":\"\",\"order\":8},{\"localizer\":\"V2SLIDE\",\"url\":\"media\/ftgalslide\/312B9\/01_076_00027918\/me04.jpg\",\"thumb_url\":\"media\/ftgalslide\/312B9\/01_076_00027918\/me04_thumb.jpg\",\"title\":\"De Manolo a Escobar\",\"description\":\"Manolo Escobar, Marc Rosich i Guillermo Mar\u00edn\",\"copyright\":\"\",\"order\":9},{\"localizer\":\"V2SLIDE\",\"url\":\"media\/ftgalslide\/312B9\/01_076_00027919\/me05.jpg\",\"thumb_url\":\"media\/ftgalslide\/312B9\/01_076_00027919\/me05_thumb.jpg\",\"title\":\"De Manolo a Escobar\",\"description\":\"Manolo Escobar, Marc Rosich i Guillermo Mar\u00edn\",\"copyright\":\"\",\"order\":10},{\"localizer\":\"V2SLIDE\",\"url\":\"media\/ftgalslide\/312B9\/01_076_00027920\/me06.jpg\",\"thumb_url\":\"media\/ftgalslide\/312B9\/01_076_00027920\/me06_thumb.jpg\",\"title\":\"De Manolo a Escobar\",\"description\":\"Manolo Escobar, Marc Rosich i Guillermo Mar\u00edn\",\"copyright\":\"\",\"order\":11},{\"localizer\":\"V2SLIDE\",\"url\":\"media\/ftgalslide\/312B9\/01_076_00027922\/me07.jpg\",\"thumb_url\":\"media\/ftgalslide\/312B9\/01_076_00027922\/me07_thumb.jpg\",\"title\":\"De Manolo a Escobar\",\"description\":\"Manolo Escobar, Marc Rosich i Guillermo Mar\u00edn\",\"copyright\":\"\",\"order\":12},{\"localizer\":\"VERS_PDF_GIRES\",\"url\":\"media\/pressdoc\/31069\/01_021_00002798\/Dossier_prensa_Manolo_Escobar_Cast.pdf\",\"thumb_url\":\"\",\"title\":\"Dossier de premsa.\",\"description\":\"Castell\u00e0\",\"copyright\":\"\",\"order\":-1},{\"localizer\":\"VERS_PDF_GIRES\",\"url\":\"media\/pressdoc\/31069\/01_021_00002797\/Dossier_premsa_Manolo_Escobar_Cat.pdf\",\"thumb_url\":\"\",\"title\":\"Dossier de premsa.\",\"description\":\"Catal\u00e0\",\"copyright\":\"\",\"order\":-1},{\"localizer\":\"VERS_PDF_GIRES\",\"url\":\"media\/pressdoc\/31069\/01_021_00002796\/Ficha_tecnica_Manolo_Escobar.pdf\",\"thumb_url\":\"\",\"title\":\"De Manolo a Escobar.\",\"description\":\"Fitxa t\u00e8cnica\",\"copyright\":\"\",\"order\":-1}]","material__texto_intro":"","data_material":null,"data_gallery":"","data_discounts":"[]","contract_is_open":false,"in_tour":false},"yoast_head":"<!-- This site is optimized with the Yoast SEO plugin v27.5 - https:\/\/yoast.com\/product\/yoast-seo-wordpress\/ -->\n<title>De Manolo a Escobar - Teatre Condal<\/title>\n<meta name=\"robots\" content=\"index, follow, max-snippet:-1, max-image-preview:large, max-video-preview:-1\" \/>\n<link rel=\"canonical\" href=\"https:\/\/www.teatrecondal.cat\/ca\/ex\/de-manolo-a-escobar\/\" \/>\n<script type=\"application\/ld+json\" class=\"yoast-schema-graph\">{\"@context\":\"https:\\\/\\\/schema.org\",\"@graph\":[{\"@type\":\"WebPage\",\"@id\":\"https:\\\/\\\/www.teatrecondal.cat\\\/ca\\\/ex\\\/de-manolo-a-escobar\\\/\",\"url\":\"https:\\\/\\\/www.teatrecondal.cat\\\/ca\\\/ex\\\/de-manolo-a-escobar\\\/\",\"name\":\"De Manolo a Escobar - Teatre Condal\",\"isPartOf\":{\"@id\":\"https:\\\/\\\/www.teatrecondal.cat\\\/ca\\\/#website\"},\"datePublished\":\"2017-09-19T06:20:50+00:00\",\"breadcrumb\":{\"@id\":\"https:\\\/\\\/www.teatrecondal.cat\\\/ca\\\/ex\\\/de-manolo-a-escobar\\\/#breadcrumb\"},\"inLanguage\":\"ca\",\"potentialAction\":[{\"@type\":\"ReadAction\",\"target\":[\"https:\\\/\\\/www.teatrecondal.cat\\\/ca\\\/ex\\\/de-manolo-a-escobar\\\/\"]}]},{\"@type\":\"BreadcrumbList\",\"@id\":\"https:\\\/\\\/www.teatrecondal.cat\\\/ca\\\/ex\\\/de-manolo-a-escobar\\\/#breadcrumb\",\"itemListElement\":[{\"@type\":\"ListItem\",\"position\":1,\"name\":\"Inici\",\"item\":\"https:\\\/\\\/www.teatrecondal.cat\\\/ca\\\/\"},{\"@type\":\"ListItem\",\"position\":2,\"name\":\"Espectacles\",\"item\":\"https:\\\/\\\/www.teatrecondal.cat\\\/ca\\\/ex\\\/\"},{\"@type\":\"ListItem\",\"position\":3,\"name\":\"De Manolo a Escobar\"}]},{\"@type\":\"WebSite\",\"@id\":\"https:\\\/\\\/www.teatrecondal.cat\\\/ca\\\/#website\",\"url\":\"https:\\\/\\\/www.teatrecondal.cat\\\/ca\\\/\",\"name\":\"Teatre Condal\",\"description\":\"\",\"publisher\":{\"@id\":\"https:\\\/\\\/www.teatrecondal.cat\\\/ca\\\/#organization\"},\"potentialAction\":[{\"@type\":\"SearchAction\",\"target\":{\"@type\":\"EntryPoint\",\"urlTemplate\":\"https:\\\/\\\/www.teatrecondal.cat\\\/ca\\\/?s={search_term_string}\"},\"query-input\":{\"@type\":\"PropertyValueSpecification\",\"valueRequired\":true,\"valueName\":\"search_term_string\"}}],\"inLanguage\":\"ca\"},{\"@type\":\"Organization\",\"@id\":\"https:\\\/\\\/www.teatrecondal.cat\\\/ca\\\/#organization\",\"name\":\"Teatre Condal\",\"url\":\"https:\\\/\\\/www.teatrecondal.cat\\\/ca\\\/\",\"logo\":{\"@type\":\"ImageObject\",\"inLanguage\":\"ca\",\"@id\":\"https:\\\/\\\/www.teatrecondal.cat\\\/ca\\\/#\\\/schema\\\/logo\\\/image\\\/\",\"url\":\"https:\\\/\\\/www.teatrecondal.cat\\\/wp-content\\\/uploads\\\/sites\\\/3\\\/2017\\\/09\\\/teatre-condal-logo.svg\",\"contentUrl\":\"https:\\\/\\\/www.teatrecondal.cat\\\/wp-content\\\/uploads\\\/sites\\\/3\\\/2017\\\/09\\\/teatre-condal-logo.svg\",\"width\":1,\"height\":1,\"caption\":\"Teatre Condal\"},\"image\":{\"@id\":\"https:\\\/\\\/www.teatrecondal.cat\\\/ca\\\/#\\\/schema\\\/logo\\\/image\\\/\"},\"sameAs\":[\"http:\\\/\\\/www.facebook.com\\\/TeatreCondal\",\"https:\\\/\\\/x.com\\\/Teatre_Condal\",\"http:\\\/\\\/instagram.com\\\/teatre_condal\",\"http:\\\/\\\/www.youtube.com\\\/user\\\/TeatreCondal\"]}]}<\/script>\n<!-- \/ Yoast SEO plugin. -->","yoast_head_json":{"title":"De Manolo a Escobar - Teatre Condal","robots":{"index":"index","follow":"follow","max-snippet":"max-snippet:-1","max-image-preview":"max-image-preview:large","max-video-preview":"max-video-preview:-1"},"canonical":"https:\/\/www.teatrecondal.cat\/ca\/ex\/de-manolo-a-escobar\/","schema":{"@context":"https:\/\/schema.org","@graph":[{"@type":"WebPage","@id":"https:\/\/www.teatrecondal.cat\/ca\/ex\/de-manolo-a-escobar\/","url":"https:\/\/www.teatrecondal.cat\/ca\/ex\/de-manolo-a-escobar\/","name":"De Manolo a Escobar - Teatre Condal","isPartOf":{"@id":"https:\/\/www.teatrecondal.cat\/ca\/#website"},"datePublished":"2017-09-19T06:20:50+00:00","breadcrumb":{"@id":"https:\/\/www.teatrecondal.cat\/ca\/ex\/de-manolo-a-escobar\/#breadcrumb"},"inLanguage":"ca","potentialAction":[{"@type":"ReadAction","target":["https:\/\/www.teatrecondal.cat\/ca\/ex\/de-manolo-a-escobar\/"]}]},{"@type":"BreadcrumbList","@id":"https:\/\/www.teatrecondal.cat\/ca\/ex\/de-manolo-a-escobar\/#breadcrumb","itemListElement":[{"@type":"ListItem","position":1,"name":"Inici","item":"https:\/\/www.teatrecondal.cat\/ca\/"},{"@type":"ListItem","position":2,"name":"Espectacles","item":"https:\/\/www.teatrecondal.cat\/ca\/ex\/"},{"@type":"ListItem","position":3,"name":"De Manolo a Escobar"}]},{"@type":"WebSite","@id":"https:\/\/www.teatrecondal.cat\/ca\/#website","url":"https:\/\/www.teatrecondal.cat\/ca\/","name":"Teatre Condal","description":"","publisher":{"@id":"https:\/\/www.teatrecondal.cat\/ca\/#organization"},"potentialAction":[{"@type":"SearchAction","target":{"@type":"EntryPoint","urlTemplate":"https:\/\/www.teatrecondal.cat\/ca\/?s={search_term_string}"},"query-input":{"@type":"PropertyValueSpecification","valueRequired":true,"valueName":"search_term_string"}}],"inLanguage":"ca"},{"@type":"Organization","@id":"https:\/\/www.teatrecondal.cat\/ca\/#organization","name":"Teatre Condal","url":"https:\/\/www.teatrecondal.cat\/ca\/","logo":{"@type":"ImageObject","inLanguage":"ca","@id":"https:\/\/www.teatrecondal.cat\/ca\/#\/schema\/logo\/image\/","url":"https:\/\/www.teatrecondal.cat\/wp-content\/uploads\/sites\/3\/2017\/09\/teatre-condal-logo.svg","contentUrl":"https:\/\/www.teatrecondal.cat\/wp-content\/uploads\/sites\/3\/2017\/09\/teatre-condal-logo.svg","width":1,"height":1,"caption":"Teatre Condal"},"image":{"@id":"https:\/\/www.teatrecondal.cat\/ca\/#\/schema\/logo\/image\/"},"sameAs":["http:\/\/www.facebook.com\/TeatreCondal","https:\/\/x.com\/Teatre_Condal","http:\/\/instagram.com\/teatre_condal","http:\/\/www.youtube.com\/user\/TeatreCondal"]}]}},"translations":[{"id":3486,"locale":"ca"},{"id":3888,"locale":"es"}],"_links":{"self":[{"href":"https:\/\/www.teatrecondal.cat\/ca\/wp-json\/wp\/v2\/ex\/3486","targetHints":{"allow":["GET"]}}],"collection":[{"href":"https:\/\/www.teatrecondal.cat\/ca\/wp-json\/wp\/v2\/ex"}],"about":[{"href":"https:\/\/www.teatrecondal.cat\/ca\/wp-json\/wp\/v2\/types\/ex"}],"author":[{"embeddable":true,"href":"https:\/\/www.teatrecondal.cat\/ca\/wp-json\/wp\/v2\/users\/2"}],"replies":[{"embeddable":true,"href":"https:\/\/www.teatrecondal.cat\/ca\/wp-json\/wp\/v2\/comments?post=3486"}],"acf:term":[{"embeddable":true,"taxonomy":"season","href":"https:\/\/www.teatrecondal.cat\/ca\/wp-json\/wp\/v2\/season\/49"}],"wp:attachment":[{"href":"https:\/\/www.teatrecondal.cat\/ca\/wp-json\/wp\/v2\/media?parent=3486"}],"curies":[{"name":"wp","href":"https:\/\/api.w.org\/{rel}","templated":true}]}}

<p align="justify">Qui és Manolo? Manolo és un ÉSSER MUSICAL, veu i gest, quinta essència de la música popular, de la música que entén de transistors i de gales d'estiu, de la música que s'entén com a música i com a popular.<br />I qui és Escobar? Escobar, en canvi, és la imatge del TÒPIC, el vestit elegant que Manolo adopta davant el micròfon, una imatge gravada a les retines de tots, un tòpic construït a base de tardes de toros, pasqües de processó i dissabtes de Parada.<br />I en el camí que hi ha entre l'un i l'altre, en aquesta senda de misteri que va <strong>De Manolo a Escobar</strong>, sorgeix UNA VIDA feta de cançons, cançons que atia el vent com foguera de passió. <em>Marc Rosich</em></p>

del 27 de març al 16 d'abril de 2006

[{"localizer":"WAVERPORTADA","url":"media/archivos/HIDDEN_128_250_IMATGE_CARTELL_G_sinopsis_gran.jpg","thumb_url":"media/archivos/HIDDEN_128_250_IMATGE_CARTELL_P_sinopsis_petit.jpg","title":"Portada","description":"","copyright":"","order":1},{"localizer":"WAVERIMGESPEC","url":"media/archivos/HIDDEN_149_657_IMATGE_G_imagen_1_g.jpg","thumb_url":"media/archivos/HIDDEN_149_657_IMATGE_P_imagen_1_p.jpg","title":"Foto: David Ruano","description":"","copyright":"","order":1},{"localizer":"WAVERIMGESPEC","url":"media/archivos/HIDDEN_149_658_IMATGE_G_imagen_2_g.jpg","thumb_url":"media/archivos/HIDDEN_149_658_IMATGE_P_imagen_2_p.jpg","title":"Foto: David Ruano","description":"","copyright":"","order":2},{"localizer":"WAVERIMGESPEC","url":"media/archivos/HIDDEN_149_659_IMATGE_G_imagen_3_g.jpg","thumb_url":"media/archivos/HIDDEN_149_659_IMATGE_P_imagen_3_p.jpg","title":"Foto: David Ruano","description":"","copyright":"","order":3},{"localizer":"WAVERIMGESPEC","url":"media/archivos/HIDDEN_149_660_IMATGE_G_imagen_4_g.jpg","thumb_url":"media/archivos/HIDDEN_149_660_IMATGE_P_imagen_4_p.jpg","title":"Foto: David Ruano","description":"","copyright":"","order":4},{"localizer":"V2SLIDE","url":"media/ftgalslide/312B9/01_076_00027915/me01.jpg","thumb_url":"media/ftgalslide/312B9/01_076_00027915/me01_thumb.jpg","title":"De Manolo a Escobar","description":"Manolo Escobar, Marc Rosich i Guillermo Marín","copyright":"","order":6},{"localizer":"V2SLIDE","url":"media/ftgalslide/312B9/01_076_00027916/me02.jpg","thumb_url":"media/ftgalslide/312B9/01_076_00027916/me02_thumb.jpg","title":"De Manolo a Escobar","description":"Manolo Escobar, Marc Rosich i Guillermo Marín","copyright":"","order":7},{"localizer":"V2SLIDE","url":"media/ftgalslide/312B9/01_076_00027917/me03.jpg","thumb_url":"media/ftgalslide/312B9/01_076_00027917/me03_thumb.jpg","title":"De Manolo a Escobar","description":"Manolo Escobar, Marc Rosich i Guillermo Marín","copyright":"","order":8},{"localizer":"V2SLIDE","url":"media/ftgalslide/312B9/01_076_00027918/me04.jpg","thumb_url":"media/ftgalslide/312B9/01_076_00027918/me04_thumb.jpg","title":"De Manolo a Escobar","description":"Manolo Escobar, Marc Rosich i Guillermo Marín","copyright":"","order":9},{"localizer":"V2SLIDE","url":"media/ftgalslide/312B9/01_076_00027919/me05.jpg","thumb_url":"media/ftgalslide/312B9/01_076_00027919/me05_thumb.jpg","title":"De Manolo a Escobar","description":"Manolo Escobar, Marc Rosich i Guillermo Marín","copyright":"","order":10},{"localizer":"V2SLIDE","url":"media/ftgalslide/312B9/01_076_00027920/me06.jpg","thumb_url":"media/ftgalslide/312B9/01_076_00027920/me06_thumb.jpg","title":"De Manolo a Escobar","description":"Manolo Escobar, Marc Rosich i Guillermo Marín","copyright":"","order":11},{"localizer":"V2SLIDE","url":"media/ftgalslide/312B9/01_076_00027922/me07.jpg","thumb_url":"media/ftgalslide/312B9/01_076_00027922/me07_thumb.jpg","title":"De Manolo a Escobar","description":"Manolo Escobar, Marc Rosich i Guillermo Marín","copyright":"","order":12},{"localizer":"VERS_PDF_GIRES","url":"media/pressdoc/31069/01_021_00002798/Dossier_prensa_Manolo_Escobar_Cast.pdf","thumb_url":"","title":"Dossier de premsa.","description":"Castellà","copyright":"","order":-1},{"localizer":"VERS_PDF_GIRES","url":"media/pressdoc/31069/01_021_00002797/Dossier_premsa_Manolo_Escobar_Cat.pdf","thumb_url":"","title":"Dossier de premsa.","description":"Català","copyright":"","order":-1},{"localizer":"VERS_PDF_GIRES","url":"media/pressdoc/31069/01_021_00002796/Ficha_tecnica_Manolo_Escobar.pdf","thumb_url":"","title":"De Manolo a Escobar.","description":"Fitxa tècnica","copyright":"","order":-1}]
