{"id":3469,"date":"2017-09-19T08:20:36","date_gmt":"2017-09-19T06:20:36","guid":{"rendered":"https:\/\/pre.teatrecondal.cat\/ex\/\/la-jaula-de-las-locas-3\/"},"modified":"2017-09-19T08:20:36","modified_gmt":"2017-09-19T06:20:36","slug":"la-jaula-de-las-locas-3","status":"publish","type":"ex","link":"https:\/\/www.teatrecondal.cat\/ca\/ex\/la-jaula-de-las-locas-3\/","title":{"rendered":"La jaula de las locas"},"content":{"rendered":"","protected":false},"excerpt":{"rendered":"","protected":false},"author":2,"featured_media":0,"comment_status":"closed","ping_status":"open","template":"","class_list":["post-3469","ex","type-ex","status-publish","hentry","season-2000-01"],"acf":{"txt_synopsis":"<p align=\"justify\">L\u2019acci\u00f3 es desenvolupa a Saint Tropez, un id\u00edlic punt de la Costa Blava, on una peculiar parella regenta un cabaret anomenat <strong>La Jaula de las locas<\/strong>. All\u00ed es duen a terme tot tipus de n\u00fameros musicals a c\u00e0rrec de transvestits, transformistes i artistes de tota \u00edndole, que fan d\u2019aquest local un dels m\u00e9s concorreguts de la zona. <\/p>\n<p align=\"justify\">Ferdinand porta la gesti\u00f3 del local i el seu company sentimental, Antoine, Za-za en la intimitat, \u00e9s l\u2019estrella del club. Ambd\u00f3s mantenen una relaci\u00f3 tortuosa, en la qual les convencions socials, la vida en parella i el fill de Ferdinand, criat entre tots dos durant 20 anys, marquen la seva agitada exist\u00e8ncia. L\u2019embolic comen\u00e7a quan Armand, el fill, els anuncia la seva boda i es veuen obligats a fingir que s\u00f3n una fam\u00edlia decorosa i respectable davant dels pares de Josephine, la seva n\u00f2via. El futur consogre es presenta a les eleccions franceses, en representaci\u00f3 del conservador partit de De Gaulle.<\/p>\n<p align=\"justify\">Durant la vetllada, es produiran un conjunt inesgotable de situacions equ\u00edvoques i delirants que acabaran en un inesperat final.<br \/><\/p>","main_buy_link":"#","main_buy_links":"","group_buy_link":"","show_language":"","show_duration":"","show_start_date":"20000901000000","show_end_date":"20010831000000","show_sort_date":"20000901000000","txt_custom_show_dates":"de l'1 de setembre de 2000 al 31 d'agost de 2001","show_disciplines":"","show_ultimes_funcions":false,"hide_tarifes_especials":false,"show_properament":false,"txt_additional_info":"","txt_present":"","show_season":[44],"txt_season":"[\"2000\/01\"]","txt_cycle":"","txt_claim":"","txt_cast_excerpt":"","txt_cast":"","txt_reviews":"","hashtag":"","have_promo":"","slogan":"","id_exhibicio":386,"id_versio":114,"id_local":3,"txt_seo_desc":"","data_images":"[{\"localizer\":\"V2SLIDE\",\"url\":\"media\/ftgalslide\/312BA\/01_076_00028497\/jaula07.jpg\",\"thumb_url\":\"media\/ftgalslide\/312BA\/01_076_00028497\/jaula07_thumb.jpg\",\"title\":\"La jaula de las locas\",\"description\":\" \",\"copyright\":\"\",\"order\":1},{\"localizer\":\"V2SLIDE\",\"url\":\"media\/ftgalslide\/312BA\/01_076_00028498\/jaula02.jpg\",\"thumb_url\":\"media\/ftgalslide\/312BA\/01_076_00028498\/jaula02_thumb.jpg\",\"title\":\"La jaula de las locas\",\"description\":\" \",\"copyright\":\"\",\"order\":2},{\"localizer\":\"V2SLIDE\",\"url\":\"media\/ftgalslide\/312BA\/01_076_00028499\/jaula01.jpg\",\"thumb_url\":\"media\/ftgalslide\/312BA\/01_076_00028499\/jaula01_thumb.jpg\",\"title\":\"La jaula de las locas\",\"description\":\" \",\"copyright\":\"\",\"order\":3},{\"localizer\":\"V2SLIDE\",\"url\":\"media\/ftgalslide\/312BA\/01_076_00028500\/jaula03.jpg\",\"thumb_url\":\"media\/ftgalslide\/312BA\/01_076_00028500\/jaula03_thumb.jpg\",\"title\":\"La jaula de las locas\",\"description\":\" \",\"copyright\":\"\",\"order\":4},{\"localizer\":\"V2SLIDE\",\"url\":\"media\/ftgalslide\/312BA\/01_076_00028501\/jaula05.jpg\",\"thumb_url\":\"media\/ftgalslide\/312BA\/01_076_00028501\/jaula05_thumb.jpg\",\"title\":\"La jaula de las locas\",\"description\":\" \",\"copyright\":\"\",\"order\":5},{\"localizer\":\"V2SLIDE\",\"url\":\"media\/ftgalslide\/312BA\/01_076_00028502\/jaula06.jpg\",\"thumb_url\":\"media\/ftgalslide\/312BA\/01_076_00028502\/jaula06_thumb.jpg\",\"title\":\"La jaula de las locas\",\"description\":\" \",\"copyright\":\"\",\"order\":6},{\"localizer\":\"V2SLIDE\",\"url\":\"media\/ftgalslide\/312BA\/01_076_00028503\/jaula04.jpg\",\"thumb_url\":\"media\/ftgalslide\/312BA\/01_076_00028503\/jaula04_thumb.jpg\",\"title\":\"La jaula de las locas\",\"description\":\" \",\"copyright\":\"\",\"order\":7},{\"localizer\":\"VERS_PORTADA_ESPECTACLE\",\"url\":\"media\/obraport\/310C9\/01_014_00005310\/lajaula_list.jpg\",\"thumb_url\":\"\",\"title\":\"La jaula de las locas\",\"description\":\"La jaula de las locas\",\"copyright\":\"\",\"order\":-1},{\"localizer\":\"VERS_IMATGE_ESPECTACLE\",\"url\":\"media\/ftespect\/31068\/01_020_00002668\/1_gal.jpg\",\"thumb_url\":\"media\/ftespect\/31068\/01_020_00002668\/1_gal_thumb.jpg\",\"title\":\"La jaula de las locas\",\"description\":\"La jaula de las locas\",\"copyright\":\"La jaula de las locas\",\"order\":-1},{\"localizer\":\"VERS_IMATGE_ESPECTACLE\",\"url\":\"media\/ftespect\/31068\/01_020_00002669\/2_gal.jpg\",\"thumb_url\":\"media\/ftespect\/31068\/01_020_00002669\/2_gal_thumb.jpg\",\"title\":\"La jaula de las locas\",\"description\":\"La jaula de las locas\",\"copyright\":\"La jaula de las locas\",\"order\":-1},{\"localizer\":\"VERS_IMATGE_ESPECTACLE\",\"url\":\"media\/ftespect\/31068\/01_020_00002670\/3_hgal.jpg\",\"thumb_url\":\"media\/ftespect\/31068\/01_020_00002670\/3_hgal_thumb.jpg\",\"title\":\"La jaula de las locas\",\"description\":\"La jaula de las locas\",\"copyright\":\"La jaula de las locas\",\"order\":-1}]","material__texto_intro":"","data_material":null,"data_gallery":"","data_discounts":"[]","contract_is_open":false,"in_tour":false},"yoast_head":"<!-- This site is optimized with the Yoast SEO plugin v27.4 - https:\/\/yoast.com\/product\/yoast-seo-wordpress\/ -->\n<title>La jaula de las locas - Teatre Condal<\/title>\n<meta name=\"robots\" content=\"index, follow, max-snippet:-1, max-image-preview:large, max-video-preview:-1\" \/>\n<link rel=\"canonical\" href=\"https:\/\/www.teatrecondal.cat\/ca\/ex\/la-jaula-de-las-locas-3\/\" \/>\n<script type=\"application\/ld+json\" class=\"yoast-schema-graph\">{\"@context\":\"https:\\\/\\\/schema.org\",\"@graph\":[{\"@type\":\"WebPage\",\"@id\":\"https:\\\/\\\/www.teatrecondal.cat\\\/ca\\\/ex\\\/la-jaula-de-las-locas-3\\\/\",\"url\":\"https:\\\/\\\/www.teatrecondal.cat\\\/ca\\\/ex\\\/la-jaula-de-las-locas-3\\\/\",\"name\":\"La jaula de las locas - Teatre Condal\",\"isPartOf\":{\"@id\":\"https:\\\/\\\/www.teatrecondal.cat\\\/ca\\\/#website\"},\"datePublished\":\"2017-09-19T06:20:36+00:00\",\"breadcrumb\":{\"@id\":\"https:\\\/\\\/www.teatrecondal.cat\\\/ca\\\/ex\\\/la-jaula-de-las-locas-3\\\/#breadcrumb\"},\"inLanguage\":\"ca\",\"potentialAction\":[{\"@type\":\"ReadAction\",\"target\":[\"https:\\\/\\\/www.teatrecondal.cat\\\/ca\\\/ex\\\/la-jaula-de-las-locas-3\\\/\"]}]},{\"@type\":\"BreadcrumbList\",\"@id\":\"https:\\\/\\\/www.teatrecondal.cat\\\/ca\\\/ex\\\/la-jaula-de-las-locas-3\\\/#breadcrumb\",\"itemListElement\":[{\"@type\":\"ListItem\",\"position\":1,\"name\":\"Inici\",\"item\":\"https:\\\/\\\/www.teatrecondal.cat\\\/ca\\\/\"},{\"@type\":\"ListItem\",\"position\":2,\"name\":\"Espectacles\",\"item\":\"https:\\\/\\\/www.teatrecondal.cat\\\/ca\\\/ex\\\/\"},{\"@type\":\"ListItem\",\"position\":3,\"name\":\"La jaula de las locas\"}]},{\"@type\":\"WebSite\",\"@id\":\"https:\\\/\\\/www.teatrecondal.cat\\\/ca\\\/#website\",\"url\":\"https:\\\/\\\/www.teatrecondal.cat\\\/ca\\\/\",\"name\":\"Teatre Condal\",\"description\":\"\",\"publisher\":{\"@id\":\"https:\\\/\\\/www.teatrecondal.cat\\\/ca\\\/#organization\"},\"potentialAction\":[{\"@type\":\"SearchAction\",\"target\":{\"@type\":\"EntryPoint\",\"urlTemplate\":\"https:\\\/\\\/www.teatrecondal.cat\\\/ca\\\/?s={search_term_string}\"},\"query-input\":{\"@type\":\"PropertyValueSpecification\",\"valueRequired\":true,\"valueName\":\"search_term_string\"}}],\"inLanguage\":\"ca\"},{\"@type\":\"Organization\",\"@id\":\"https:\\\/\\\/www.teatrecondal.cat\\\/ca\\\/#organization\",\"name\":\"Teatre Condal\",\"url\":\"https:\\\/\\\/www.teatrecondal.cat\\\/ca\\\/\",\"logo\":{\"@type\":\"ImageObject\",\"inLanguage\":\"ca\",\"@id\":\"https:\\\/\\\/www.teatrecondal.cat\\\/ca\\\/#\\\/schema\\\/logo\\\/image\\\/\",\"url\":\"https:\\\/\\\/www.teatrecondal.cat\\\/wp-content\\\/uploads\\\/sites\\\/3\\\/2017\\\/09\\\/teatre-condal-logo.svg\",\"contentUrl\":\"https:\\\/\\\/www.teatrecondal.cat\\\/wp-content\\\/uploads\\\/sites\\\/3\\\/2017\\\/09\\\/teatre-condal-logo.svg\",\"width\":1,\"height\":1,\"caption\":\"Teatre Condal\"},\"image\":{\"@id\":\"https:\\\/\\\/www.teatrecondal.cat\\\/ca\\\/#\\\/schema\\\/logo\\\/image\\\/\"},\"sameAs\":[\"http:\\\/\\\/www.facebook.com\\\/TeatreCondal\",\"https:\\\/\\\/x.com\\\/Teatre_Condal\",\"http:\\\/\\\/instagram.com\\\/teatre_condal\",\"http:\\\/\\\/www.youtube.com\\\/user\\\/TeatreCondal\"]}]}<\/script>\n<!-- \/ Yoast SEO plugin. -->","yoast_head_json":{"title":"La jaula de las locas - Teatre Condal","robots":{"index":"index","follow":"follow","max-snippet":"max-snippet:-1","max-image-preview":"max-image-preview:large","max-video-preview":"max-video-preview:-1"},"canonical":"https:\/\/www.teatrecondal.cat\/ca\/ex\/la-jaula-de-las-locas-3\/","schema":{"@context":"https:\/\/schema.org","@graph":[{"@type":"WebPage","@id":"https:\/\/www.teatrecondal.cat\/ca\/ex\/la-jaula-de-las-locas-3\/","url":"https:\/\/www.teatrecondal.cat\/ca\/ex\/la-jaula-de-las-locas-3\/","name":"La jaula de las locas - Teatre Condal","isPartOf":{"@id":"https:\/\/www.teatrecondal.cat\/ca\/#website"},"datePublished":"2017-09-19T06:20:36+00:00","breadcrumb":{"@id":"https:\/\/www.teatrecondal.cat\/ca\/ex\/la-jaula-de-las-locas-3\/#breadcrumb"},"inLanguage":"ca","potentialAction":[{"@type":"ReadAction","target":["https:\/\/www.teatrecondal.cat\/ca\/ex\/la-jaula-de-las-locas-3\/"]}]},{"@type":"BreadcrumbList","@id":"https:\/\/www.teatrecondal.cat\/ca\/ex\/la-jaula-de-las-locas-3\/#breadcrumb","itemListElement":[{"@type":"ListItem","position":1,"name":"Inici","item":"https:\/\/www.teatrecondal.cat\/ca\/"},{"@type":"ListItem","position":2,"name":"Espectacles","item":"https:\/\/www.teatrecondal.cat\/ca\/ex\/"},{"@type":"ListItem","position":3,"name":"La jaula de las locas"}]},{"@type":"WebSite","@id":"https:\/\/www.teatrecondal.cat\/ca\/#website","url":"https:\/\/www.teatrecondal.cat\/ca\/","name":"Teatre Condal","description":"","publisher":{"@id":"https:\/\/www.teatrecondal.cat\/ca\/#organization"},"potentialAction":[{"@type":"SearchAction","target":{"@type":"EntryPoint","urlTemplate":"https:\/\/www.teatrecondal.cat\/ca\/?s={search_term_string}"},"query-input":{"@type":"PropertyValueSpecification","valueRequired":true,"valueName":"search_term_string"}}],"inLanguage":"ca"},{"@type":"Organization","@id":"https:\/\/www.teatrecondal.cat\/ca\/#organization","name":"Teatre Condal","url":"https:\/\/www.teatrecondal.cat\/ca\/","logo":{"@type":"ImageObject","inLanguage":"ca","@id":"https:\/\/www.teatrecondal.cat\/ca\/#\/schema\/logo\/image\/","url":"https:\/\/www.teatrecondal.cat\/wp-content\/uploads\/sites\/3\/2017\/09\/teatre-condal-logo.svg","contentUrl":"https:\/\/www.teatrecondal.cat\/wp-content\/uploads\/sites\/3\/2017\/09\/teatre-condal-logo.svg","width":1,"height":1,"caption":"Teatre Condal"},"image":{"@id":"https:\/\/www.teatrecondal.cat\/ca\/#\/schema\/logo\/image\/"},"sameAs":["http:\/\/www.facebook.com\/TeatreCondal","https:\/\/x.com\/Teatre_Condal","http:\/\/instagram.com\/teatre_condal","http:\/\/www.youtube.com\/user\/TeatreCondal"]}]}},"translations":[{"id":3469,"locale":"ca"},{"id":3871,"locale":"es"}],"_links":{"self":[{"href":"https:\/\/www.teatrecondal.cat\/ca\/wp-json\/wp\/v2\/ex\/3469","targetHints":{"allow":["GET"]}}],"collection":[{"href":"https:\/\/www.teatrecondal.cat\/ca\/wp-json\/wp\/v2\/ex"}],"about":[{"href":"https:\/\/www.teatrecondal.cat\/ca\/wp-json\/wp\/v2\/types\/ex"}],"author":[{"embeddable":true,"href":"https:\/\/www.teatrecondal.cat\/ca\/wp-json\/wp\/v2\/users\/2"}],"replies":[{"embeddable":true,"href":"https:\/\/www.teatrecondal.cat\/ca\/wp-json\/wp\/v2\/comments?post=3469"}],"acf:term":[{"embeddable":true,"taxonomy":"season","href":"https:\/\/www.teatrecondal.cat\/ca\/wp-json\/wp\/v2\/season\/44"}],"wp:attachment":[{"href":"https:\/\/www.teatrecondal.cat\/ca\/wp-json\/wp\/v2\/media?parent=3469"}],"curies":[{"name":"wp","href":"https:\/\/api.w.org\/{rel}","templated":true}]}}

<p align="justify">L’acció es desenvolupa a Saint Tropez, un idílic punt de la Costa Blava, on una peculiar parella regenta un cabaret anomenat <strong>La Jaula de las locas</strong>. Allí es duen a terme tot tipus de números musicals a càrrec de transvestits, transformistes i artistes de tota índole, que fan d’aquest local un dels més concorreguts de la zona. </p>
<p align="justify">Ferdinand porta la gestió del local i el seu company sentimental, Antoine, Za-za en la intimitat, és l’estrella del club. Ambdós mantenen una relació tortuosa, en la qual les convencions socials, la vida en parella i el fill de Ferdinand, criat entre tots dos durant 20 anys, marquen la seva agitada existència. L’embolic comença quan Armand, el fill, els anuncia la seva boda i es veuen obligats a fingir que són una família decorosa i respectable davant dels pares de Josephine, la seva nòvia. El futur consogre es presenta a les eleccions franceses, en representació del conservador partit de De Gaulle.</p>
<p align="justify">Durant la vetllada, es produiran un conjunt inesgotable de situacions equívoques i delirants que acabaran en un inesperat final.<br /></p>
